{"id":17001,"date":"2023-02-18T11:17:43","date_gmt":"2023-02-18T10:17:43","guid":{"rendered":"https:\/\/bauweb.hr\/?post_type=product&#038;p=17001"},"modified":"2023-02-18T11:19:19","modified_gmt":"2023-02-18T10:19:19","slug":"maxikril-ceramic-akrilna-impregnacija-za-upojne-i-neupojne-podloge","status":"publish","type":"product","link":"https:\/\/bauweb.hr\/index.php\/product\/maxikril-ceramic-akrilna-impregnacija-za-upojne-i-neupojne-podloge\/","title":{"rendered":"Maxikril Ceramic akrilna impregnacija za upojne i neupojne podloge"},"content":{"rendered":"<p><span data-sheets-formula-bar-text-style=\"font-size:13px;color:#000000;font-weight:normal;text-decoration:none;font-family:'Arial';font-style:normal;text-decoration-skip-ink:none;\">MAXIKRIL Ceramic je akrilna impregnacija namijenjena za impregnaciju upojnih i neupojnih problemati\u010dnih povr\u0161ina (glazirane plo\u010dice, beton, kamen, teraco, gips plo\u010de, plinobetonski elementi, gipsane, vapnene i cementne strojne \u017ebuke), a prije nano\u0161enja ljepila i masa za izravnavanje. MAXIKRIL Ceramic se lako nanosi, brzo su\u0161i i kvalitetno impregnira podlogu, ima vrlo visoku vodoodbojnost i vezivnost. Premazane povr\u0161ine su ujedna\u010dene, ne upijaju i pobolj\u0161avaju adheziju ljepila. <\/span><\/p>\n<p><span data-sheets-formula-bar-text-style=\"font-size:13px;color:#000000;font-weight:normal;text-decoration:none;font-family:'Arial';font-style:normal;text-decoration-skip-ink:none;\"><strong>KAKO SE UPOTREBLJAVA<br \/>\n<\/strong>Povr\u0161ina mora biti: suha, nosivo sposobna, o\u010di\u0161\u0107ena od pra\u0161ine, masno\u0107a, tro\u0161nih dijelova i starih premaza. Prije upotrebe MAXIKRIL Ceramic razrijediti s vodom u odnosu 1:3, a za jako upojne povr\u0161ine koristiti nerazrije\u0111en proizvod. Nano\u0161enje vr\u0161iti \u010detkom, valjkom ili strojem za \u0161pricanje, u jednom sloju. Vrijeme su\u0161enja, pri optimalnim uvjetima je min. 8 sati. Poslije upotrebe alat odmah oprati vodom. Radna temperatura: Optimalna radna temperatura je od +10\u00b0C do +30\u00b0C. Ne smije se koristiti ispod +5\u00b0C, kao i po jakom suncu, vjetru, magli i ki\u0161i.<\/span><\/p>\n<p><span data-sheets-formula-bar-text-style=\"font-size:13px;color:#000000;font-weight:normal;text-decoration:none;font-family:'Arial';font-style:normal;text-decoration-skip-ink:none;\"> Potro\u0161nja: Od 30-150ml\/m2, ovisno o razrije\u0111enju, hrapavosti i upojnosti podloge.\u00a0<\/span><\/p>\n","protected":false},"excerpt":{"rendered":"<p>MAXIKRIL Ceramic je akrilna impregnacija namijenjena za impregnaciju upojnih i neupojnih problemati\u010dnih povr\u0161ina.<\/p>\n<p><strong>Potvrdili majstori!<\/strong><\/p>\n","protected":false},"featured_media":17003,"comment_status":"open","ping_status":"closed","template":"","meta":[],"product_brand":[153],"product_cat":[102,156],"product_tag":[],"class_list":{"0":"post-17001","1":"product","2":"type-product","3":"status-publish","4":"has-post-thumbnail","6":"product_brand-maxima","7":"product_cat-keramicari","8":"product_cat-priprema-podloge","10":"first","11":"instock","12":"shipping-taxable","13":"purchasable","14":"product-type-variable"},"yoast_head":"<!-- This site is optimized with the Yoast SEO plugin v27.2 - https:\/\/yoast.com\/product\/yoast-seo-wordpress\/ -->\n<title>Maxikril Ceramic akrilna impregnacija za upojne i neupojne podloge - BauWeb<\/title>\n<meta name=\"description\" content=\"Potra\u017eite \u0161iroki izbor alata i materijala za profesionalne gra\u0111evinske radove. Istra\u017ei Bauweb ponudu i kupuj uz odli\u010dne popuste.\" \/>\n<meta name=\"robots\" content=\"index, follow, max-snippet:-1, max-image-preview:large, max-video-preview:-1\" \/>\n<link rel=\"canonical\" href=\"https:\/\/bauweb.hr\/index.php\/product\/maxikril-ceramic-akrilna-impregnacija-za-upojne-i-neupojne-podloge\/\" \/>\n<meta property=\"og:locale\" content=\"hr_HR\" \/>\n<meta property=\"og:type\" content=\"article\" \/>\n<meta property=\"og:title\" content=\"Maxikril Ceramic akrilna impregnacija za upojne i neupojne podloge - BauWeb\" \/>\n<meta property=\"og:description\" content=\"Potra\u017eite \u0161iroki izbor alata i materijala za profesionalne gra\u0111evinske radove. Istra\u017ei Bauweb ponudu i kupuj uz odli\u010dne popuste.\" \/>\n<meta property=\"og:url\" content=\"https:\/\/bauweb.hr\/index.php\/product\/maxikril-ceramic-akrilna-impregnacija-za-upojne-i-neupojne-podloge\/\" \/>\n<meta property=\"og:site_name\" content=\"BauWeb\" \/>\n<meta property=\"article:publisher\" content=\"https:\/\/facebook.com\/bauweb00\" \/>\n<meta property=\"article:modified_time\" content=\"2023-02-18T10:19:19+00:00\" \/>\n<meta property=\"og:image\" content=\"https:\/\/bauweb.hr\/wp-content\/uploads\/2023\/02\/Maxikril-Ceramic-5l.png\" \/>\n\t<meta property=\"og:image:width\" content=\"690\" \/>\n\t<meta property=\"og:image:height\" content=\"690\" \/>\n\t<meta property=\"og:image:type\" content=\"image\/png\" \/>\n<meta name=\"twitter:card\" content=\"summary_large_image\" \/>\n<meta name=\"twitter:label1\" content=\"Procijenjeno vrijeme \u010ditanja\" \/>\n\t<meta name=\"twitter:data1\" content=\"1 minuta\" \/>\n<script type=\"application\/ld+json\" class=\"yoast-schema-graph\">{\"@context\":\"https:\/\/schema.org\",\"@graph\":[{\"@type\":\"WebPage\",\"@id\":\"https:\/\/bauweb.hr\/index.php\/product\/maxikril-ceramic-akrilna-impregnacija-za-upojne-i-neupojne-podloge\/\",\"url\":\"https:\/\/bauweb.hr\/index.php\/product\/maxikril-ceramic-akrilna-impregnacija-za-upojne-i-neupojne-podloge\/\",\"name\":\"Maxikril Ceramic akrilna impregnacija za upojne i neupojne podloge - BauWeb\",\"isPartOf\":{\"@id\":\"https:\/\/bauweb.hr\/#website\"},\"primaryImageOfPage\":{\"@id\":\"https:\/\/bauweb.hr\/index.php\/product\/maxikril-ceramic-akrilna-impregnacija-za-upojne-i-neupojne-podloge\/#primaryimage\"},\"image\":{\"@id\":\"https:\/\/bauweb.hr\/index.php\/product\/maxikril-ceramic-akrilna-impregnacija-za-upojne-i-neupojne-podloge\/#primaryimage\"},\"thumbnailUrl\":\"https:\/\/bauweb.hr\/wp-content\/uploads\/2023\/02\/Maxikril-Ceramic-5l.png\",\"datePublished\":\"2023-02-18T10:17:43+00:00\",\"dateModified\":\"2023-02-18T10:19:19+00:00\",\"description\":\"Potra\u017eite \u0161iroki izbor alata i materijala za profesionalne gra\u0111evinske radove. Istra\u017ei Bauweb ponudu i kupuj uz odli\u010dne popuste.\",\"breadcrumb\":{\"@id\":\"https:\/\/bauweb.hr\/index.php\/product\/maxikril-ceramic-akrilna-impregnacija-za-upojne-i-neupojne-podloge\/#breadcrumb\"},\"inLanguage\":\"hr\",\"potentialAction\":[{\"@type\":\"ReadAction\",\"target\":[\"https:\/\/bauweb.hr\/index.php\/product\/maxikril-ceramic-akrilna-impregnacija-za-upojne-i-neupojne-podloge\/\"]}]},{\"@type\":\"ImageObject\",\"inLanguage\":\"hr\",\"@id\":\"https:\/\/bauweb.hr\/index.php\/product\/maxikril-ceramic-akrilna-impregnacija-za-upojne-i-neupojne-podloge\/#primaryimage\",\"url\":\"https:\/\/bauweb.hr\/wp-content\/uploads\/2023\/02\/Maxikril-Ceramic-5l.png\",\"contentUrl\":\"https:\/\/bauweb.hr\/wp-content\/uploads\/2023\/02\/Maxikril-Ceramic-5l.png\",\"width\":690,\"height\":690},{\"@type\":\"BreadcrumbList\",\"@id\":\"https:\/\/bauweb.hr\/index.php\/product\/maxikril-ceramic-akrilna-impregnacija-za-upojne-i-neupojne-podloge\/#breadcrumb\",\"itemListElement\":[{\"@type\":\"ListItem\",\"position\":1,\"name\":\"Po\u010detna stranica\",\"item\":\"https:\/\/bauweb.hr\/\"},{\"@type\":\"ListItem\",\"position\":2,\"name\":\"Shop\",\"item\":\"https:\/\/bauweb.hr\/index.php\/shop-wooshop-v1\/\"},{\"@type\":\"ListItem\",\"position\":3,\"name\":\"Maxikril Ceramic akrilna impregnacija za upojne i neupojne podloge\"}]},{\"@type\":\"WebSite\",\"@id\":\"https:\/\/bauweb.hr\/#website\",\"url\":\"https:\/\/bauweb.hr\/\",\"name\":\"BauWeb\",\"description\":\"Za prave majstore\",\"publisher\":{\"@id\":\"https:\/\/bauweb.hr\/#organization\"},\"alternateName\":\"BauWeb\",\"potentialAction\":[{\"@type\":\"SearchAction\",\"target\":{\"@type\":\"EntryPoint\",\"urlTemplate\":\"https:\/\/bauweb.hr\/?s={search_term_string}\"},\"query-input\":{\"@type\":\"PropertyValueSpecification\",\"valueRequired\":true,\"valueName\":\"search_term_string\"}}],\"inLanguage\":\"hr\"},{\"@type\":\"Organization\",\"@id\":\"https:\/\/bauweb.hr\/#organization\",\"name\":\"Hobi dom d.o.o.\",\"url\":\"https:\/\/bauweb.hr\/\",\"logo\":{\"@type\":\"ImageObject\",\"inLanguage\":\"hr\",\"@id\":\"https:\/\/bauweb.hr\/#\/schema\/logo\/image\/\",\"url\":\"https:\/\/bauweb.hr\/wp-content\/uploads\/2023\/01\/Bauweb_logo-01.png\",\"contentUrl\":\"https:\/\/bauweb.hr\/wp-content\/uploads\/2023\/01\/Bauweb_logo-01.png\",\"width\":842,\"height\":596,\"caption\":\"Hobi dom d.o.o.\"},\"image\":{\"@id\":\"https:\/\/bauweb.hr\/#\/schema\/logo\/image\/\"},\"sameAs\":[\"https:\/\/facebook.com\/bauweb00\",\"https:\/\/instagram.com\/bauweb_shop\"]}]}<\/script>\n<!-- \/ Yoast SEO plugin. -->","yoast_head_json":{"title":"Maxikril Ceramic akrilna impregnacija za upojne i neupojne podloge - BauWeb","description":"Potra\u017eite \u0161iroki izbor alata i materijala za profesionalne gra\u0111evinske radove. Istra\u017ei Bauweb ponudu i kupuj uz odli\u010dne popuste.","robots":{"index":"index","follow":"follow","max-snippet":"max-snippet:-1","max-image-preview":"max-image-preview:large","max-video-preview":"max-video-preview:-1"},"canonical":"https:\/\/bauweb.hr\/index.php\/product\/maxikril-ceramic-akrilna-impregnacija-za-upojne-i-neupojne-podloge\/","og_locale":"hr_HR","og_type":"article","og_title":"Maxikril Ceramic akrilna impregnacija za upojne i neupojne podloge - BauWeb","og_description":"Potra\u017eite \u0161iroki izbor alata i materijala za profesionalne gra\u0111evinske radove. Istra\u017ei Bauweb ponudu i kupuj uz odli\u010dne popuste.","og_url":"https:\/\/bauweb.hr\/index.php\/product\/maxikril-ceramic-akrilna-impregnacija-za-upojne-i-neupojne-podloge\/","og_site_name":"BauWeb","article_publisher":"https:\/\/facebook.com\/bauweb00","article_modified_time":"2023-02-18T10:19:19+00:00","og_image":[{"width":690,"height":690,"url":"https:\/\/bauweb.hr\/wp-content\/uploads\/2023\/02\/Maxikril-Ceramic-5l.png","type":"image\/png"}],"twitter_card":"summary_large_image","twitter_misc":{"Procijenjeno vrijeme \u010ditanja":"1 minuta"},"schema":{"@context":"https:\/\/schema.org","@graph":[{"@type":"WebPage","@id":"https:\/\/bauweb.hr\/index.php\/product\/maxikril-ceramic-akrilna-impregnacija-za-upojne-i-neupojne-podloge\/","url":"https:\/\/bauweb.hr\/index.php\/product\/maxikril-ceramic-akrilna-impregnacija-za-upojne-i-neupojne-podloge\/","name":"Maxikril Ceramic akrilna impregnacija za upojne i neupojne podloge - BauWeb","isPartOf":{"@id":"https:\/\/bauweb.hr\/#website"},"primaryImageOfPage":{"@id":"https:\/\/bauweb.hr\/index.php\/product\/maxikril-ceramic-akrilna-impregnacija-za-upojne-i-neupojne-podloge\/#primaryimage"},"image":{"@id":"https:\/\/bauweb.hr\/index.php\/product\/maxikril-ceramic-akrilna-impregnacija-za-upojne-i-neupojne-podloge\/#primaryimage"},"thumbnailUrl":"https:\/\/bauweb.hr\/wp-content\/uploads\/2023\/02\/Maxikril-Ceramic-5l.png","datePublished":"2023-02-18T10:17:43+00:00","dateModified":"2023-02-18T10:19:19+00:00","description":"Potra\u017eite \u0161iroki izbor alata i materijala za profesionalne gra\u0111evinske radove. Istra\u017ei Bauweb ponudu i kupuj uz odli\u010dne popuste.","breadcrumb":{"@id":"https:\/\/bauweb.hr\/index.php\/product\/maxikril-ceramic-akrilna-impregnacija-za-upojne-i-neupojne-podloge\/#breadcrumb"},"inLanguage":"hr","potentialAction":[{"@type":"ReadAction","target":["https:\/\/bauweb.hr\/index.php\/product\/maxikril-ceramic-akrilna-impregnacija-za-upojne-i-neupojne-podloge\/"]}]},{"@type":"ImageObject","inLanguage":"hr","@id":"https:\/\/bauweb.hr\/index.php\/product\/maxikril-ceramic-akrilna-impregnacija-za-upojne-i-neupojne-podloge\/#primaryimage","url":"https:\/\/bauweb.hr\/wp-content\/uploads\/2023\/02\/Maxikril-Ceramic-5l.png","contentUrl":"https:\/\/bauweb.hr\/wp-content\/uploads\/2023\/02\/Maxikril-Ceramic-5l.png","width":690,"height":690},{"@type":"BreadcrumbList","@id":"https:\/\/bauweb.hr\/index.php\/product\/maxikril-ceramic-akrilna-impregnacija-za-upojne-i-neupojne-podloge\/#breadcrumb","itemListElement":[{"@type":"ListItem","position":1,"name":"Po\u010detna stranica","item":"https:\/\/bauweb.hr\/"},{"@type":"ListItem","position":2,"name":"Shop","item":"https:\/\/bauweb.hr\/index.php\/shop-wooshop-v1\/"},{"@type":"ListItem","position":3,"name":"Maxikril Ceramic akrilna impregnacija za upojne i neupojne podloge"}]},{"@type":"WebSite","@id":"https:\/\/bauweb.hr\/#website","url":"https:\/\/bauweb.hr\/","name":"BauWeb","description":"Za prave majstore","publisher":{"@id":"https:\/\/bauweb.hr\/#organization"},"alternateName":"BauWeb","potentialAction":[{"@type":"SearchAction","target":{"@type":"EntryPoint","urlTemplate":"https:\/\/bauweb.hr\/?s={search_term_string}"},"query-input":{"@type":"PropertyValueSpecification","valueRequired":true,"valueName":"search_term_string"}}],"inLanguage":"hr"},{"@type":"Organization","@id":"https:\/\/bauweb.hr\/#organization","name":"Hobi dom d.o.o.","url":"https:\/\/bauweb.hr\/","logo":{"@type":"ImageObject","inLanguage":"hr","@id":"https:\/\/bauweb.hr\/#\/schema\/logo\/image\/","url":"https:\/\/bauweb.hr\/wp-content\/uploads\/2023\/01\/Bauweb_logo-01.png","contentUrl":"https:\/\/bauweb.hr\/wp-content\/uploads\/2023\/01\/Bauweb_logo-01.png","width":842,"height":596,"caption":"Hobi dom d.o.o."},"image":{"@id":"https:\/\/bauweb.hr\/#\/schema\/logo\/image\/"},"sameAs":["https:\/\/facebook.com\/bauweb00","https:\/\/instagram.com\/bauweb_shop"]}]}},"_links":{"self":[{"href":"https:\/\/bauweb.hr\/index.php\/wp-json\/wp\/v2\/product\/17001","targetHints":{"allow":["GET"]}}],"collection":[{"href":"https:\/\/bauweb.hr\/index.php\/wp-json\/wp\/v2\/product"}],"about":[{"href":"https:\/\/bauweb.hr\/index.php\/wp-json\/wp\/v2\/types\/product"}],"replies":[{"embeddable":true,"href":"https:\/\/bauweb.hr\/index.php\/wp-json\/wp\/v2\/comments?post=17001"}],"wp:featuredmedia":[{"embeddable":true,"href":"https:\/\/bauweb.hr\/index.php\/wp-json\/wp\/v2\/media\/17003"}],"wp:attachment":[{"href":"https:\/\/bauweb.hr\/index.php\/wp-json\/wp\/v2\/media?parent=17001"}],"wp:term":[{"taxonomy":"product_brand","embeddable":true,"href":"https:\/\/bauweb.hr\/index.php\/wp-json\/wp\/v2\/product_brand?post=17001"},{"taxonomy":"product_cat","embeddable":true,"href":"https:\/\/bauweb.hr\/index.php\/wp-json\/wp\/v2\/product_cat?post=17001"},{"taxonomy":"product_tag","embeddable":true,"href":"https:\/\/bauweb.hr\/index.php\/wp-json\/wp\/v2\/product_tag?post=17001"}],"curies":[{"name":"wp","href":"https:\/\/api.w.org\/{rel}","templated":true}]}}