{"id":17009,"date":"2023-02-18T13:40:20","date_gmt":"2023-02-18T12:40:20","guid":{"rendered":"https:\/\/bauweb.hr\/?post_type=product&#038;p=17009"},"modified":"2024-05-31T13:51:47","modified_gmt":"2024-05-31T11:51:47","slug":"maxima-hidromax-elastic-2k-105kg-elasticni-2k-hidroizolacijski-polimer-cementni-premaz","status":"publish","type":"product","link":"https:\/\/bauweb.hr\/index.php\/product\/maxima-hidromax-elastic-2k-105kg-elasticni-2k-hidroizolacijski-polimer-cementni-premaz\/","title":{"rendered":"MAXIMA HIDROMAX ELASTIC 2K 10+5kg elasti\u010dni 2k hidroizolacijski polimer-cementni premaz"},"content":{"rendered":"<p>Sastoji se od suhe komponente A i teku\u0107e komponente B, \u010dijim se mje\u0161anjem dobiva pastozna masa koja se nanosi \u010detkom ili metalnim gleterom. Posjeduje sposobnost premo\u0161\u0107ivanja pukotina, odli\u010dno prijanja na mineralne povr\u0161ine, mo\u017ee se nanositi i pri ni\u017eim temperaturama i u vla\u017enim uvjetima. Upotrebljava se radi za\u0161tite objekata od pojave kapilarne vlage, prodora vode pod pritiskom kao i kod situacija gdje je potrebno osigurati vodonepropusnost prilikom pozitivnog i ve\u0107eg negativnog hidrostati\u010dkog pritiska vode. Preporu\u010duje se za hidroizolaciju kuhinja, kupaona, ukopanih zidova, suterenskih i podrumskih prostorija, temeljnih traka, bazena za plivanje, terasa i balkona, odnosno svih povr\u0161ina izlo\u017eenih atmosferskim utjecajima i naprezanjima uslijed savijanja.<\/p>\n<p><strong>KAKO SE UPOTREBLJAVA<br \/>\n<\/strong>Povr\u0161ina mora biti: nosivo sposobna, \u010dista i bez slabo vezanih dijelova, pra\u0161ine, vodotopivih soli, masti i ostalih ne\u010disto\u0107a. Betonske povr\u0161ine, cementne ko\u0161uljice i mort moraju biti stari min. 28 dana. Velika udubljenja i o\u0161te\u0107ene elemente prethodno popuniti KERAMOL ljepilom ili reparaturnim mortom. Sadr\u017eaj jedne vre\u0107e (komponenta A) 10kg postepeno dodavati u 5kg teku\u0107eg dijela (komponenta B) uz stalno mje\u0161anje, dok se ne dobije homogena masa pogodna za nano\u0161enje \u010detkom. Ovako pripremljena masa spremna je za ugradnju i mora se utro\u0161iti u roku od 1 sata. Prije nano\u0161enja hidroizolacije, povr\u0161inu treba namo\u010diti. Priremljenu masu nanositi krutom i robusnom \u010detkom, u dva premaza, unakrsnim postupkom. Drugi premaz nanijeti odmah po o\u010dvr\u0161\u0107ivanju prvog sloja ali koji se nije potpuno osu\u0161io. Kod povr\u0161ina koje su izlo\u017eene sna\u017enom utjecaju vode, mogu\u0107a je potreba za 3 ili 4 nanosa. Ukoliko je vrijeme izme\u0111u nano\u0161enja dva sloja vi\u0161e od 24 sata, prethodni sloj lagano ispjeskariti. Min. debljina pojedina\u010dnog sloja je 0.7mm, a maks. 2mm. Uglove, slivnike i prodore cijevi treba izolirati pomo\u0107u izolacijskih traka. Po izoliranoj podlozi mogu\u0107e je hodati nakon 3 dana. Kerami\u010dke plo\u010dice mogu se polagati 3 do 5 dana ovisno o debljini sloja i klimatskim uvjetima.<\/p>\n<p>Potro\u0161nja: \u22481.8kg\/m\u00b2\/mm, ovisno o hrapavosti i upojnosti podloge, tehnici i na\u010dinu nano\u0161enja.<\/p>\n","protected":false},"excerpt":{"rendered":"<p>HIDROMAX Elastic je elasti\u010dna 2k masa izra\u0111ena na osnovi cementa i specijalno odabranih agregata, unaprije\u0111ena vodoodbojnim, vodonepropusnim i alkalno otpornim polimerima, oja\u010dana vlaknima, oplemenjena posebnim aditivima za hidroizolaciju i za\u0161titu betonskih povr\u0161ina.<\/p>\n<p><strong>Potvrdili majstori!<\/strong><\/p>\n","protected":false},"featured_media":17010,"comment_status":"open","ping_status":"closed","template":"","meta":[],"product_brand":[153],"product_cat":[160,161,103,102],"product_tag":[],"class_list":{"0":"post-17009","1":"product","2":"type-product","3":"status-publish","4":"has-post-thumbnail","6":"product_brand-maxima","7":"product_cat-hidroizolacija","8":"product_cat-hidroizolacija-izolateri","9":"product_cat-izolateri","10":"product_cat-keramicari","11":"product_shipping_class-vise-od-15kg","13":"first","14":"outofstock","15":"shipping-taxable","16":"purchasable","17":"product-type-simple"},"yoast_head":"<!-- This site is optimized with the Yoast SEO plugin v27.2 - https:\/\/yoast.com\/product\/yoast-seo-wordpress\/ -->\n<title>MAXIMA HIDROMAX ELASTIC 2K 10+5kg elasti\u010dni 2k hidroizolacijski polimer-cementni premaz - BauWeb<\/title>\n<meta name=\"description\" content=\"HIDROMAX Elastic je elasti\u010dna 2k masa izra\u0111ena na osnovi cementa i specijalno odabranih agregata, unaprije\u0111ena vodoodbojnim, vodonepropusnim i alkalno otpornim polimerima, oja\u010dana vlaknima, oplemenjena posebnim aditivima za hidroizolaciju i za\u0161titu betonskih povr\u0161ina.\" \/>\n<meta name=\"robots\" content=\"index, follow, max-snippet:-1, max-image-preview:large, max-video-preview:-1\" \/>\n<link rel=\"canonical\" href=\"https:\/\/bauweb.hr\/index.php\/product\/maxima-hidromax-elastic-2k-105kg-elasticni-2k-hidroizolacijski-polimer-cementni-premaz\/\" \/>\n<meta property=\"og:locale\" content=\"hr_HR\" \/>\n<meta property=\"og:type\" content=\"article\" \/>\n<meta property=\"og:title\" content=\"MAXIMA HIDROMAX ELASTIC 2K 10+5kg elasti\u010dni 2k hidroizolacijski polimer-cementni premaz - BauWeb\" \/>\n<meta property=\"og:description\" content=\"HIDROMAX Elastic je elasti\u010dna 2k masa izra\u0111ena na osnovi cementa i specijalno odabranih agregata, unaprije\u0111ena vodoodbojnim, vodonepropusnim i alkalno otpornim polimerima, oja\u010dana vlaknima, oplemenjena posebnim aditivima za hidroizolaciju i za\u0161titu betonskih povr\u0161ina.\" \/>\n<meta property=\"og:url\" content=\"https:\/\/bauweb.hr\/index.php\/product\/maxima-hidromax-elastic-2k-105kg-elasticni-2k-hidroizolacijski-polimer-cementni-premaz\/\" \/>\n<meta property=\"og:site_name\" content=\"BauWeb\" \/>\n<meta property=\"article:publisher\" content=\"https:\/\/facebook.com\/bauweb00\" \/>\n<meta property=\"article:modified_time\" content=\"2024-05-31T11:51:47+00:00\" \/>\n<meta property=\"og:image\" content=\"https:\/\/bauweb.hr\/wp-content\/uploads\/2023\/02\/maxima-hidromax-elastic-2k-10-5kg-slika-162625218.jpeg\" \/>\n\t<meta property=\"og:image:width\" content=\"690\" \/>\n\t<meta property=\"og:image:height\" content=\"690\" \/>\n\t<meta property=\"og:image:type\" content=\"image\/jpeg\" \/>\n<meta name=\"twitter:card\" content=\"summary_large_image\" \/>\n<meta name=\"twitter:label1\" content=\"Procijenjeno vrijeme \u010ditanja\" \/>\n\t<meta name=\"twitter:data1\" content=\"2 minute\" \/>\n<script type=\"application\/ld+json\" class=\"yoast-schema-graph\">{\"@context\":\"https:\/\/schema.org\",\"@graph\":[{\"@type\":\"WebPage\",\"@id\":\"https:\/\/bauweb.hr\/index.php\/product\/maxima-hidromax-elastic-2k-105kg-elasticni-2k-hidroizolacijski-polimer-cementni-premaz\/\",\"url\":\"https:\/\/bauweb.hr\/index.php\/product\/maxima-hidromax-elastic-2k-105kg-elasticni-2k-hidroizolacijski-polimer-cementni-premaz\/\",\"name\":\"MAXIMA HIDROMAX ELASTIC 2K 10+5kg elasti\u010dni 2k hidroizolacijski polimer-cementni premaz - BauWeb\",\"isPartOf\":{\"@id\":\"https:\/\/bauweb.hr\/#website\"},\"primaryImageOfPage\":{\"@id\":\"https:\/\/bauweb.hr\/index.php\/product\/maxima-hidromax-elastic-2k-105kg-elasticni-2k-hidroizolacijski-polimer-cementni-premaz\/#primaryimage\"},\"image\":{\"@id\":\"https:\/\/bauweb.hr\/index.php\/product\/maxima-hidromax-elastic-2k-105kg-elasticni-2k-hidroizolacijski-polimer-cementni-premaz\/#primaryimage\"},\"thumbnailUrl\":\"https:\/\/bauweb.hr\/wp-content\/uploads\/2023\/02\/maxima-hidromax-elastic-2k-10-5kg-slika-162625218.jpeg\",\"datePublished\":\"2023-02-18T12:40:20+00:00\",\"dateModified\":\"2024-05-31T11:51:47+00:00\",\"description\":\"HIDROMAX Elastic je elasti\u010dna 2k masa izra\u0111ena na osnovi cementa i specijalno odabranih agregata, unaprije\u0111ena vodoodbojnim, vodonepropusnim i alkalno otpornim polimerima, oja\u010dana vlaknima, oplemenjena posebnim aditivima za hidroizolaciju i za\u0161titu betonskih povr\u0161ina.\",\"breadcrumb\":{\"@id\":\"https:\/\/bauweb.hr\/index.php\/product\/maxima-hidromax-elastic-2k-105kg-elasticni-2k-hidroizolacijski-polimer-cementni-premaz\/#breadcrumb\"},\"inLanguage\":\"hr\",\"potentialAction\":[{\"@type\":\"ReadAction\",\"target\":[\"https:\/\/bauweb.hr\/index.php\/product\/maxima-hidromax-elastic-2k-105kg-elasticni-2k-hidroizolacijski-polimer-cementni-premaz\/\"]}]},{\"@type\":\"ImageObject\",\"inLanguage\":\"hr\",\"@id\":\"https:\/\/bauweb.hr\/index.php\/product\/maxima-hidromax-elastic-2k-105kg-elasticni-2k-hidroizolacijski-polimer-cementni-premaz\/#primaryimage\",\"url\":\"https:\/\/bauweb.hr\/wp-content\/uploads\/2023\/02\/maxima-hidromax-elastic-2k-10-5kg-slika-162625218.jpeg\",\"contentUrl\":\"https:\/\/bauweb.hr\/wp-content\/uploads\/2023\/02\/maxima-hidromax-elastic-2k-10-5kg-slika-162625218.jpeg\",\"width\":690,\"height\":690},{\"@type\":\"BreadcrumbList\",\"@id\":\"https:\/\/bauweb.hr\/index.php\/product\/maxima-hidromax-elastic-2k-105kg-elasticni-2k-hidroizolacijski-polimer-cementni-premaz\/#breadcrumb\",\"itemListElement\":[{\"@type\":\"ListItem\",\"position\":1,\"name\":\"Po\u010detna stranica\",\"item\":\"https:\/\/bauweb.hr\/\"},{\"@type\":\"ListItem\",\"position\":2,\"name\":\"Shop\",\"item\":\"https:\/\/bauweb.hr\/index.php\/shop-wooshop-v1\/\"},{\"@type\":\"ListItem\",\"position\":3,\"name\":\"MAXIMA HIDROMAX ELASTIC 2K 10+5kg elasti\u010dni 2k hidroizolacijski polimer-cementni premaz\"}]},{\"@type\":\"WebSite\",\"@id\":\"https:\/\/bauweb.hr\/#website\",\"url\":\"https:\/\/bauweb.hr\/\",\"name\":\"BauWeb\",\"description\":\"Za prave majstore\",\"publisher\":{\"@id\":\"https:\/\/bauweb.hr\/#organization\"},\"alternateName\":\"BauWeb\",\"potentialAction\":[{\"@type\":\"SearchAction\",\"target\":{\"@type\":\"EntryPoint\",\"urlTemplate\":\"https:\/\/bauweb.hr\/?s={search_term_string}\"},\"query-input\":{\"@type\":\"PropertyValueSpecification\",\"valueRequired\":true,\"valueName\":\"search_term_string\"}}],\"inLanguage\":\"hr\"},{\"@type\":\"Organization\",\"@id\":\"https:\/\/bauweb.hr\/#organization\",\"name\":\"Hobi dom d.o.o.\",\"url\":\"https:\/\/bauweb.hr\/\",\"logo\":{\"@type\":\"ImageObject\",\"inLanguage\":\"hr\",\"@id\":\"https:\/\/bauweb.hr\/#\/schema\/logo\/image\/\",\"url\":\"https:\/\/bauweb.hr\/wp-content\/uploads\/2023\/01\/Bauweb_logo-01.png\",\"contentUrl\":\"https:\/\/bauweb.hr\/wp-content\/uploads\/2023\/01\/Bauweb_logo-01.png\",\"width\":842,\"height\":596,\"caption\":\"Hobi dom d.o.o.\"},\"image\":{\"@id\":\"https:\/\/bauweb.hr\/#\/schema\/logo\/image\/\"},\"sameAs\":[\"https:\/\/facebook.com\/bauweb00\",\"https:\/\/instagram.com\/bauweb_shop\"]}]}<\/script>\n<!-- \/ Yoast SEO plugin. -->","yoast_head_json":{"title":"MAXIMA HIDROMAX ELASTIC 2K 10+5kg elasti\u010dni 2k hidroizolacijski polimer-cementni premaz - BauWeb","description":"HIDROMAX Elastic je elasti\u010dna 2k masa izra\u0111ena na osnovi cementa i specijalno odabranih agregata, unaprije\u0111ena vodoodbojnim, vodonepropusnim i alkalno otpornim polimerima, oja\u010dana vlaknima, oplemenjena posebnim aditivima za hidroizolaciju i za\u0161titu betonskih povr\u0161ina.","robots":{"index":"index","follow":"follow","max-snippet":"max-snippet:-1","max-image-preview":"max-image-preview:large","max-video-preview":"max-video-preview:-1"},"canonical":"https:\/\/bauweb.hr\/index.php\/product\/maxima-hidromax-elastic-2k-105kg-elasticni-2k-hidroizolacijski-polimer-cementni-premaz\/","og_locale":"hr_HR","og_type":"article","og_title":"MAXIMA HIDROMAX ELASTIC 2K 10+5kg elasti\u010dni 2k hidroizolacijski polimer-cementni premaz - BauWeb","og_description":"HIDROMAX Elastic je elasti\u010dna 2k masa izra\u0111ena na osnovi cementa i specijalno odabranih agregata, unaprije\u0111ena vodoodbojnim, vodonepropusnim i alkalno otpornim polimerima, oja\u010dana vlaknima, oplemenjena posebnim aditivima za hidroizolaciju i za\u0161titu betonskih povr\u0161ina.","og_url":"https:\/\/bauweb.hr\/index.php\/product\/maxima-hidromax-elastic-2k-105kg-elasticni-2k-hidroizolacijski-polimer-cementni-premaz\/","og_site_name":"BauWeb","article_publisher":"https:\/\/facebook.com\/bauweb00","article_modified_time":"2024-05-31T11:51:47+00:00","og_image":[{"width":690,"height":690,"url":"https:\/\/bauweb.hr\/wp-content\/uploads\/2023\/02\/maxima-hidromax-elastic-2k-10-5kg-slika-162625218.jpeg","type":"image\/jpeg"}],"twitter_card":"summary_large_image","twitter_misc":{"Procijenjeno vrijeme \u010ditanja":"2 minute"},"schema":{"@context":"https:\/\/schema.org","@graph":[{"@type":"WebPage","@id":"https:\/\/bauweb.hr\/index.php\/product\/maxima-hidromax-elastic-2k-105kg-elasticni-2k-hidroizolacijski-polimer-cementni-premaz\/","url":"https:\/\/bauweb.hr\/index.php\/product\/maxima-hidromax-elastic-2k-105kg-elasticni-2k-hidroizolacijski-polimer-cementni-premaz\/","name":"MAXIMA HIDROMAX ELASTIC 2K 10+5kg elasti\u010dni 2k hidroizolacijski polimer-cementni premaz - BauWeb","isPartOf":{"@id":"https:\/\/bauweb.hr\/#website"},"primaryImageOfPage":{"@id":"https:\/\/bauweb.hr\/index.php\/product\/maxima-hidromax-elastic-2k-105kg-elasticni-2k-hidroizolacijski-polimer-cementni-premaz\/#primaryimage"},"image":{"@id":"https:\/\/bauweb.hr\/index.php\/product\/maxima-hidromax-elastic-2k-105kg-elasticni-2k-hidroizolacijski-polimer-cementni-premaz\/#primaryimage"},"thumbnailUrl":"https:\/\/bauweb.hr\/wp-content\/uploads\/2023\/02\/maxima-hidromax-elastic-2k-10-5kg-slika-162625218.jpeg","datePublished":"2023-02-18T12:40:20+00:00","dateModified":"2024-05-31T11:51:47+00:00","description":"HIDROMAX Elastic je elasti\u010dna 2k masa izra\u0111ena na osnovi cementa i specijalno odabranih agregata, unaprije\u0111ena vodoodbojnim, vodonepropusnim i alkalno otpornim polimerima, oja\u010dana vlaknima, oplemenjena posebnim aditivima za hidroizolaciju i za\u0161titu betonskih povr\u0161ina.","breadcrumb":{"@id":"https:\/\/bauweb.hr\/index.php\/product\/maxima-hidromax-elastic-2k-105kg-elasticni-2k-hidroizolacijski-polimer-cementni-premaz\/#breadcrumb"},"inLanguage":"hr","potentialAction":[{"@type":"ReadAction","target":["https:\/\/bauweb.hr\/index.php\/product\/maxima-hidromax-elastic-2k-105kg-elasticni-2k-hidroizolacijski-polimer-cementni-premaz\/"]}]},{"@type":"ImageObject","inLanguage":"hr","@id":"https:\/\/bauweb.hr\/index.php\/product\/maxima-hidromax-elastic-2k-105kg-elasticni-2k-hidroizolacijski-polimer-cementni-premaz\/#primaryimage","url":"https:\/\/bauweb.hr\/wp-content\/uploads\/2023\/02\/maxima-hidromax-elastic-2k-10-5kg-slika-162625218.jpeg","contentUrl":"https:\/\/bauweb.hr\/wp-content\/uploads\/2023\/02\/maxima-hidromax-elastic-2k-10-5kg-slika-162625218.jpeg","width":690,"height":690},{"@type":"BreadcrumbList","@id":"https:\/\/bauweb.hr\/index.php\/product\/maxima-hidromax-elastic-2k-105kg-elasticni-2k-hidroizolacijski-polimer-cementni-premaz\/#breadcrumb","itemListElement":[{"@type":"ListItem","position":1,"name":"Po\u010detna stranica","item":"https:\/\/bauweb.hr\/"},{"@type":"ListItem","position":2,"name":"Shop","item":"https:\/\/bauweb.hr\/index.php\/shop-wooshop-v1\/"},{"@type":"ListItem","position":3,"name":"MAXIMA HIDROMAX ELASTIC 2K 10+5kg elasti\u010dni 2k hidroizolacijski polimer-cementni premaz"}]},{"@type":"WebSite","@id":"https:\/\/bauweb.hr\/#website","url":"https:\/\/bauweb.hr\/","name":"BauWeb","description":"Za prave majstore","publisher":{"@id":"https:\/\/bauweb.hr\/#organization"},"alternateName":"BauWeb","potentialAction":[{"@type":"SearchAction","target":{"@type":"EntryPoint","urlTemplate":"https:\/\/bauweb.hr\/?s={search_term_string}"},"query-input":{"@type":"PropertyValueSpecification","valueRequired":true,"valueName":"search_term_string"}}],"inLanguage":"hr"},{"@type":"Organization","@id":"https:\/\/bauweb.hr\/#organization","name":"Hobi dom d.o.o.","url":"https:\/\/bauweb.hr\/","logo":{"@type":"ImageObject","inLanguage":"hr","@id":"https:\/\/bauweb.hr\/#\/schema\/logo\/image\/","url":"https:\/\/bauweb.hr\/wp-content\/uploads\/2023\/01\/Bauweb_logo-01.png","contentUrl":"https:\/\/bauweb.hr\/wp-content\/uploads\/2023\/01\/Bauweb_logo-01.png","width":842,"height":596,"caption":"Hobi dom d.o.o."},"image":{"@id":"https:\/\/bauweb.hr\/#\/schema\/logo\/image\/"},"sameAs":["https:\/\/facebook.com\/bauweb00","https:\/\/instagram.com\/bauweb_shop"]}]}},"_links":{"self":[{"href":"https:\/\/bauweb.hr\/index.php\/wp-json\/wp\/v2\/product\/17009","targetHints":{"allow":["GET"]}}],"collection":[{"href":"https:\/\/bauweb.hr\/index.php\/wp-json\/wp\/v2\/product"}],"about":[{"href":"https:\/\/bauweb.hr\/index.php\/wp-json\/wp\/v2\/types\/product"}],"replies":[{"embeddable":true,"href":"https:\/\/bauweb.hr\/index.php\/wp-json\/wp\/v2\/comments?post=17009"}],"wp:featuredmedia":[{"embeddable":true,"href":"https:\/\/bauweb.hr\/index.php\/wp-json\/wp\/v2\/media\/17010"}],"wp:attachment":[{"href":"https:\/\/bauweb.hr\/index.php\/wp-json\/wp\/v2\/media?parent=17009"}],"wp:term":[{"taxonomy":"product_brand","embeddable":true,"href":"https:\/\/bauweb.hr\/index.php\/wp-json\/wp\/v2\/product_brand?post=17009"},{"taxonomy":"product_cat","embeddable":true,"href":"https:\/\/bauweb.hr\/index.php\/wp-json\/wp\/v2\/product_cat?post=17009"},{"taxonomy":"product_tag","embeddable":true,"href":"https:\/\/bauweb.hr\/index.php\/wp-json\/wp\/v2\/product_tag?post=17009"}],"curies":[{"name":"wp","href":"https:\/\/api.w.org\/{rel}","templated":true}]}}