{"id":17023,"date":"2023-02-18T14:11:23","date_gmt":"2023-02-18T13:11:23","guid":{"rendered":"https:\/\/bauweb.hr\/?post_type=product&#038;p=17023"},"modified":"2024-06-05T10:06:01","modified_gmt":"2024-06-05T08:06:01","slug":"maxima-hidromax-liquid-foil-1k-5kg-fleksibilna-1k-disperziona-hidroizolaciona-membrana","status":"publish","type":"product","link":"https:\/\/bauweb.hr\/index.php\/product\/maxima-hidromax-liquid-foil-1k-5kg-fleksibilna-1k-disperziona-hidroizolaciona-membrana\/","title":{"rendered":"MAXIMA HIDROMAX LIQUID FOIL 1K 5kg fleksibilna 1K disperziona hidroizolaciona membrana"},"content":{"rendered":"<p>Premaz formira fleksibilnu, brzosu\u0161ivu vodootpornu membranu. Spreman je za upotrebu i lako se nanosi. Namijenjen je za vanjsku i unutarnju uporabu na horizontalnim i vertikalnim povr\u0161inama poput terasa, balkona i prostorijama koje su izlo\u017eene povremenom utjecaju vode: kuhinje, kupatila, tu\u0161 kabine, javni toaleti i sl. Koristiti se i u sistemima sa podnim grijanjem. Mo\u017ee se nanositi na: beton, cementne estrihe, cementne \u017ebuke, gips-kartonske plo\u010de (samo u interijerima), kerami\u010dke plo\u010dice, teraco, kamen i sl. HIDROMAX Liquid Foil nije zavr\u0161ni sloj i preko njega se mora ugraditi \u010dvrsta za\u0161tita (kerami\u010dke plo\u010dice, kamen, mozaik, beton i sl.). Premaz je ne\u0161kodljiv za \u010dovjeka i okoli\u0161.<\/p>\n<p>Povr\u0161ina mora biti: nosivo sposobna, \u010dista i bez slabo vezanih dijelova, pra\u0161ine, vodorastvornih soli, masti i ostalih ne\u010disto\u0107a. Betonske povr\u0161ine, cementne ko\u0161uljice i \u017ebuka moraju biti stari min. 28 dana. Velika udubljenja i o\u0161te\u0107ene elemente prethodno popuniti KERAMOL ljepilom ili reparaturnom \u017ebukom. Na cementne podloge \u010dija je vla\u017enost ve\u0107a od 3%, na podlogu s kapilarnim upijanjem vlage, na gipsane \u017ebuke kod kojih je sadr\u017eaj vlage ve\u0107i od 1% i na gipsane izravnavanju\u0107e mase kod kojih je sadr\u017eaj vlage ve\u0107i od 0.5%, ne smije se nanositi. Glatke povr\u0161ine poput starih plo\u010dica i terasa, prethodno treba izbrusiti i ukloniti pra\u0161inu. HIDROMAX Liquid Foil se isporu\u010duje pripremljen za upotrebu. Treba ga dobro izmije\u0161ati i ne smije se razrije\u0111ivati. Materijal nanositi \u010dvrstim kistom ili valjkom duge dlake, u dva premaza ukupne debljine od min. 1.0mm i ne ve\u0107eg od 1.5mm. Drugi sloj nanijeti unakrsno u odnosu na prvi nanos i to nakon min. 4 sata od nano\u0161enja prvog premaza, odnosno kad se prvi sloj osu\u0161i, potamni i dobije matiranu povr\u0161inu. Uglove, slivnike i prodore cijevi treba izolirati pomo\u0107u HIDROMAX izolacijskih traka, koje se utiskuju u prvi sloj i premazuju drugim. Daljnja obrada tretirane povr\u0161ine, odnosno ugradnja \u010dvrste obloge (kerami\u010dke plo\u010dice, kamen, mozaik, beton i sl.) Mogu\u0107a je nakon min. 6 sati od nano\u0161enja drugog sloja.<\/p>\n<p>Potro\u0161nja: 1.0-1.3kg\/m\u00b2 u dva sloja, ovisno o hrapavosti i upojnosti podloge, tehnike i na\u010dina nano\u0161enja.<\/p>\n","protected":false},"excerpt":{"rendered":"<p>HIDROMAX Liquid Foil je 1k hidroizolacijski premaz, na osnovi disperzije specijalnih polimernih veziva, bri\u017eljivo odabranih aditiva koji unapre\u0111uju vodoodbojnost i vodootpornost i posebno selektiranih agregatnih punila.<\/p>\n<p><strong>Potvrdili majstori!<\/strong><\/p>\n","protected":false},"featured_media":17024,"comment_status":"open","ping_status":"closed","template":"","meta":[],"product_brand":[153],"product_cat":[160,161,103,102],"product_tag":[],"class_list":{"0":"post-17023","1":"product","2":"type-product","3":"status-publish","4":"has-post-thumbnail","6":"product_brand-maxima","7":"product_cat-hidroizolacija","8":"product_cat-hidroizolacija-izolateri","9":"product_cat-izolateri","10":"product_cat-keramicari","12":"first","13":"instock","14":"shipping-taxable","15":"purchasable","16":"product-type-simple"},"yoast_head":"<!-- This site is optimized with the Yoast SEO plugin v27.2 - https:\/\/yoast.com\/product\/yoast-seo-wordpress\/ -->\n<title>MAXIMA HIDROMAX LIQUID FOIL 1K 5kg fleksibilna 1K disperziona hidroizolaciona membrana - BauWeb<\/title>\n<meta name=\"description\" content=\"HIDROMAX Liquid Foil je 1k hidroizolacijski premaz, na osnovi disperzije specijalnih polimernih veziva, bri\u017eljivo odabranih aditiva koji unapre\u0111uju vodoodbojnost i vodootpornost i posebno selektiranih agregatnih punila.\u00a0\" \/>\n<meta name=\"robots\" content=\"index, follow, max-snippet:-1, max-image-preview:large, max-video-preview:-1\" \/>\n<link rel=\"canonical\" href=\"https:\/\/bauweb.hr\/index.php\/product\/maxima-hidromax-liquid-foil-1k-5kg-fleksibilna-1k-disperziona-hidroizolaciona-membrana\/\" \/>\n<meta property=\"og:locale\" content=\"hr_HR\" \/>\n<meta property=\"og:type\" content=\"article\" \/>\n<meta property=\"og:title\" content=\"MAXIMA HIDROMAX LIQUID FOIL 1K 5kg fleksibilna 1K disperziona hidroizolaciona membrana - BauWeb\" \/>\n<meta property=\"og:description\" content=\"HIDROMAX Liquid Foil je 1k hidroizolacijski premaz, na osnovi disperzije specijalnih polimernih veziva, bri\u017eljivo odabranih aditiva koji unapre\u0111uju vodoodbojnost i vodootpornost i posebno selektiranih agregatnih punila.\u00a0\" \/>\n<meta property=\"og:url\" content=\"https:\/\/bauweb.hr\/index.php\/product\/maxima-hidromax-liquid-foil-1k-5kg-fleksibilna-1k-disperziona-hidroizolaciona-membrana\/\" \/>\n<meta property=\"og:site_name\" content=\"BauWeb\" \/>\n<meta property=\"article:publisher\" content=\"https:\/\/facebook.com\/bauweb00\" \/>\n<meta property=\"article:modified_time\" content=\"2024-06-05T08:06:01+00:00\" \/>\n<meta property=\"og:image\" content=\"https:\/\/bauweb.hr\/wp-content\/uploads\/2023\/02\/maxima-hidromax-liquid-foil-1k-5kg-slika-184319080.jpeg\" \/>\n\t<meta property=\"og:image:width\" content=\"690\" \/>\n\t<meta property=\"og:image:height\" content=\"690\" \/>\n\t<meta property=\"og:image:type\" content=\"image\/jpeg\" \/>\n<meta name=\"twitter:card\" content=\"summary_large_image\" \/>\n<meta name=\"twitter:label1\" content=\"Procijenjeno vrijeme \u010ditanja\" \/>\n\t<meta name=\"twitter:data1\" content=\"2 minute\" \/>\n<script type=\"application\/ld+json\" class=\"yoast-schema-graph\">{\"@context\":\"https:\/\/schema.org\",\"@graph\":[{\"@type\":\"WebPage\",\"@id\":\"https:\/\/bauweb.hr\/index.php\/product\/maxima-hidromax-liquid-foil-1k-5kg-fleksibilna-1k-disperziona-hidroizolaciona-membrana\/\",\"url\":\"https:\/\/bauweb.hr\/index.php\/product\/maxima-hidromax-liquid-foil-1k-5kg-fleksibilna-1k-disperziona-hidroizolaciona-membrana\/\",\"name\":\"MAXIMA HIDROMAX LIQUID FOIL 1K 5kg fleksibilna 1K disperziona hidroizolaciona membrana - BauWeb\",\"isPartOf\":{\"@id\":\"https:\/\/bauweb.hr\/#website\"},\"primaryImageOfPage\":{\"@id\":\"https:\/\/bauweb.hr\/index.php\/product\/maxima-hidromax-liquid-foil-1k-5kg-fleksibilna-1k-disperziona-hidroizolaciona-membrana\/#primaryimage\"},\"image\":{\"@id\":\"https:\/\/bauweb.hr\/index.php\/product\/maxima-hidromax-liquid-foil-1k-5kg-fleksibilna-1k-disperziona-hidroizolaciona-membrana\/#primaryimage\"},\"thumbnailUrl\":\"https:\/\/bauweb.hr\/wp-content\/uploads\/2023\/02\/maxima-hidromax-liquid-foil-1k-5kg-slika-184319080.jpeg\",\"datePublished\":\"2023-02-18T13:11:23+00:00\",\"dateModified\":\"2024-06-05T08:06:01+00:00\",\"description\":\"HIDROMAX Liquid Foil je 1k hidroizolacijski premaz, na osnovi disperzije specijalnih polimernih veziva, bri\u017eljivo odabranih aditiva koji unapre\u0111uju vodoodbojnost i vodootpornost i posebno selektiranih agregatnih punila.\u00a0\",\"breadcrumb\":{\"@id\":\"https:\/\/bauweb.hr\/index.php\/product\/maxima-hidromax-liquid-foil-1k-5kg-fleksibilna-1k-disperziona-hidroizolaciona-membrana\/#breadcrumb\"},\"inLanguage\":\"hr\",\"potentialAction\":[{\"@type\":\"ReadAction\",\"target\":[\"https:\/\/bauweb.hr\/index.php\/product\/maxima-hidromax-liquid-foil-1k-5kg-fleksibilna-1k-disperziona-hidroizolaciona-membrana\/\"]}]},{\"@type\":\"ImageObject\",\"inLanguage\":\"hr\",\"@id\":\"https:\/\/bauweb.hr\/index.php\/product\/maxima-hidromax-liquid-foil-1k-5kg-fleksibilna-1k-disperziona-hidroizolaciona-membrana\/#primaryimage\",\"url\":\"https:\/\/bauweb.hr\/wp-content\/uploads\/2023\/02\/maxima-hidromax-liquid-foil-1k-5kg-slika-184319080.jpeg\",\"contentUrl\":\"https:\/\/bauweb.hr\/wp-content\/uploads\/2023\/02\/maxima-hidromax-liquid-foil-1k-5kg-slika-184319080.jpeg\",\"width\":690,\"height\":690},{\"@type\":\"BreadcrumbList\",\"@id\":\"https:\/\/bauweb.hr\/index.php\/product\/maxima-hidromax-liquid-foil-1k-5kg-fleksibilna-1k-disperziona-hidroizolaciona-membrana\/#breadcrumb\",\"itemListElement\":[{\"@type\":\"ListItem\",\"position\":1,\"name\":\"Po\u010detna stranica\",\"item\":\"https:\/\/bauweb.hr\/\"},{\"@type\":\"ListItem\",\"position\":2,\"name\":\"Shop\",\"item\":\"https:\/\/bauweb.hr\/index.php\/shop-wooshop-v1\/\"},{\"@type\":\"ListItem\",\"position\":3,\"name\":\"MAXIMA HIDROMAX LIQUID FOIL 1K 5kg fleksibilna 1K disperziona hidroizolaciona membrana\"}]},{\"@type\":\"WebSite\",\"@id\":\"https:\/\/bauweb.hr\/#website\",\"url\":\"https:\/\/bauweb.hr\/\",\"name\":\"BauWeb\",\"description\":\"Za prave majstore\",\"publisher\":{\"@id\":\"https:\/\/bauweb.hr\/#organization\"},\"alternateName\":\"BauWeb\",\"potentialAction\":[{\"@type\":\"SearchAction\",\"target\":{\"@type\":\"EntryPoint\",\"urlTemplate\":\"https:\/\/bauweb.hr\/?s={search_term_string}\"},\"query-input\":{\"@type\":\"PropertyValueSpecification\",\"valueRequired\":true,\"valueName\":\"search_term_string\"}}],\"inLanguage\":\"hr\"},{\"@type\":\"Organization\",\"@id\":\"https:\/\/bauweb.hr\/#organization\",\"name\":\"Hobi dom d.o.o.\",\"url\":\"https:\/\/bauweb.hr\/\",\"logo\":{\"@type\":\"ImageObject\",\"inLanguage\":\"hr\",\"@id\":\"https:\/\/bauweb.hr\/#\/schema\/logo\/image\/\",\"url\":\"https:\/\/bauweb.hr\/wp-content\/uploads\/2023\/01\/Bauweb_logo-01.png\",\"contentUrl\":\"https:\/\/bauweb.hr\/wp-content\/uploads\/2023\/01\/Bauweb_logo-01.png\",\"width\":842,\"height\":596,\"caption\":\"Hobi dom d.o.o.\"},\"image\":{\"@id\":\"https:\/\/bauweb.hr\/#\/schema\/logo\/image\/\"},\"sameAs\":[\"https:\/\/facebook.com\/bauweb00\",\"https:\/\/instagram.com\/bauweb_shop\"]}]}<\/script>\n<!-- \/ Yoast SEO plugin. -->","yoast_head_json":{"title":"MAXIMA HIDROMAX LIQUID FOIL 1K 5kg fleksibilna 1K disperziona hidroizolaciona membrana - BauWeb","description":"HIDROMAX Liquid Foil je 1k hidroizolacijski premaz, na osnovi disperzije specijalnih polimernih veziva, bri\u017eljivo odabranih aditiva koji unapre\u0111uju vodoodbojnost i vodootpornost i posebno selektiranih agregatnih punila.\u00a0","robots":{"index":"index","follow":"follow","max-snippet":"max-snippet:-1","max-image-preview":"max-image-preview:large","max-video-preview":"max-video-preview:-1"},"canonical":"https:\/\/bauweb.hr\/index.php\/product\/maxima-hidromax-liquid-foil-1k-5kg-fleksibilna-1k-disperziona-hidroizolaciona-membrana\/","og_locale":"hr_HR","og_type":"article","og_title":"MAXIMA HIDROMAX LIQUID FOIL 1K 5kg fleksibilna 1K disperziona hidroizolaciona membrana - BauWeb","og_description":"HIDROMAX Liquid Foil je 1k hidroizolacijski premaz, na osnovi disperzije specijalnih polimernih veziva, bri\u017eljivo odabranih aditiva koji unapre\u0111uju vodoodbojnost i vodootpornost i posebno selektiranih agregatnih punila.\u00a0","og_url":"https:\/\/bauweb.hr\/index.php\/product\/maxima-hidromax-liquid-foil-1k-5kg-fleksibilna-1k-disperziona-hidroizolaciona-membrana\/","og_site_name":"BauWeb","article_publisher":"https:\/\/facebook.com\/bauweb00","article_modified_time":"2024-06-05T08:06:01+00:00","og_image":[{"width":690,"height":690,"url":"https:\/\/bauweb.hr\/wp-content\/uploads\/2023\/02\/maxima-hidromax-liquid-foil-1k-5kg-slika-184319080.jpeg","type":"image\/jpeg"}],"twitter_card":"summary_large_image","twitter_misc":{"Procijenjeno vrijeme \u010ditanja":"2 minute"},"schema":{"@context":"https:\/\/schema.org","@graph":[{"@type":"WebPage","@id":"https:\/\/bauweb.hr\/index.php\/product\/maxima-hidromax-liquid-foil-1k-5kg-fleksibilna-1k-disperziona-hidroizolaciona-membrana\/","url":"https:\/\/bauweb.hr\/index.php\/product\/maxima-hidromax-liquid-foil-1k-5kg-fleksibilna-1k-disperziona-hidroizolaciona-membrana\/","name":"MAXIMA HIDROMAX LIQUID FOIL 1K 5kg fleksibilna 1K disperziona hidroizolaciona membrana - BauWeb","isPartOf":{"@id":"https:\/\/bauweb.hr\/#website"},"primaryImageOfPage":{"@id":"https:\/\/bauweb.hr\/index.php\/product\/maxima-hidromax-liquid-foil-1k-5kg-fleksibilna-1k-disperziona-hidroizolaciona-membrana\/#primaryimage"},"image":{"@id":"https:\/\/bauweb.hr\/index.php\/product\/maxima-hidromax-liquid-foil-1k-5kg-fleksibilna-1k-disperziona-hidroizolaciona-membrana\/#primaryimage"},"thumbnailUrl":"https:\/\/bauweb.hr\/wp-content\/uploads\/2023\/02\/maxima-hidromax-liquid-foil-1k-5kg-slika-184319080.jpeg","datePublished":"2023-02-18T13:11:23+00:00","dateModified":"2024-06-05T08:06:01+00:00","description":"HIDROMAX Liquid Foil je 1k hidroizolacijski premaz, na osnovi disperzije specijalnih polimernih veziva, bri\u017eljivo odabranih aditiva koji unapre\u0111uju vodoodbojnost i vodootpornost i posebno selektiranih agregatnih punila.\u00a0","breadcrumb":{"@id":"https:\/\/bauweb.hr\/index.php\/product\/maxima-hidromax-liquid-foil-1k-5kg-fleksibilna-1k-disperziona-hidroizolaciona-membrana\/#breadcrumb"},"inLanguage":"hr","potentialAction":[{"@type":"ReadAction","target":["https:\/\/bauweb.hr\/index.php\/product\/maxima-hidromax-liquid-foil-1k-5kg-fleksibilna-1k-disperziona-hidroizolaciona-membrana\/"]}]},{"@type":"ImageObject","inLanguage":"hr","@id":"https:\/\/bauweb.hr\/index.php\/product\/maxima-hidromax-liquid-foil-1k-5kg-fleksibilna-1k-disperziona-hidroizolaciona-membrana\/#primaryimage","url":"https:\/\/bauweb.hr\/wp-content\/uploads\/2023\/02\/maxima-hidromax-liquid-foil-1k-5kg-slika-184319080.jpeg","contentUrl":"https:\/\/bauweb.hr\/wp-content\/uploads\/2023\/02\/maxima-hidromax-liquid-foil-1k-5kg-slika-184319080.jpeg","width":690,"height":690},{"@type":"BreadcrumbList","@id":"https:\/\/bauweb.hr\/index.php\/product\/maxima-hidromax-liquid-foil-1k-5kg-fleksibilna-1k-disperziona-hidroizolaciona-membrana\/#breadcrumb","itemListElement":[{"@type":"ListItem","position":1,"name":"Po\u010detna stranica","item":"https:\/\/bauweb.hr\/"},{"@type":"ListItem","position":2,"name":"Shop","item":"https:\/\/bauweb.hr\/index.php\/shop-wooshop-v1\/"},{"@type":"ListItem","position":3,"name":"MAXIMA HIDROMAX LIQUID FOIL 1K 5kg fleksibilna 1K disperziona hidroizolaciona membrana"}]},{"@type":"WebSite","@id":"https:\/\/bauweb.hr\/#website","url":"https:\/\/bauweb.hr\/","name":"BauWeb","description":"Za prave majstore","publisher":{"@id":"https:\/\/bauweb.hr\/#organization"},"alternateName":"BauWeb","potentialAction":[{"@type":"SearchAction","target":{"@type":"EntryPoint","urlTemplate":"https:\/\/bauweb.hr\/?s={search_term_string}"},"query-input":{"@type":"PropertyValueSpecification","valueRequired":true,"valueName":"search_term_string"}}],"inLanguage":"hr"},{"@type":"Organization","@id":"https:\/\/bauweb.hr\/#organization","name":"Hobi dom d.o.o.","url":"https:\/\/bauweb.hr\/","logo":{"@type":"ImageObject","inLanguage":"hr","@id":"https:\/\/bauweb.hr\/#\/schema\/logo\/image\/","url":"https:\/\/bauweb.hr\/wp-content\/uploads\/2023\/01\/Bauweb_logo-01.png","contentUrl":"https:\/\/bauweb.hr\/wp-content\/uploads\/2023\/01\/Bauweb_logo-01.png","width":842,"height":596,"caption":"Hobi dom d.o.o."},"image":{"@id":"https:\/\/bauweb.hr\/#\/schema\/logo\/image\/"},"sameAs":["https:\/\/facebook.com\/bauweb00","https:\/\/instagram.com\/bauweb_shop"]}]}},"_links":{"self":[{"href":"https:\/\/bauweb.hr\/index.php\/wp-json\/wp\/v2\/product\/17023","targetHints":{"allow":["GET"]}}],"collection":[{"href":"https:\/\/bauweb.hr\/index.php\/wp-json\/wp\/v2\/product"}],"about":[{"href":"https:\/\/bauweb.hr\/index.php\/wp-json\/wp\/v2\/types\/product"}],"replies":[{"embeddable":true,"href":"https:\/\/bauweb.hr\/index.php\/wp-json\/wp\/v2\/comments?post=17023"}],"wp:featuredmedia":[{"embeddable":true,"href":"https:\/\/bauweb.hr\/index.php\/wp-json\/wp\/v2\/media\/17024"}],"wp:attachment":[{"href":"https:\/\/bauweb.hr\/index.php\/wp-json\/wp\/v2\/media?parent=17023"}],"wp:term":[{"taxonomy":"product_brand","embeddable":true,"href":"https:\/\/bauweb.hr\/index.php\/wp-json\/wp\/v2\/product_brand?post=17023"},{"taxonomy":"product_cat","embeddable":true,"href":"https:\/\/bauweb.hr\/index.php\/wp-json\/wp\/v2\/product_cat?post=17023"},{"taxonomy":"product_tag","embeddable":true,"href":"https:\/\/bauweb.hr\/index.php\/wp-json\/wp\/v2\/product_tag?post=17023"}],"curies":[{"name":"wp","href":"https:\/\/api.w.org\/{rel}","templated":true}]}}