{"id":18169,"date":"2023-04-17T20:22:34","date_gmt":"2023-04-17T18:22:34","guid":{"rendered":"https:\/\/bauweb.hr\/?post_type=product&#038;p=18169"},"modified":"2025-01-24T11:29:43","modified_gmt":"2025-01-24T10:29:43","slug":"wagner-h-w950-flexio-rasprsivac-boja","status":"publish","type":"product","link":"https:\/\/bauweb.hr\/index.php\/product\/wagner-h-w950-flexio-rasprsivac-boja\/","title":{"rendered":"Wagner H W950 Flexio raspr\u0161iva\u010d boja"},"content":{"rendered":"<p>Izvla\u010di boju ravno iz posude s bojom kroz crijevo do vrha koplja odakle savr\u0161eno prekriva zid. \u010cini nano\u0161enje boje lak\u0161im i br\u017eim nego ikad prije.Wagner W950 omogu\u0107uje brzo i jednostavno bojanje zidova, stropova i elemenata od drva i metala. Nizak radni tlak omogu\u0107uje smanjenje kontaminacije tijekom rada.<\/p>\n<p>&#8211; Za disperzijske i lateks boje za unutarnju upotrebu. Kada se koristi s isporu\u010denim standardnim nastavkom za raspr\u0161ivanje tako\u0111er je prikladan -za emajle na bazi vode i otapala, lakove, za\u0161titne proizvode za bojenje drva, ulja i mnoge druge materijale<br \/>\n&#8211; Za srednje i jako velike projekte<br \/>\n&#8211; Ujedna\u010dena pokrivenost sa svim konvencionalnim materijalima, uklju\u010duju\u0107i nerazrije\u0111ene materijale, u jednom sloju<br \/>\n&#8211; Odvojivi pi\u0161tolj za brzu promjenu nastavka za prskanje i jednostavno \u010di\u0161\u0107enje<br \/>\n&#8211; Podesivi mlaz boje mo\u017ee se savr\u0161eno prilagoditi objektu koji se boji<br \/>\n&#8211; Kontinuirana regulacija koli\u010dine materijala za precizno lakiranje<br \/>\n&#8211; Patentirana I-SPRAY mlaznica za ekstra fino raspr\u0161ivanje i visoku toleranciju viskoznosti \u010dak i kada se koriste materijali visoke viskoznosti<br \/>\n&#8211; X-BOOST turbina za dodatnu snagu i veliku radnu brzinu<br \/>\n&#8211; Rad bez umora na visokim zidovima i stropovima, s velikim radijusom djelovanja zahvaljuju\u0107i prakti\u010dnoj cijevi za prskanje<br \/>\n&#8211; Izravno usisavanje iz limenke za boju &#8211; nema vi\u0161e dekantiranja i ponovnog punjenja<br \/>\n&#8211; Funkcija samo\u010di\u0161\u0107enja &#8211; pumpna jedinica i crijevo sami se o\u010diste u samo nekoliko minuta<br \/>\n&#8211; Povi\u0161ena upravlja\u010dka plo\u010da za dodatnu udobnost<\/p>\n<p>Dolazi sa:<br \/>\n&#8211; glava PS800 (kapacitet 800 ml)<\/p>\n<p>Prikladni materijali : Boje za zidove i stropove te za drvo i metal<br \/>\nPokrivenost povr\u0161ine : 15 m\u00b2 za 5 min<br \/>\nZna\u010dajke proizvoda : Priklju\u010dak za drvo i metal, funkcija samo\u010di\u0161\u0107enja, nosa\u010d posude za boju<br \/>\nBrzina protoka boje : kontinuirano podesiv, 0-525 ml\/min.<br \/>\nPotro\u0161nja energije : 630 W<br \/>\nMaks. viskoznost : Mo\u017ee se nositi sa svim konvencionalnim materijalima (bez razrje\u0111ivanja na glatkim povr\u0161inama i za posebno visoku viskoznost, gusti materijali stanji se za 10%)<br \/>\nKapacitet spremnika : 800 ml<br \/>\nDuljina crijeva : 3,5 m<\/p>\n","protected":false},"excerpt":{"rendered":"<p>Univerzalni flexio raspr\u0161iva\u010d boje W 950 \u010dini va\u0161 rad jo\u0161 lak\u0161im: njegova mlaznica od 70 cm omogu\u0107uje jednostavno premazivanje visokih stropova i zidova te velikih povr\u0161ina.<\/p>\n<p>Potvrdili majstori!<\/p>\n","protected":false},"featured_media":18170,"comment_status":"open","ping_status":"closed","template":"","meta":[],"product_brand":[325],"product_cat":[110,130,104],"product_tag":[],"class_list":{"0":"post-18169","1":"product","2":"type-product","3":"status-publish","4":"has-post-thumbnail","6":"product_brand-wagner","7":"product_cat-alati-pribor","8":"product_cat-alati-i-pribor-soboslikari","9":"product_cat-soboslikari","11":"first","12":"instock","13":"shipping-taxable","14":"purchasable","15":"product-type-simple"},"yoast_head":"<!-- This site is optimized with the Yoast SEO plugin v27.2 - https:\/\/yoast.com\/product\/yoast-seo-wordpress\/ -->\n<title>Wagner H W950 Flexio raspr\u0161iva\u010d boja - BauWeb<\/title>\n<meta name=\"description\" content=\"Potra\u017eite \u0161iroki izbor alata i materijala za profesionalne gra\u0111evinske radove. Istra\u017ei Bauweb ponudu i kupuj uz odli\u010dne popuste.\" \/>\n<meta name=\"robots\" content=\"index, follow, max-snippet:-1, max-image-preview:large, max-video-preview:-1\" \/>\n<link rel=\"canonical\" href=\"https:\/\/bauweb.hr\/index.php\/product\/wagner-h-w950-flexio-rasprsivac-boja\/\" \/>\n<meta property=\"og:locale\" content=\"hr_HR\" \/>\n<meta property=\"og:type\" content=\"article\" \/>\n<meta property=\"og:title\" content=\"Wagner H W950 Flexio raspr\u0161iva\u010d boja - BauWeb\" \/>\n<meta property=\"og:description\" content=\"Potra\u017eite \u0161iroki izbor alata i materijala za profesionalne gra\u0111evinske radove. Istra\u017ei Bauweb ponudu i kupuj uz odli\u010dne popuste.\" \/>\n<meta property=\"og:url\" content=\"https:\/\/bauweb.hr\/index.php\/product\/wagner-h-w950-flexio-rasprsivac-boja\/\" \/>\n<meta property=\"og:site_name\" content=\"BauWeb\" \/>\n<meta property=\"article:publisher\" content=\"https:\/\/facebook.com\/bauweb00\" \/>\n<meta property=\"article:modified_time\" content=\"2025-01-24T10:29:43+00:00\" \/>\n<meta property=\"og:image\" content=\"https:\/\/bauweb.hr\/wp-content\/uploads\/2023\/04\/wagner-h-w950-flexio-rasprsivac-boja-slika-191771392.jpeg\" \/>\n\t<meta property=\"og:image:width\" content=\"690\" \/>\n\t<meta property=\"og:image:height\" content=\"690\" \/>\n\t<meta property=\"og:image:type\" content=\"image\/jpeg\" \/>\n<meta name=\"twitter:card\" content=\"summary_large_image\" \/>\n<meta name=\"twitter:label1\" content=\"Procijenjeno vrijeme \u010ditanja\" \/>\n\t<meta name=\"twitter:data1\" content=\"2 minute\" \/>\n<script type=\"application\/ld+json\" class=\"yoast-schema-graph\">{\"@context\":\"https:\/\/schema.org\",\"@graph\":[{\"@type\":\"WebPage\",\"@id\":\"https:\/\/bauweb.hr\/index.php\/product\/wagner-h-w950-flexio-rasprsivac-boja\/\",\"url\":\"https:\/\/bauweb.hr\/index.php\/product\/wagner-h-w950-flexio-rasprsivac-boja\/\",\"name\":\"Wagner H W950 Flexio raspr\u0161iva\u010d boja - BauWeb\",\"isPartOf\":{\"@id\":\"https:\/\/bauweb.hr\/#website\"},\"primaryImageOfPage\":{\"@id\":\"https:\/\/bauweb.hr\/index.php\/product\/wagner-h-w950-flexio-rasprsivac-boja\/#primaryimage\"},\"image\":{\"@id\":\"https:\/\/bauweb.hr\/index.php\/product\/wagner-h-w950-flexio-rasprsivac-boja\/#primaryimage\"},\"thumbnailUrl\":\"https:\/\/bauweb.hr\/wp-content\/uploads\/2023\/04\/wagner-h-w950-flexio-rasprsivac-boja-slika-191771392.jpeg\",\"datePublished\":\"2023-04-17T18:22:34+00:00\",\"dateModified\":\"2025-01-24T10:29:43+00:00\",\"description\":\"Potra\u017eite \u0161iroki izbor alata i materijala za profesionalne gra\u0111evinske radove. Istra\u017ei Bauweb ponudu i kupuj uz odli\u010dne popuste.\",\"breadcrumb\":{\"@id\":\"https:\/\/bauweb.hr\/index.php\/product\/wagner-h-w950-flexio-rasprsivac-boja\/#breadcrumb\"},\"inLanguage\":\"hr\",\"potentialAction\":[{\"@type\":\"ReadAction\",\"target\":[\"https:\/\/bauweb.hr\/index.php\/product\/wagner-h-w950-flexio-rasprsivac-boja\/\"]}]},{\"@type\":\"ImageObject\",\"inLanguage\":\"hr\",\"@id\":\"https:\/\/bauweb.hr\/index.php\/product\/wagner-h-w950-flexio-rasprsivac-boja\/#primaryimage\",\"url\":\"https:\/\/bauweb.hr\/wp-content\/uploads\/2023\/04\/wagner-h-w950-flexio-rasprsivac-boja-slika-191771392.jpeg\",\"contentUrl\":\"https:\/\/bauweb.hr\/wp-content\/uploads\/2023\/04\/wagner-h-w950-flexio-rasprsivac-boja-slika-191771392.jpeg\",\"width\":690,\"height\":690},{\"@type\":\"BreadcrumbList\",\"@id\":\"https:\/\/bauweb.hr\/index.php\/product\/wagner-h-w950-flexio-rasprsivac-boja\/#breadcrumb\",\"itemListElement\":[{\"@type\":\"ListItem\",\"position\":1,\"name\":\"Po\u010detna stranica\",\"item\":\"https:\/\/bauweb.hr\/\"},{\"@type\":\"ListItem\",\"position\":2,\"name\":\"Shop\",\"item\":\"https:\/\/bauweb.hr\/index.php\/shop-wooshop-v1\/\"},{\"@type\":\"ListItem\",\"position\":3,\"name\":\"Wagner H W950 Flexio raspr\u0161iva\u010d boja\"}]},{\"@type\":\"WebSite\",\"@id\":\"https:\/\/bauweb.hr\/#website\",\"url\":\"https:\/\/bauweb.hr\/\",\"name\":\"BauWeb\",\"description\":\"Za prave majstore\",\"publisher\":{\"@id\":\"https:\/\/bauweb.hr\/#organization\"},\"alternateName\":\"BauWeb\",\"potentialAction\":[{\"@type\":\"SearchAction\",\"target\":{\"@type\":\"EntryPoint\",\"urlTemplate\":\"https:\/\/bauweb.hr\/?s={search_term_string}\"},\"query-input\":{\"@type\":\"PropertyValueSpecification\",\"valueRequired\":true,\"valueName\":\"search_term_string\"}}],\"inLanguage\":\"hr\"},{\"@type\":\"Organization\",\"@id\":\"https:\/\/bauweb.hr\/#organization\",\"name\":\"Hobi dom d.o.o.\",\"url\":\"https:\/\/bauweb.hr\/\",\"logo\":{\"@type\":\"ImageObject\",\"inLanguage\":\"hr\",\"@id\":\"https:\/\/bauweb.hr\/#\/schema\/logo\/image\/\",\"url\":\"https:\/\/bauweb.hr\/wp-content\/uploads\/2023\/01\/Bauweb_logo-01.png\",\"contentUrl\":\"https:\/\/bauweb.hr\/wp-content\/uploads\/2023\/01\/Bauweb_logo-01.png\",\"width\":842,\"height\":596,\"caption\":\"Hobi dom d.o.o.\"},\"image\":{\"@id\":\"https:\/\/bauweb.hr\/#\/schema\/logo\/image\/\"},\"sameAs\":[\"https:\/\/facebook.com\/bauweb00\",\"https:\/\/instagram.com\/bauweb_shop\"]}]}<\/script>\n<!-- \/ Yoast SEO plugin. -->","yoast_head_json":{"title":"Wagner H W950 Flexio raspr\u0161iva\u010d boja - BauWeb","description":"Potra\u017eite \u0161iroki izbor alata i materijala za profesionalne gra\u0111evinske radove. Istra\u017ei Bauweb ponudu i kupuj uz odli\u010dne popuste.","robots":{"index":"index","follow":"follow","max-snippet":"max-snippet:-1","max-image-preview":"max-image-preview:large","max-video-preview":"max-video-preview:-1"},"canonical":"https:\/\/bauweb.hr\/index.php\/product\/wagner-h-w950-flexio-rasprsivac-boja\/","og_locale":"hr_HR","og_type":"article","og_title":"Wagner H W950 Flexio raspr\u0161iva\u010d boja - BauWeb","og_description":"Potra\u017eite \u0161iroki izbor alata i materijala za profesionalne gra\u0111evinske radove. Istra\u017ei Bauweb ponudu i kupuj uz odli\u010dne popuste.","og_url":"https:\/\/bauweb.hr\/index.php\/product\/wagner-h-w950-flexio-rasprsivac-boja\/","og_site_name":"BauWeb","article_publisher":"https:\/\/facebook.com\/bauweb00","article_modified_time":"2025-01-24T10:29:43+00:00","og_image":[{"width":690,"height":690,"url":"https:\/\/bauweb.hr\/wp-content\/uploads\/2023\/04\/wagner-h-w950-flexio-rasprsivac-boja-slika-191771392.jpeg","type":"image\/jpeg"}],"twitter_card":"summary_large_image","twitter_misc":{"Procijenjeno vrijeme \u010ditanja":"2 minute"},"schema":{"@context":"https:\/\/schema.org","@graph":[{"@type":"WebPage","@id":"https:\/\/bauweb.hr\/index.php\/product\/wagner-h-w950-flexio-rasprsivac-boja\/","url":"https:\/\/bauweb.hr\/index.php\/product\/wagner-h-w950-flexio-rasprsivac-boja\/","name":"Wagner H W950 Flexio raspr\u0161iva\u010d boja - BauWeb","isPartOf":{"@id":"https:\/\/bauweb.hr\/#website"},"primaryImageOfPage":{"@id":"https:\/\/bauweb.hr\/index.php\/product\/wagner-h-w950-flexio-rasprsivac-boja\/#primaryimage"},"image":{"@id":"https:\/\/bauweb.hr\/index.php\/product\/wagner-h-w950-flexio-rasprsivac-boja\/#primaryimage"},"thumbnailUrl":"https:\/\/bauweb.hr\/wp-content\/uploads\/2023\/04\/wagner-h-w950-flexio-rasprsivac-boja-slika-191771392.jpeg","datePublished":"2023-04-17T18:22:34+00:00","dateModified":"2025-01-24T10:29:43+00:00","description":"Potra\u017eite \u0161iroki izbor alata i materijala za profesionalne gra\u0111evinske radove. Istra\u017ei Bauweb ponudu i kupuj uz odli\u010dne popuste.","breadcrumb":{"@id":"https:\/\/bauweb.hr\/index.php\/product\/wagner-h-w950-flexio-rasprsivac-boja\/#breadcrumb"},"inLanguage":"hr","potentialAction":[{"@type":"ReadAction","target":["https:\/\/bauweb.hr\/index.php\/product\/wagner-h-w950-flexio-rasprsivac-boja\/"]}]},{"@type":"ImageObject","inLanguage":"hr","@id":"https:\/\/bauweb.hr\/index.php\/product\/wagner-h-w950-flexio-rasprsivac-boja\/#primaryimage","url":"https:\/\/bauweb.hr\/wp-content\/uploads\/2023\/04\/wagner-h-w950-flexio-rasprsivac-boja-slika-191771392.jpeg","contentUrl":"https:\/\/bauweb.hr\/wp-content\/uploads\/2023\/04\/wagner-h-w950-flexio-rasprsivac-boja-slika-191771392.jpeg","width":690,"height":690},{"@type":"BreadcrumbList","@id":"https:\/\/bauweb.hr\/index.php\/product\/wagner-h-w950-flexio-rasprsivac-boja\/#breadcrumb","itemListElement":[{"@type":"ListItem","position":1,"name":"Po\u010detna stranica","item":"https:\/\/bauweb.hr\/"},{"@type":"ListItem","position":2,"name":"Shop","item":"https:\/\/bauweb.hr\/index.php\/shop-wooshop-v1\/"},{"@type":"ListItem","position":3,"name":"Wagner H W950 Flexio raspr\u0161iva\u010d boja"}]},{"@type":"WebSite","@id":"https:\/\/bauweb.hr\/#website","url":"https:\/\/bauweb.hr\/","name":"BauWeb","description":"Za prave majstore","publisher":{"@id":"https:\/\/bauweb.hr\/#organization"},"alternateName":"BauWeb","potentialAction":[{"@type":"SearchAction","target":{"@type":"EntryPoint","urlTemplate":"https:\/\/bauweb.hr\/?s={search_term_string}"},"query-input":{"@type":"PropertyValueSpecification","valueRequired":true,"valueName":"search_term_string"}}],"inLanguage":"hr"},{"@type":"Organization","@id":"https:\/\/bauweb.hr\/#organization","name":"Hobi dom d.o.o.","url":"https:\/\/bauweb.hr\/","logo":{"@type":"ImageObject","inLanguage":"hr","@id":"https:\/\/bauweb.hr\/#\/schema\/logo\/image\/","url":"https:\/\/bauweb.hr\/wp-content\/uploads\/2023\/01\/Bauweb_logo-01.png","contentUrl":"https:\/\/bauweb.hr\/wp-content\/uploads\/2023\/01\/Bauweb_logo-01.png","width":842,"height":596,"caption":"Hobi dom d.o.o."},"image":{"@id":"https:\/\/bauweb.hr\/#\/schema\/logo\/image\/"},"sameAs":["https:\/\/facebook.com\/bauweb00","https:\/\/instagram.com\/bauweb_shop"]}]}},"_links":{"self":[{"href":"https:\/\/bauweb.hr\/index.php\/wp-json\/wp\/v2\/product\/18169","targetHints":{"allow":["GET"]}}],"collection":[{"href":"https:\/\/bauweb.hr\/index.php\/wp-json\/wp\/v2\/product"}],"about":[{"href":"https:\/\/bauweb.hr\/index.php\/wp-json\/wp\/v2\/types\/product"}],"replies":[{"embeddable":true,"href":"https:\/\/bauweb.hr\/index.php\/wp-json\/wp\/v2\/comments?post=18169"}],"wp:featuredmedia":[{"embeddable":true,"href":"https:\/\/bauweb.hr\/index.php\/wp-json\/wp\/v2\/media\/18170"}],"wp:attachment":[{"href":"https:\/\/bauweb.hr\/index.php\/wp-json\/wp\/v2\/media?parent=18169"}],"wp:term":[{"taxonomy":"product_brand","embeddable":true,"href":"https:\/\/bauweb.hr\/index.php\/wp-json\/wp\/v2\/product_brand?post=18169"},{"taxonomy":"product_cat","embeddable":true,"href":"https:\/\/bauweb.hr\/index.php\/wp-json\/wp\/v2\/product_cat?post=18169"},{"taxonomy":"product_tag","embeddable":true,"href":"https:\/\/bauweb.hr\/index.php\/wp-json\/wp\/v2\/product_tag?post=18169"}],"curies":[{"name":"wp","href":"https:\/\/api.w.org\/{rel}","templated":true}]}}