{"id":21772,"date":"2024-04-23T12:52:52","date_gmt":"2024-04-23T10:52:52","guid":{"rendered":"https:\/\/bauweb.hr\/?post_type=product&#038;p=21772"},"modified":"2026-01-21T10:59:08","modified_gmt":"2026-01-21T09:59:08","slug":"aku-odvijac","status":"publish","type":"product","link":"https:\/\/bauweb.hr\/index.php\/product\/aku-odvijac\/","title":{"rendered":"DEWALT DCF620D2K AKU odvija\u010d za gips plo\u010de(\u0161rauba) 18V"},"content":{"rendered":"<p><strong>DCF620D2K + nastavak za vijke na traci<\/strong><br \/>\nAkumulatorski brzi odvija\u010d Dewalt DCF620D2K za gipsane plo\u010de sa zatvorenim pretincem za br\u017ee pri\u010dvr\u0161\u0107ivanje vi\u0161e vijaka.<br \/>\nGumena ru\u010dka jam\u010di dobro i meko prianjanje za sigurnu i udobnu upotrebu.<\/p>\n<p>-Sna\u017eni motor bez \u010detkica od 4400 o\/min u\u010dinkovito i djelotvorno pokre\u0107e vijke nude\u0107i maksimalno vrijeme rada.<br \/>\n-Zna\u010dajka <strong>postavi i zaboravi<\/strong> pamti va\u0161e postavke finog pode\u0161avanja dubine prilikom uklanjanja i zamjene nosnog konusa<br \/>\n-Nosni konus za zaklju\u010davanje omogu\u0107uje vam rad s istim alatom na mjestima gdje se ne isporu\u010duju skupljeni vijci za suhozid<br \/>\n-Brzo otpu\u0161taju\u0107i spremnik skupljenih vijaka prihva\u0107a ve\u0107inu skupljenih vijaka kako bi se korisniku omogu\u0107ilo br\u017ee postavljanje plo\u010da<br \/>\n-Ergonomski dizajnirana gumena dr\u0161ka pru\u017ea vam izvrsnu udobnost tijekom kori\u0161tenja alata bilo u polo\u017eaju u liniji ili u polo\u017eaju za dr\u017eanje pi\u0161tolja<\/p>\n<p>&#8211; Brushless motor bez \u010detkica ne zahtijeva odr\u017eavanje i \u0161tedi bateriju.<br \/>\n&#8211; Ugra\u0111eno LED svjetlo s funkcijom svijetljenja nakon zavr\u0161etka rada.<br \/>\n&#8211; Zahvat u stilu pi\u0161tolja je dobro izbalansiran za jednostavno rukovanje i pru\u017ea najbolju mogu\u0107u upravljivost.<br \/>\n&#8211; Kompaktan dizajn pru\u017ea izvrsnu kontrolu i upravljivost ure\u0111aja.<br \/>\n&#8211; Alat za montere suhe gradnje.<br \/>\n&#8211; Isporu\u010duje se u <strong>DeWalt koferu koji se mo\u017ee nizati.<\/strong><\/p>\n<p>Tehni\u010dki podaci za DeWalt DCF620D2K<br \/>\nNapon: 18 V<br \/>\nKapacitet baterije: 2 Ah<br \/>\nBroj okretaja: 0-4.400 o\/min<br \/>\nNajve\u0107i okretni moment: 30 Nm<br \/>\nSnaga motora: 435 W<br \/>\nPromjer prihvata (hex): 1\/4\u201d<br \/>\nMasa ure\u0111aja: 1.5 kg<br \/>\nDuljina ure\u0111aja: 262 mm<br \/>\nVisina ure\u0111aja: 233 mm<\/p>\n<p>Obujam isporuke:<\/p>\n<p>Aku odvija\u010d DCF620D2K<br \/>\n2x baterija 2,0ah<br \/>\n2x duga\u010dki ph2 bit<br \/>\n1x magnetni nastavak za bit-ove + 1 x kratki ph2 bit<br \/>\npunja\u010d<br \/>\ntransportni kofer<\/p>\n<p>&nbsp;<\/p>\n","protected":false},"excerpt":{"rendered":"<p><strong>DCF620D2K + nastavak za vijke na traci<\/strong><br \/>\nAkumulatorski brzi odvija\u010d Dewalt DCF620D2K za gipsane plo\u010de sa zatvorenim pretincem za br\u017ee pri\u010dvr\u0161\u0107ivanje vi\u0161e vijaka.<br \/>\nGumena ru\u010dka jam\u010di dobro i meko prianjanje za sigurnu i udobnu upotrebu.<\/p>\n","protected":false},"featured_media":21773,"comment_status":"open","ping_status":"closed","template":"","meta":[],"product_brand":[114],"product_cat":[139,110,131,105],"product_tag":[],"class_list":{"0":"post-21772","1":"product","2":"type-product","3":"status-publish","4":"has-post-thumbnail","6":"product_brand-dewalt","7":"product_cat-aku-busilice-odvijaci","8":"product_cat-alati-pribor","9":"product_cat-alati-i-pribor-gipseri-suha-gradnja","10":"product_cat-gipseri-suha-gradnja","12":"first","13":"instock","14":"shipping-taxable","15":"purchasable","16":"product-type-simple"},"yoast_head":"<!-- This site is optimized with the Yoast SEO plugin v27.2 - https:\/\/yoast.com\/product\/yoast-seo-wordpress\/ -->\n<title>DEWALT DCF620D2K AKU odvija\u010d za gips plo\u010de(\u0161rauba) 18V - BauWeb<\/title>\n<meta name=\"description\" content=\"Potra\u017eite \u0161iroki izbor alata i materijala za profesionalne gra\u0111evinske radove. Istra\u017ei Bauweb ponudu i kupuj uz odli\u010dne popuste.\" \/>\n<meta name=\"robots\" content=\"index, follow, max-snippet:-1, max-image-preview:large, max-video-preview:-1\" \/>\n<link rel=\"canonical\" href=\"https:\/\/bauweb.hr\/index.php\/product\/aku-odvijac\/\" \/>\n<meta property=\"og:locale\" content=\"hr_HR\" \/>\n<meta property=\"og:type\" content=\"article\" \/>\n<meta property=\"og:title\" content=\"DEWALT DCF620D2K AKU odvija\u010d za gips plo\u010de(\u0161rauba) 18V - BauWeb\" \/>\n<meta property=\"og:description\" content=\"Potra\u017eite \u0161iroki izbor alata i materijala za profesionalne gra\u0111evinske radove. Istra\u017ei Bauweb ponudu i kupuj uz odli\u010dne popuste.\" \/>\n<meta property=\"og:url\" content=\"https:\/\/bauweb.hr\/index.php\/product\/aku-odvijac\/\" \/>\n<meta property=\"og:site_name\" content=\"BauWeb\" \/>\n<meta property=\"article:publisher\" content=\"https:\/\/facebook.com\/bauweb00\" \/>\n<meta property=\"article:modified_time\" content=\"2026-01-21T09:59:08+00:00\" \/>\n<meta property=\"og:image\" content=\"https:\/\/bauweb.hr\/wp-content\/uploads\/2024\/04\/DCF620D2K_MAIN.jpg\" \/>\n\t<meta property=\"og:image:width\" content=\"690\" \/>\n\t<meta property=\"og:image:height\" content=\"690\" \/>\n\t<meta property=\"og:image:type\" content=\"image\/jpeg\" \/>\n<meta name=\"twitter:card\" content=\"summary_large_image\" \/>\n<meta name=\"twitter:label1\" content=\"Procijenjeno vrijeme \u010ditanja\" \/>\n\t<meta name=\"twitter:data1\" content=\"2 minute\" \/>\n<script type=\"application\/ld+json\" class=\"yoast-schema-graph\">{\"@context\":\"https:\/\/schema.org\",\"@graph\":[{\"@type\":\"WebPage\",\"@id\":\"https:\/\/bauweb.hr\/index.php\/product\/aku-odvijac\/\",\"url\":\"https:\/\/bauweb.hr\/index.php\/product\/aku-odvijac\/\",\"name\":\"DEWALT DCF620D2K AKU odvija\u010d za gips plo\u010de(\u0161rauba) 18V - BauWeb\",\"isPartOf\":{\"@id\":\"https:\/\/bauweb.hr\/#website\"},\"primaryImageOfPage\":{\"@id\":\"https:\/\/bauweb.hr\/index.php\/product\/aku-odvijac\/#primaryimage\"},\"image\":{\"@id\":\"https:\/\/bauweb.hr\/index.php\/product\/aku-odvijac\/#primaryimage\"},\"thumbnailUrl\":\"https:\/\/bauweb.hr\/wp-content\/uploads\/2024\/04\/DCF620D2K_MAIN.jpg\",\"datePublished\":\"2024-04-23T10:52:52+00:00\",\"dateModified\":\"2026-01-21T09:59:08+00:00\",\"description\":\"Potra\u017eite \u0161iroki izbor alata i materijala za profesionalne gra\u0111evinske radove. Istra\u017ei Bauweb ponudu i kupuj uz odli\u010dne popuste.\",\"breadcrumb\":{\"@id\":\"https:\/\/bauweb.hr\/index.php\/product\/aku-odvijac\/#breadcrumb\"},\"inLanguage\":\"hr\",\"potentialAction\":[{\"@type\":\"ReadAction\",\"target\":[\"https:\/\/bauweb.hr\/index.php\/product\/aku-odvijac\/\"]}]},{\"@type\":\"ImageObject\",\"inLanguage\":\"hr\",\"@id\":\"https:\/\/bauweb.hr\/index.php\/product\/aku-odvijac\/#primaryimage\",\"url\":\"https:\/\/bauweb.hr\/wp-content\/uploads\/2024\/04\/DCF620D2K_MAIN.jpg\",\"contentUrl\":\"https:\/\/bauweb.hr\/wp-content\/uploads\/2024\/04\/DCF620D2K_MAIN.jpg\",\"width\":690,\"height\":690},{\"@type\":\"BreadcrumbList\",\"@id\":\"https:\/\/bauweb.hr\/index.php\/product\/aku-odvijac\/#breadcrumb\",\"itemListElement\":[{\"@type\":\"ListItem\",\"position\":1,\"name\":\"Po\u010detna stranica\",\"item\":\"https:\/\/bauweb.hr\/\"},{\"@type\":\"ListItem\",\"position\":2,\"name\":\"Shop\",\"item\":\"https:\/\/bauweb.hr\/index.php\/shop-wooshop-v1\/\"},{\"@type\":\"ListItem\",\"position\":3,\"name\":\"DEWALT DCF620D2K AKU odvija\u010d za gips plo\u010de(\u0161rauba) 18V\"}]},{\"@type\":\"WebSite\",\"@id\":\"https:\/\/bauweb.hr\/#website\",\"url\":\"https:\/\/bauweb.hr\/\",\"name\":\"BauWeb\",\"description\":\"Za prave majstore\",\"publisher\":{\"@id\":\"https:\/\/bauweb.hr\/#organization\"},\"alternateName\":\"BauWeb\",\"potentialAction\":[{\"@type\":\"SearchAction\",\"target\":{\"@type\":\"EntryPoint\",\"urlTemplate\":\"https:\/\/bauweb.hr\/?s={search_term_string}\"},\"query-input\":{\"@type\":\"PropertyValueSpecification\",\"valueRequired\":true,\"valueName\":\"search_term_string\"}}],\"inLanguage\":\"hr\"},{\"@type\":\"Organization\",\"@id\":\"https:\/\/bauweb.hr\/#organization\",\"name\":\"Hobi dom d.o.o.\",\"url\":\"https:\/\/bauweb.hr\/\",\"logo\":{\"@type\":\"ImageObject\",\"inLanguage\":\"hr\",\"@id\":\"https:\/\/bauweb.hr\/#\/schema\/logo\/image\/\",\"url\":\"https:\/\/bauweb.hr\/wp-content\/uploads\/2023\/01\/Bauweb_logo-01.png\",\"contentUrl\":\"https:\/\/bauweb.hr\/wp-content\/uploads\/2023\/01\/Bauweb_logo-01.png\",\"width\":842,\"height\":596,\"caption\":\"Hobi dom d.o.o.\"},\"image\":{\"@id\":\"https:\/\/bauweb.hr\/#\/schema\/logo\/image\/\"},\"sameAs\":[\"https:\/\/facebook.com\/bauweb00\",\"https:\/\/instagram.com\/bauweb_shop\"]}]}<\/script>\n<!-- \/ Yoast SEO plugin. -->","yoast_head_json":{"title":"DEWALT DCF620D2K AKU odvija\u010d za gips plo\u010de(\u0161rauba) 18V - BauWeb","description":"Potra\u017eite \u0161iroki izbor alata i materijala za profesionalne gra\u0111evinske radove. Istra\u017ei Bauweb ponudu i kupuj uz odli\u010dne popuste.","robots":{"index":"index","follow":"follow","max-snippet":"max-snippet:-1","max-image-preview":"max-image-preview:large","max-video-preview":"max-video-preview:-1"},"canonical":"https:\/\/bauweb.hr\/index.php\/product\/aku-odvijac\/","og_locale":"hr_HR","og_type":"article","og_title":"DEWALT DCF620D2K AKU odvija\u010d za gips plo\u010de(\u0161rauba) 18V - BauWeb","og_description":"Potra\u017eite \u0161iroki izbor alata i materijala za profesionalne gra\u0111evinske radove. Istra\u017ei Bauweb ponudu i kupuj uz odli\u010dne popuste.","og_url":"https:\/\/bauweb.hr\/index.php\/product\/aku-odvijac\/","og_site_name":"BauWeb","article_publisher":"https:\/\/facebook.com\/bauweb00","article_modified_time":"2026-01-21T09:59:08+00:00","og_image":[{"width":690,"height":690,"url":"https:\/\/bauweb.hr\/wp-content\/uploads\/2024\/04\/DCF620D2K_MAIN.jpg","type":"image\/jpeg"}],"twitter_card":"summary_large_image","twitter_misc":{"Procijenjeno vrijeme \u010ditanja":"2 minute"},"schema":{"@context":"https:\/\/schema.org","@graph":[{"@type":"WebPage","@id":"https:\/\/bauweb.hr\/index.php\/product\/aku-odvijac\/","url":"https:\/\/bauweb.hr\/index.php\/product\/aku-odvijac\/","name":"DEWALT DCF620D2K AKU odvija\u010d za gips plo\u010de(\u0161rauba) 18V - BauWeb","isPartOf":{"@id":"https:\/\/bauweb.hr\/#website"},"primaryImageOfPage":{"@id":"https:\/\/bauweb.hr\/index.php\/product\/aku-odvijac\/#primaryimage"},"image":{"@id":"https:\/\/bauweb.hr\/index.php\/product\/aku-odvijac\/#primaryimage"},"thumbnailUrl":"https:\/\/bauweb.hr\/wp-content\/uploads\/2024\/04\/DCF620D2K_MAIN.jpg","datePublished":"2024-04-23T10:52:52+00:00","dateModified":"2026-01-21T09:59:08+00:00","description":"Potra\u017eite \u0161iroki izbor alata i materijala za profesionalne gra\u0111evinske radove. Istra\u017ei Bauweb ponudu i kupuj uz odli\u010dne popuste.","breadcrumb":{"@id":"https:\/\/bauweb.hr\/index.php\/product\/aku-odvijac\/#breadcrumb"},"inLanguage":"hr","potentialAction":[{"@type":"ReadAction","target":["https:\/\/bauweb.hr\/index.php\/product\/aku-odvijac\/"]}]},{"@type":"ImageObject","inLanguage":"hr","@id":"https:\/\/bauweb.hr\/index.php\/product\/aku-odvijac\/#primaryimage","url":"https:\/\/bauweb.hr\/wp-content\/uploads\/2024\/04\/DCF620D2K_MAIN.jpg","contentUrl":"https:\/\/bauweb.hr\/wp-content\/uploads\/2024\/04\/DCF620D2K_MAIN.jpg","width":690,"height":690},{"@type":"BreadcrumbList","@id":"https:\/\/bauweb.hr\/index.php\/product\/aku-odvijac\/#breadcrumb","itemListElement":[{"@type":"ListItem","position":1,"name":"Po\u010detna stranica","item":"https:\/\/bauweb.hr\/"},{"@type":"ListItem","position":2,"name":"Shop","item":"https:\/\/bauweb.hr\/index.php\/shop-wooshop-v1\/"},{"@type":"ListItem","position":3,"name":"DEWALT DCF620D2K AKU odvija\u010d za gips plo\u010de(\u0161rauba) 18V"}]},{"@type":"WebSite","@id":"https:\/\/bauweb.hr\/#website","url":"https:\/\/bauweb.hr\/","name":"BauWeb","description":"Za prave majstore","publisher":{"@id":"https:\/\/bauweb.hr\/#organization"},"alternateName":"BauWeb","potentialAction":[{"@type":"SearchAction","target":{"@type":"EntryPoint","urlTemplate":"https:\/\/bauweb.hr\/?s={search_term_string}"},"query-input":{"@type":"PropertyValueSpecification","valueRequired":true,"valueName":"search_term_string"}}],"inLanguage":"hr"},{"@type":"Organization","@id":"https:\/\/bauweb.hr\/#organization","name":"Hobi dom d.o.o.","url":"https:\/\/bauweb.hr\/","logo":{"@type":"ImageObject","inLanguage":"hr","@id":"https:\/\/bauweb.hr\/#\/schema\/logo\/image\/","url":"https:\/\/bauweb.hr\/wp-content\/uploads\/2023\/01\/Bauweb_logo-01.png","contentUrl":"https:\/\/bauweb.hr\/wp-content\/uploads\/2023\/01\/Bauweb_logo-01.png","width":842,"height":596,"caption":"Hobi dom d.o.o."},"image":{"@id":"https:\/\/bauweb.hr\/#\/schema\/logo\/image\/"},"sameAs":["https:\/\/facebook.com\/bauweb00","https:\/\/instagram.com\/bauweb_shop"]}]}},"_links":{"self":[{"href":"https:\/\/bauweb.hr\/index.php\/wp-json\/wp\/v2\/product\/21772","targetHints":{"allow":["GET"]}}],"collection":[{"href":"https:\/\/bauweb.hr\/index.php\/wp-json\/wp\/v2\/product"}],"about":[{"href":"https:\/\/bauweb.hr\/index.php\/wp-json\/wp\/v2\/types\/product"}],"replies":[{"embeddable":true,"href":"https:\/\/bauweb.hr\/index.php\/wp-json\/wp\/v2\/comments?post=21772"}],"wp:featuredmedia":[{"embeddable":true,"href":"https:\/\/bauweb.hr\/index.php\/wp-json\/wp\/v2\/media\/21773"}],"wp:attachment":[{"href":"https:\/\/bauweb.hr\/index.php\/wp-json\/wp\/v2\/media?parent=21772"}],"wp:term":[{"taxonomy":"product_brand","embeddable":true,"href":"https:\/\/bauweb.hr\/index.php\/wp-json\/wp\/v2\/product_brand?post=21772"},{"taxonomy":"product_cat","embeddable":true,"href":"https:\/\/bauweb.hr\/index.php\/wp-json\/wp\/v2\/product_cat?post=21772"},{"taxonomy":"product_tag","embeddable":true,"href":"https:\/\/bauweb.hr\/index.php\/wp-json\/wp\/v2\/product_tag?post=21772"}],"curies":[{"name":"wp","href":"https:\/\/api.w.org\/{rel}","templated":true}]}}