{"id":23141,"date":"2024-08-19T13:50:46","date_gmt":"2024-08-19T11:50:46","guid":{"rendered":"https:\/\/bauweb.hr\/?post_type=product&#038;p=23141"},"modified":"2026-01-21T11:42:48","modified_gmt":"2026-01-21T10:42:48","slug":"hdpremium-baza-za-niveliranje-1mm-3mm","status":"publish","type":"product","link":"https:\/\/bauweb.hr\/index.php\/product\/hdpremium-baza-za-niveliranje-1mm-3mm\/","title":{"rendered":"HDpremium &#8211; baza za niveliranje 1mm &#8211; 3mm 100\/1"},"content":{"rendered":"<h4>HDpremium &#8211; baza za niveliranje<\/h4>\n<p>Dio sustava za izravnavanje baza i klinova, ove baze za niveliranje svaki put daju savr\u0161eno ravne plo\u010dice.<br \/>\nJednostavan za kori\u0161tenje i uklanjanje \u0161to ubrzava proces instalacije \u0161tede\u0107i vam vrijeme i novac.<br \/>\nSustav eliminira izbo\u010denje i zaklju\u010dava plo\u010dice na mjestu dok se su\u0161i sprje\u010davaju\u0107i klizenje.<br \/>\nPrikladane su za kori\u0161tenje i od strane profesionalnih kerami\u010dara i renovatora domova.<\/p>\n<p>1mm, 1.5mm, 2mm, 3mm<\/p>\n<p>Pakiranje 100\/1<\/p>\n<p>Klinovi se prodaju zasebno.<\/p>\n<p>Proizvodi marke HDpremium\u00a0 namijenjeni su profesionalnim gra\u0111evinskim poduzetnicima koji cijene visoku kvalitetu i pouzdanost kori\u0161tenih alata.<br \/>\nZa proizvodnju proizvoda koriste se samo najkvalitetnije komponente, poput \u010delika iz renomiranih europskih \u010deli\u010dana i visokokvalitetne plastike.<\/p>\n","protected":false},"excerpt":{"rendered":"<h4>HDpremium &#8211; baza za niveliranje<\/h4>\n<p>Dio sustava za izravnavanje baza i klinova, ove baze za niveliranje svaki put daju savr\u0161eno ravne plo\u010dice.<br \/>\nJednostavan za kori\u0161tenje i uklanjanje \u0161to ubrzava proces instalacije \u0161tede\u0107i vam vrijeme i novac.<br \/>\nSustav eliminira izbo\u010denje i zaklju\u010dava plo\u010dice na mjestu dok se su\u0161i sprje\u010davaju\u0107i klizenje.<br \/>\nPrikladane su za kori\u0161tenje i od strane profesionalnih kerami\u010dara i renovatora domova.<\/p>\n<p>1mm, 1.5mm, 2mm, 3mm<\/p>\n<p>Pakiranje 100\/1<\/p>\n<p>Klinovi se prodaju zasebno.<\/p>\n","protected":false},"featured_media":23153,"comment_status":"open","ping_status":"closed","template":"","meta":[],"product_brand":[417],"product_cat":[110,147,102,235],"product_tag":[],"class_list":{"0":"post-23141","1":"product","2":"type-product","3":"status-publish","4":"has-post-thumbnail","6":"product_brand-hd-prmium","7":"product_cat-alati-pribor","8":"product_cat-alati-i-pribor-keramicari","9":"product_cat-keramicari","10":"product_cat-nivelatori","12":"first","13":"instock","14":"shipping-taxable","15":"purchasable","16":"product-type-variable"},"yoast_head":"<!-- This site is optimized with the Yoast SEO plugin v27.2 - https:\/\/yoast.com\/product\/yoast-seo-wordpress\/ -->\n<title>HDpremium - baza za niveliranje 1mm - 3mm 100\/1 - BauWeb<\/title>\n<meta name=\"description\" content=\"Potra\u017eite \u0161iroki izbor alata i materijala za profesionalne gra\u0111evinske radove. Istra\u017ei Bauweb ponudu i kupuj uz odli\u010dne popuste.\" \/>\n<meta name=\"robots\" content=\"index, follow, max-snippet:-1, max-image-preview:large, max-video-preview:-1\" \/>\n<link rel=\"canonical\" href=\"https:\/\/bauweb.hr\/index.php\/product\/hdpremium-baza-za-niveliranje-1mm-3mm\/\" \/>\n<meta property=\"og:locale\" content=\"hr_HR\" \/>\n<meta property=\"og:type\" content=\"article\" \/>\n<meta property=\"og:title\" content=\"HDpremium - baza za niveliranje 1mm - 3mm 100\/1 - BauWeb\" \/>\n<meta property=\"og:description\" content=\"Potra\u017eite \u0161iroki izbor alata i materijala za profesionalne gra\u0111evinske radove. Istra\u017ei Bauweb ponudu i kupuj uz odli\u010dne popuste.\" \/>\n<meta property=\"og:url\" content=\"https:\/\/bauweb.hr\/index.php\/product\/hdpremium-baza-za-niveliranje-1mm-3mm\/\" \/>\n<meta property=\"og:site_name\" content=\"BauWeb\" \/>\n<meta property=\"article:publisher\" content=\"https:\/\/facebook.com\/bauweb00\" \/>\n<meta property=\"article:modified_time\" content=\"2026-01-21T10:42:48+00:00\" \/>\n<meta property=\"og:image\" content=\"https:\/\/bauweb.hr\/wp-content\/uploads\/2024\/08\/baza_premium-1mm.jpg\" \/>\n\t<meta property=\"og:image:width\" content=\"690\" \/>\n\t<meta property=\"og:image:height\" content=\"690\" \/>\n\t<meta property=\"og:image:type\" content=\"image\/jpeg\" \/>\n<meta name=\"twitter:card\" content=\"summary_large_image\" \/>\n<meta name=\"twitter:label1\" content=\"Procijenjeno vrijeme \u010ditanja\" \/>\n\t<meta name=\"twitter:data1\" content=\"1 minuta\" \/>\n<script type=\"application\/ld+json\" class=\"yoast-schema-graph\">{\"@context\":\"https:\/\/schema.org\",\"@graph\":[{\"@type\":\"WebPage\",\"@id\":\"https:\/\/bauweb.hr\/index.php\/product\/hdpremium-baza-za-niveliranje-1mm-3mm\/\",\"url\":\"https:\/\/bauweb.hr\/index.php\/product\/hdpremium-baza-za-niveliranje-1mm-3mm\/\",\"name\":\"HDpremium - baza za niveliranje 1mm - 3mm 100\/1 - BauWeb\",\"isPartOf\":{\"@id\":\"https:\/\/bauweb.hr\/#website\"},\"primaryImageOfPage\":{\"@id\":\"https:\/\/bauweb.hr\/index.php\/product\/hdpremium-baza-za-niveliranje-1mm-3mm\/#primaryimage\"},\"image\":{\"@id\":\"https:\/\/bauweb.hr\/index.php\/product\/hdpremium-baza-za-niveliranje-1mm-3mm\/#primaryimage\"},\"thumbnailUrl\":\"https:\/\/bauweb.hr\/wp-content\/uploads\/2024\/08\/baza_premium-1mm.jpg\",\"datePublished\":\"2024-08-19T11:50:46+00:00\",\"dateModified\":\"2026-01-21T10:42:48+00:00\",\"description\":\"Potra\u017eite \u0161iroki izbor alata i materijala za profesionalne gra\u0111evinske radove. Istra\u017ei Bauweb ponudu i kupuj uz odli\u010dne popuste.\",\"breadcrumb\":{\"@id\":\"https:\/\/bauweb.hr\/index.php\/product\/hdpremium-baza-za-niveliranje-1mm-3mm\/#breadcrumb\"},\"inLanguage\":\"hr\",\"potentialAction\":[{\"@type\":\"ReadAction\",\"target\":[\"https:\/\/bauweb.hr\/index.php\/product\/hdpremium-baza-za-niveliranje-1mm-3mm\/\"]}]},{\"@type\":\"ImageObject\",\"inLanguage\":\"hr\",\"@id\":\"https:\/\/bauweb.hr\/index.php\/product\/hdpremium-baza-za-niveliranje-1mm-3mm\/#primaryimage\",\"url\":\"https:\/\/bauweb.hr\/wp-content\/uploads\/2024\/08\/baza_premium-1mm.jpg\",\"contentUrl\":\"https:\/\/bauweb.hr\/wp-content\/uploads\/2024\/08\/baza_premium-1mm.jpg\",\"width\":690,\"height\":690},{\"@type\":\"BreadcrumbList\",\"@id\":\"https:\/\/bauweb.hr\/index.php\/product\/hdpremium-baza-za-niveliranje-1mm-3mm\/#breadcrumb\",\"itemListElement\":[{\"@type\":\"ListItem\",\"position\":1,\"name\":\"Po\u010detna stranica\",\"item\":\"https:\/\/bauweb.hr\/\"},{\"@type\":\"ListItem\",\"position\":2,\"name\":\"Shop\",\"item\":\"https:\/\/bauweb.hr\/index.php\/shop-wooshop-v1\/\"},{\"@type\":\"ListItem\",\"position\":3,\"name\":\"HDpremium &#8211; baza za niveliranje 1mm &#8211; 3mm 100\/1\"}]},{\"@type\":\"WebSite\",\"@id\":\"https:\/\/bauweb.hr\/#website\",\"url\":\"https:\/\/bauweb.hr\/\",\"name\":\"BauWeb\",\"description\":\"Za prave majstore\",\"publisher\":{\"@id\":\"https:\/\/bauweb.hr\/#organization\"},\"alternateName\":\"BauWeb\",\"potentialAction\":[{\"@type\":\"SearchAction\",\"target\":{\"@type\":\"EntryPoint\",\"urlTemplate\":\"https:\/\/bauweb.hr\/?s={search_term_string}\"},\"query-input\":{\"@type\":\"PropertyValueSpecification\",\"valueRequired\":true,\"valueName\":\"search_term_string\"}}],\"inLanguage\":\"hr\"},{\"@type\":\"Organization\",\"@id\":\"https:\/\/bauweb.hr\/#organization\",\"name\":\"Hobi dom d.o.o.\",\"url\":\"https:\/\/bauweb.hr\/\",\"logo\":{\"@type\":\"ImageObject\",\"inLanguage\":\"hr\",\"@id\":\"https:\/\/bauweb.hr\/#\/schema\/logo\/image\/\",\"url\":\"https:\/\/bauweb.hr\/wp-content\/uploads\/2023\/01\/Bauweb_logo-01.png\",\"contentUrl\":\"https:\/\/bauweb.hr\/wp-content\/uploads\/2023\/01\/Bauweb_logo-01.png\",\"width\":842,\"height\":596,\"caption\":\"Hobi dom d.o.o.\"},\"image\":{\"@id\":\"https:\/\/bauweb.hr\/#\/schema\/logo\/image\/\"},\"sameAs\":[\"https:\/\/facebook.com\/bauweb00\",\"https:\/\/instagram.com\/bauweb_shop\"]}]}<\/script>\n<!-- \/ Yoast SEO plugin. -->","yoast_head_json":{"title":"HDpremium - baza za niveliranje 1mm - 3mm 100\/1 - BauWeb","description":"Potra\u017eite \u0161iroki izbor alata i materijala za profesionalne gra\u0111evinske radove. Istra\u017ei Bauweb ponudu i kupuj uz odli\u010dne popuste.","robots":{"index":"index","follow":"follow","max-snippet":"max-snippet:-1","max-image-preview":"max-image-preview:large","max-video-preview":"max-video-preview:-1"},"canonical":"https:\/\/bauweb.hr\/index.php\/product\/hdpremium-baza-za-niveliranje-1mm-3mm\/","og_locale":"hr_HR","og_type":"article","og_title":"HDpremium - baza za niveliranje 1mm - 3mm 100\/1 - BauWeb","og_description":"Potra\u017eite \u0161iroki izbor alata i materijala za profesionalne gra\u0111evinske radove. Istra\u017ei Bauweb ponudu i kupuj uz odli\u010dne popuste.","og_url":"https:\/\/bauweb.hr\/index.php\/product\/hdpremium-baza-za-niveliranje-1mm-3mm\/","og_site_name":"BauWeb","article_publisher":"https:\/\/facebook.com\/bauweb00","article_modified_time":"2026-01-21T10:42:48+00:00","og_image":[{"width":690,"height":690,"url":"https:\/\/bauweb.hr\/wp-content\/uploads\/2024\/08\/baza_premium-1mm.jpg","type":"image\/jpeg"}],"twitter_card":"summary_large_image","twitter_misc":{"Procijenjeno vrijeme \u010ditanja":"1 minuta"},"schema":{"@context":"https:\/\/schema.org","@graph":[{"@type":"WebPage","@id":"https:\/\/bauweb.hr\/index.php\/product\/hdpremium-baza-za-niveliranje-1mm-3mm\/","url":"https:\/\/bauweb.hr\/index.php\/product\/hdpremium-baza-za-niveliranje-1mm-3mm\/","name":"HDpremium - baza za niveliranje 1mm - 3mm 100\/1 - BauWeb","isPartOf":{"@id":"https:\/\/bauweb.hr\/#website"},"primaryImageOfPage":{"@id":"https:\/\/bauweb.hr\/index.php\/product\/hdpremium-baza-za-niveliranje-1mm-3mm\/#primaryimage"},"image":{"@id":"https:\/\/bauweb.hr\/index.php\/product\/hdpremium-baza-za-niveliranje-1mm-3mm\/#primaryimage"},"thumbnailUrl":"https:\/\/bauweb.hr\/wp-content\/uploads\/2024\/08\/baza_premium-1mm.jpg","datePublished":"2024-08-19T11:50:46+00:00","dateModified":"2026-01-21T10:42:48+00:00","description":"Potra\u017eite \u0161iroki izbor alata i materijala za profesionalne gra\u0111evinske radove. Istra\u017ei Bauweb ponudu i kupuj uz odli\u010dne popuste.","breadcrumb":{"@id":"https:\/\/bauweb.hr\/index.php\/product\/hdpremium-baza-za-niveliranje-1mm-3mm\/#breadcrumb"},"inLanguage":"hr","potentialAction":[{"@type":"ReadAction","target":["https:\/\/bauweb.hr\/index.php\/product\/hdpremium-baza-za-niveliranje-1mm-3mm\/"]}]},{"@type":"ImageObject","inLanguage":"hr","@id":"https:\/\/bauweb.hr\/index.php\/product\/hdpremium-baza-za-niveliranje-1mm-3mm\/#primaryimage","url":"https:\/\/bauweb.hr\/wp-content\/uploads\/2024\/08\/baza_premium-1mm.jpg","contentUrl":"https:\/\/bauweb.hr\/wp-content\/uploads\/2024\/08\/baza_premium-1mm.jpg","width":690,"height":690},{"@type":"BreadcrumbList","@id":"https:\/\/bauweb.hr\/index.php\/product\/hdpremium-baza-za-niveliranje-1mm-3mm\/#breadcrumb","itemListElement":[{"@type":"ListItem","position":1,"name":"Po\u010detna stranica","item":"https:\/\/bauweb.hr\/"},{"@type":"ListItem","position":2,"name":"Shop","item":"https:\/\/bauweb.hr\/index.php\/shop-wooshop-v1\/"},{"@type":"ListItem","position":3,"name":"HDpremium &#8211; baza za niveliranje 1mm &#8211; 3mm 100\/1"}]},{"@type":"WebSite","@id":"https:\/\/bauweb.hr\/#website","url":"https:\/\/bauweb.hr\/","name":"BauWeb","description":"Za prave majstore","publisher":{"@id":"https:\/\/bauweb.hr\/#organization"},"alternateName":"BauWeb","potentialAction":[{"@type":"SearchAction","target":{"@type":"EntryPoint","urlTemplate":"https:\/\/bauweb.hr\/?s={search_term_string}"},"query-input":{"@type":"PropertyValueSpecification","valueRequired":true,"valueName":"search_term_string"}}],"inLanguage":"hr"},{"@type":"Organization","@id":"https:\/\/bauweb.hr\/#organization","name":"Hobi dom d.o.o.","url":"https:\/\/bauweb.hr\/","logo":{"@type":"ImageObject","inLanguage":"hr","@id":"https:\/\/bauweb.hr\/#\/schema\/logo\/image\/","url":"https:\/\/bauweb.hr\/wp-content\/uploads\/2023\/01\/Bauweb_logo-01.png","contentUrl":"https:\/\/bauweb.hr\/wp-content\/uploads\/2023\/01\/Bauweb_logo-01.png","width":842,"height":596,"caption":"Hobi dom d.o.o."},"image":{"@id":"https:\/\/bauweb.hr\/#\/schema\/logo\/image\/"},"sameAs":["https:\/\/facebook.com\/bauweb00","https:\/\/instagram.com\/bauweb_shop"]}]}},"_links":{"self":[{"href":"https:\/\/bauweb.hr\/index.php\/wp-json\/wp\/v2\/product\/23141","targetHints":{"allow":["GET"]}}],"collection":[{"href":"https:\/\/bauweb.hr\/index.php\/wp-json\/wp\/v2\/product"}],"about":[{"href":"https:\/\/bauweb.hr\/index.php\/wp-json\/wp\/v2\/types\/product"}],"replies":[{"embeddable":true,"href":"https:\/\/bauweb.hr\/index.php\/wp-json\/wp\/v2\/comments?post=23141"}],"wp:featuredmedia":[{"embeddable":true,"href":"https:\/\/bauweb.hr\/index.php\/wp-json\/wp\/v2\/media\/23153"}],"wp:attachment":[{"href":"https:\/\/bauweb.hr\/index.php\/wp-json\/wp\/v2\/media?parent=23141"}],"wp:term":[{"taxonomy":"product_brand","embeddable":true,"href":"https:\/\/bauweb.hr\/index.php\/wp-json\/wp\/v2\/product_brand?post=23141"},{"taxonomy":"product_cat","embeddable":true,"href":"https:\/\/bauweb.hr\/index.php\/wp-json\/wp\/v2\/product_cat?post=23141"},{"taxonomy":"product_tag","embeddable":true,"href":"https:\/\/bauweb.hr\/index.php\/wp-json\/wp\/v2\/product_tag?post=23141"}],"curies":[{"name":"wp","href":"https:\/\/api.w.org\/{rel}","templated":true}]}}