{"id":25265,"date":"2025-03-08T10:19:58","date_gmt":"2025-03-08T09:19:58","guid":{"rendered":"https:\/\/bauweb.hr\/?post_type=product&#038;p=25265"},"modified":"2025-09-08T16:41:21","modified_gmt":"2025-09-08T14:41:21","slug":"distar-skalpel-dijamantna-rezna-ploca-1016x09mm","status":"publish","type":"product","link":"https:\/\/bauweb.hr\/index.php\/product\/distar-skalpel-dijamantna-rezna-ploca-1016x09mm\/","title":{"rendered":"Distar Skalpel dijamantna rezna plo\u010da 101,6&#215;0,9mm"},"content":{"rendered":"<h4>Distar Skalpel dijamantna rezna plo\u010da 101,6mm 1A1R<\/h4>\n<p><strong>Kirur\u0161ki precizna!<\/strong><\/p>\n<p>Kerami\u010dki namje\u0161taj i skriveni instalacijski elementi kao \u0161to su minimalisti\u010dki gumbi, poklopci i poklopci dobivaju sve ve\u0107u popularnost u ure\u0111enju interijera.<br \/>\nZa tako delikatan posao potreban je odgovaraju\u0107i alat.<br \/>\nScalpel rezna plo\u010da je dizajnirana posebno za takve zadatke.<br \/>\nDebljina dijamantnog sloja diska je samo 0,9 mm, \u0161to ga \u010dini najtanjim diskom za suho rezanje na tr\u017ei\u0161tu.<br \/>\nZahvaljuju\u0107i ovoj debljini i minimalnom vanjskom promjeru od 101,6 mm, postalo je mogu\u0107e izvesti najslo\u017eenije, preciznije radove.<br \/>\nDisk se lako re\u017ee u porculanski kamen, prakti\u010dki bez lomljenja i rezova minimalne \u0161irine.<br \/>\nLako se upravlja tijekom rezanja, \u010dine\u0107i rad preciznim i kontroliranim.<br \/>\nSkalpel je nova razina preciznosti u obradi kerami\u010dkih materijala.<\/p>\n<p>Disk je namijenjen za rezanje keramike i porculanskog kamena na kutnim brusilicama\u00a0 u suhom na\u010dinu rada.<br \/>\nPromjer za monta\u017eu od 22,2 mm.<\/p>\n","protected":false},"excerpt":{"rendered":"<h4>Distar Skalpel dijamantna rezna plo\u010da 101,6mm 1A1R<\/h4>\n<p><strong>Kirur\u0161ki precizna!<\/strong><\/p>\n<p>Kerami\u010dki namje\u0161taj i skriveni instalacijski elementi kao \u0161to su minimalisti\u010dki gumbi, poklopci i poklopci dobivaju sve ve\u0107u popularnost u ure\u0111enju interijera.<br \/>\nZa tako delikatan posao potreban je odgovaraju\u0107i alat.<br \/>\nScalpel rezna plo\u010da je dizajnirana posebno za takve zadatke.<br \/>\nDebljina dijamantnog sloja diska je samo 0,9 mm, \u0161to ga \u010dini najtanjim diskom za suho rezanje na tr\u017ei\u0161tu.<br \/>\nZahvaljuju\u0107i ovoj debljini i minimalnom vanjskom promjeru od 101,6 mm, postalo je mogu\u0107e izvesti najslo\u017eenije, preciznije radove.<\/p>\n","protected":false},"featured_media":25267,"comment_status":"open","ping_status":"closed","template":"","meta":[],"product_brand":[386],"product_cat":[102,185],"product_tag":[],"class_list":{"0":"post-25265","1":"product","2":"type-product","3":"status-publish","4":"has-post-thumbnail","6":"product_brand-distar","7":"product_cat-keramicari","8":"product_cat-rezne-ploce","10":"first","11":"instock","12":"shipping-taxable","13":"purchasable","14":"product-type-simple"},"yoast_head":"<!-- This site is optimized with the Yoast SEO plugin v27.2 - https:\/\/yoast.com\/product\/yoast-seo-wordpress\/ -->\n<title>Distar Skalpel dijamantna rezna plo\u010da 101,6x0,9mm - BauWeb<\/title>\n<meta name=\"description\" content=\"Potra\u017eite \u0161iroki izbor alata i materijala za profesionalne gra\u0111evinske radove. Istra\u017ei Bauweb ponudu i kupuj uz odli\u010dne popuste.\" \/>\n<meta name=\"robots\" content=\"index, follow, max-snippet:-1, max-image-preview:large, max-video-preview:-1\" \/>\n<link rel=\"canonical\" href=\"https:\/\/bauweb.hr\/index.php\/product\/distar-skalpel-dijamantna-rezna-ploca-1016x09mm\/\" \/>\n<meta property=\"og:locale\" content=\"hr_HR\" \/>\n<meta property=\"og:type\" content=\"article\" \/>\n<meta property=\"og:title\" content=\"Distar Skalpel dijamantna rezna plo\u010da 101,6x0,9mm - BauWeb\" \/>\n<meta property=\"og:description\" content=\"Potra\u017eite \u0161iroki izbor alata i materijala za profesionalne gra\u0111evinske radove. Istra\u017ei Bauweb ponudu i kupuj uz odli\u010dne popuste.\" \/>\n<meta property=\"og:url\" content=\"https:\/\/bauweb.hr\/index.php\/product\/distar-skalpel-dijamantna-rezna-ploca-1016x09mm\/\" \/>\n<meta property=\"og:site_name\" content=\"BauWeb\" \/>\n<meta property=\"article:publisher\" content=\"https:\/\/facebook.com\/bauweb00\" \/>\n<meta property=\"article:modified_time\" content=\"2025-09-08T14:41:21+00:00\" \/>\n<meta property=\"og:image\" content=\"https:\/\/bauweb.hr\/wp-content\/uploads\/2025\/03\/SKALPEL.jpg\" \/>\n\t<meta property=\"og:image:width\" content=\"690\" \/>\n\t<meta property=\"og:image:height\" content=\"690\" \/>\n\t<meta property=\"og:image:type\" content=\"image\/jpeg\" \/>\n<meta name=\"twitter:card\" content=\"summary_large_image\" \/>\n<meta name=\"twitter:label1\" content=\"Procijenjeno vrijeme \u010ditanja\" \/>\n\t<meta name=\"twitter:data1\" content=\"1 minuta\" \/>\n<script type=\"application\/ld+json\" class=\"yoast-schema-graph\">{\"@context\":\"https:\/\/schema.org\",\"@graph\":[{\"@type\":\"WebPage\",\"@id\":\"https:\/\/bauweb.hr\/index.php\/product\/distar-skalpel-dijamantna-rezna-ploca-1016x09mm\/\",\"url\":\"https:\/\/bauweb.hr\/index.php\/product\/distar-skalpel-dijamantna-rezna-ploca-1016x09mm\/\",\"name\":\"Distar Skalpel dijamantna rezna plo\u010da 101,6x0,9mm - BauWeb\",\"isPartOf\":{\"@id\":\"https:\/\/bauweb.hr\/#website\"},\"primaryImageOfPage\":{\"@id\":\"https:\/\/bauweb.hr\/index.php\/product\/distar-skalpel-dijamantna-rezna-ploca-1016x09mm\/#primaryimage\"},\"image\":{\"@id\":\"https:\/\/bauweb.hr\/index.php\/product\/distar-skalpel-dijamantna-rezna-ploca-1016x09mm\/#primaryimage\"},\"thumbnailUrl\":\"https:\/\/bauweb.hr\/wp-content\/uploads\/2025\/03\/SKALPEL.jpg\",\"datePublished\":\"2025-03-08T09:19:58+00:00\",\"dateModified\":\"2025-09-08T14:41:21+00:00\",\"description\":\"Potra\u017eite \u0161iroki izbor alata i materijala za profesionalne gra\u0111evinske radove. Istra\u017ei Bauweb ponudu i kupuj uz odli\u010dne popuste.\",\"breadcrumb\":{\"@id\":\"https:\/\/bauweb.hr\/index.php\/product\/distar-skalpel-dijamantna-rezna-ploca-1016x09mm\/#breadcrumb\"},\"inLanguage\":\"hr\",\"potentialAction\":[{\"@type\":\"ReadAction\",\"target\":[\"https:\/\/bauweb.hr\/index.php\/product\/distar-skalpel-dijamantna-rezna-ploca-1016x09mm\/\"]}]},{\"@type\":\"ImageObject\",\"inLanguage\":\"hr\",\"@id\":\"https:\/\/bauweb.hr\/index.php\/product\/distar-skalpel-dijamantna-rezna-ploca-1016x09mm\/#primaryimage\",\"url\":\"https:\/\/bauweb.hr\/wp-content\/uploads\/2025\/03\/SKALPEL.jpg\",\"contentUrl\":\"https:\/\/bauweb.hr\/wp-content\/uploads\/2025\/03\/SKALPEL.jpg\",\"width\":690,\"height\":690},{\"@type\":\"BreadcrumbList\",\"@id\":\"https:\/\/bauweb.hr\/index.php\/product\/distar-skalpel-dijamantna-rezna-ploca-1016x09mm\/#breadcrumb\",\"itemListElement\":[{\"@type\":\"ListItem\",\"position\":1,\"name\":\"Po\u010detna stranica\",\"item\":\"https:\/\/bauweb.hr\/\"},{\"@type\":\"ListItem\",\"position\":2,\"name\":\"Shop\",\"item\":\"https:\/\/bauweb.hr\/index.php\/shop-wooshop-v1\/\"},{\"@type\":\"ListItem\",\"position\":3,\"name\":\"Distar Skalpel dijamantna rezna plo\u010da 101,6&#215;0,9mm\"}]},{\"@type\":\"WebSite\",\"@id\":\"https:\/\/bauweb.hr\/#website\",\"url\":\"https:\/\/bauweb.hr\/\",\"name\":\"BauWeb\",\"description\":\"Za prave majstore\",\"publisher\":{\"@id\":\"https:\/\/bauweb.hr\/#organization\"},\"alternateName\":\"BauWeb\",\"potentialAction\":[{\"@type\":\"SearchAction\",\"target\":{\"@type\":\"EntryPoint\",\"urlTemplate\":\"https:\/\/bauweb.hr\/?s={search_term_string}\"},\"query-input\":{\"@type\":\"PropertyValueSpecification\",\"valueRequired\":true,\"valueName\":\"search_term_string\"}}],\"inLanguage\":\"hr\"},{\"@type\":\"Organization\",\"@id\":\"https:\/\/bauweb.hr\/#organization\",\"name\":\"Hobi dom d.o.o.\",\"url\":\"https:\/\/bauweb.hr\/\",\"logo\":{\"@type\":\"ImageObject\",\"inLanguage\":\"hr\",\"@id\":\"https:\/\/bauweb.hr\/#\/schema\/logo\/image\/\",\"url\":\"https:\/\/bauweb.hr\/wp-content\/uploads\/2023\/01\/Bauweb_logo-01.png\",\"contentUrl\":\"https:\/\/bauweb.hr\/wp-content\/uploads\/2023\/01\/Bauweb_logo-01.png\",\"width\":842,\"height\":596,\"caption\":\"Hobi dom d.o.o.\"},\"image\":{\"@id\":\"https:\/\/bauweb.hr\/#\/schema\/logo\/image\/\"},\"sameAs\":[\"https:\/\/facebook.com\/bauweb00\",\"https:\/\/instagram.com\/bauweb_shop\"]}]}<\/script>\n<!-- \/ Yoast SEO plugin. -->","yoast_head_json":{"title":"Distar Skalpel dijamantna rezna plo\u010da 101,6x0,9mm - BauWeb","description":"Potra\u017eite \u0161iroki izbor alata i materijala za profesionalne gra\u0111evinske radove. Istra\u017ei Bauweb ponudu i kupuj uz odli\u010dne popuste.","robots":{"index":"index","follow":"follow","max-snippet":"max-snippet:-1","max-image-preview":"max-image-preview:large","max-video-preview":"max-video-preview:-1"},"canonical":"https:\/\/bauweb.hr\/index.php\/product\/distar-skalpel-dijamantna-rezna-ploca-1016x09mm\/","og_locale":"hr_HR","og_type":"article","og_title":"Distar Skalpel dijamantna rezna plo\u010da 101,6x0,9mm - BauWeb","og_description":"Potra\u017eite \u0161iroki izbor alata i materijala za profesionalne gra\u0111evinske radove. Istra\u017ei Bauweb ponudu i kupuj uz odli\u010dne popuste.","og_url":"https:\/\/bauweb.hr\/index.php\/product\/distar-skalpel-dijamantna-rezna-ploca-1016x09mm\/","og_site_name":"BauWeb","article_publisher":"https:\/\/facebook.com\/bauweb00","article_modified_time":"2025-09-08T14:41:21+00:00","og_image":[{"width":690,"height":690,"url":"https:\/\/bauweb.hr\/wp-content\/uploads\/2025\/03\/SKALPEL.jpg","type":"image\/jpeg"}],"twitter_card":"summary_large_image","twitter_misc":{"Procijenjeno vrijeme \u010ditanja":"1 minuta"},"schema":{"@context":"https:\/\/schema.org","@graph":[{"@type":"WebPage","@id":"https:\/\/bauweb.hr\/index.php\/product\/distar-skalpel-dijamantna-rezna-ploca-1016x09mm\/","url":"https:\/\/bauweb.hr\/index.php\/product\/distar-skalpel-dijamantna-rezna-ploca-1016x09mm\/","name":"Distar Skalpel dijamantna rezna plo\u010da 101,6x0,9mm - BauWeb","isPartOf":{"@id":"https:\/\/bauweb.hr\/#website"},"primaryImageOfPage":{"@id":"https:\/\/bauweb.hr\/index.php\/product\/distar-skalpel-dijamantna-rezna-ploca-1016x09mm\/#primaryimage"},"image":{"@id":"https:\/\/bauweb.hr\/index.php\/product\/distar-skalpel-dijamantna-rezna-ploca-1016x09mm\/#primaryimage"},"thumbnailUrl":"https:\/\/bauweb.hr\/wp-content\/uploads\/2025\/03\/SKALPEL.jpg","datePublished":"2025-03-08T09:19:58+00:00","dateModified":"2025-09-08T14:41:21+00:00","description":"Potra\u017eite \u0161iroki izbor alata i materijala za profesionalne gra\u0111evinske radove. Istra\u017ei Bauweb ponudu i kupuj uz odli\u010dne popuste.","breadcrumb":{"@id":"https:\/\/bauweb.hr\/index.php\/product\/distar-skalpel-dijamantna-rezna-ploca-1016x09mm\/#breadcrumb"},"inLanguage":"hr","potentialAction":[{"@type":"ReadAction","target":["https:\/\/bauweb.hr\/index.php\/product\/distar-skalpel-dijamantna-rezna-ploca-1016x09mm\/"]}]},{"@type":"ImageObject","inLanguage":"hr","@id":"https:\/\/bauweb.hr\/index.php\/product\/distar-skalpel-dijamantna-rezna-ploca-1016x09mm\/#primaryimage","url":"https:\/\/bauweb.hr\/wp-content\/uploads\/2025\/03\/SKALPEL.jpg","contentUrl":"https:\/\/bauweb.hr\/wp-content\/uploads\/2025\/03\/SKALPEL.jpg","width":690,"height":690},{"@type":"BreadcrumbList","@id":"https:\/\/bauweb.hr\/index.php\/product\/distar-skalpel-dijamantna-rezna-ploca-1016x09mm\/#breadcrumb","itemListElement":[{"@type":"ListItem","position":1,"name":"Po\u010detna stranica","item":"https:\/\/bauweb.hr\/"},{"@type":"ListItem","position":2,"name":"Shop","item":"https:\/\/bauweb.hr\/index.php\/shop-wooshop-v1\/"},{"@type":"ListItem","position":3,"name":"Distar Skalpel dijamantna rezna plo\u010da 101,6&#215;0,9mm"}]},{"@type":"WebSite","@id":"https:\/\/bauweb.hr\/#website","url":"https:\/\/bauweb.hr\/","name":"BauWeb","description":"Za prave majstore","publisher":{"@id":"https:\/\/bauweb.hr\/#organization"},"alternateName":"BauWeb","potentialAction":[{"@type":"SearchAction","target":{"@type":"EntryPoint","urlTemplate":"https:\/\/bauweb.hr\/?s={search_term_string}"},"query-input":{"@type":"PropertyValueSpecification","valueRequired":true,"valueName":"search_term_string"}}],"inLanguage":"hr"},{"@type":"Organization","@id":"https:\/\/bauweb.hr\/#organization","name":"Hobi dom d.o.o.","url":"https:\/\/bauweb.hr\/","logo":{"@type":"ImageObject","inLanguage":"hr","@id":"https:\/\/bauweb.hr\/#\/schema\/logo\/image\/","url":"https:\/\/bauweb.hr\/wp-content\/uploads\/2023\/01\/Bauweb_logo-01.png","contentUrl":"https:\/\/bauweb.hr\/wp-content\/uploads\/2023\/01\/Bauweb_logo-01.png","width":842,"height":596,"caption":"Hobi dom d.o.o."},"image":{"@id":"https:\/\/bauweb.hr\/#\/schema\/logo\/image\/"},"sameAs":["https:\/\/facebook.com\/bauweb00","https:\/\/instagram.com\/bauweb_shop"]}]}},"_links":{"self":[{"href":"https:\/\/bauweb.hr\/index.php\/wp-json\/wp\/v2\/product\/25265","targetHints":{"allow":["GET"]}}],"collection":[{"href":"https:\/\/bauweb.hr\/index.php\/wp-json\/wp\/v2\/product"}],"about":[{"href":"https:\/\/bauweb.hr\/index.php\/wp-json\/wp\/v2\/types\/product"}],"replies":[{"embeddable":true,"href":"https:\/\/bauweb.hr\/index.php\/wp-json\/wp\/v2\/comments?post=25265"}],"wp:featuredmedia":[{"embeddable":true,"href":"https:\/\/bauweb.hr\/index.php\/wp-json\/wp\/v2\/media\/25267"}],"wp:attachment":[{"href":"https:\/\/bauweb.hr\/index.php\/wp-json\/wp\/v2\/media?parent=25265"}],"wp:term":[{"taxonomy":"product_brand","embeddable":true,"href":"https:\/\/bauweb.hr\/index.php\/wp-json\/wp\/v2\/product_brand?post=25265"},{"taxonomy":"product_cat","embeddable":true,"href":"https:\/\/bauweb.hr\/index.php\/wp-json\/wp\/v2\/product_cat?post=25265"},{"taxonomy":"product_tag","embeddable":true,"href":"https:\/\/bauweb.hr\/index.php\/wp-json\/wp\/v2\/product_tag?post=25265"}],"curies":[{"name":"wp","href":"https:\/\/api.w.org\/{rel}","templated":true}]}}