{"id":25819,"date":"2025-04-04T12:41:45","date_gmt":"2025-04-04T10:41:45","guid":{"rendered":"https:\/\/bauweb.hr\/?post_type=product&#038;p=25819"},"modified":"2025-04-04T12:43:12","modified_gmt":"2025-04-04T10:43:12","slug":"blackdecker-asi400-auto-kompresor-max-11bar","status":"publish","type":"product","link":"https:\/\/bauweb.hr\/index.php\/product\/blackdecker-asi400-auto-kompresor-max-11bar\/","title":{"rendered":"Black&#038;Decker ASI400 AUTO KOMPRESOR 12V MAX. 11bar"},"content":{"rendered":"<h4>Black&amp;Decker ASI400 AUTO KOMPRESOR 12V\u00a0 MAX. 11bar<\/h4>\n<p>Kompresor s\u00a0funkcijom automatskog isklju\u010divanja, koji daje to\u010dne rezultate svaki put, \u0161to osigurava da\u00a0nema rizika od prekomjerne ili nedovoljne napuhanosti.<br \/>\nSna\u017eni zra\u010dni kompresor od 160\u00a0PSI \/ 11\u00a0Bar rje\u0161ava mnoge zadatke.<br \/>\nKompaktan dizajn\u00a0omogu\u0107uje jednostavno skladi\u0161tenje u\u00a0prtlja\u017eniku \/ polici \/ ormari\u0107u itd.<br \/>\nTako\u0111er je opremljen digitalnim mjera\u010dem za prikaz trenutnog tlaka i\u00a0zadanog ciljnog\u00a0tlaka.<\/p>\n<ul>\n<li>Univerzalni kompresor koji radi na 12 V DC napona omogu\u0107uje obavljanje najrazli\u010ditijih operacija vezanih uz napuhavanje i ispuhavanje<\/li>\n<li>Istodobno, funkcija automatskog isklju\u010divanja osigurava svaki put postizanje to\u010dnih rezultata; bez opasnosti od prenapuhavanja ili prenapuhavanja, a samim time i bez brige<\/li>\n<li>Kompletan opseg isporuke koji uklju\u010duje digitalni manometar i adapter za spajanje na 12V uti\u010dnicu u automobilu omogu\u0107uje brzo i jednostavno kori\u0161tenje<\/li>\n<li>Sna\u017eni kompresor, koji daje tlak od 11 bara, omogu\u0107uje obavljanje najrazli\u010ditijih operacija vezanih uz napuhavanje napuhavanje<\/li>\n<li>Kompaktan dizajn omogu\u0107uje jednostavno spremanje u prtlja\u017eniku vozila, na polici, u ormaru itd.<\/li>\n<li>Sna\u017ean dizajn &#8211; nosi se s najzahtjevnijim zadacima tijekom napuhavanja i napuhavanja<\/li>\n<li>Digitalni indikator koji pokazuje trenutni tlak kao i postavljeni ciljani tlak<\/li>\n<li>Visokotla\u010dno crijevo za napuhavanje sportske opreme i napuhavanje guma<\/li>\n<li>Crijevo velikog volumena za napuhavanje ve\u0107ih predmeta<\/li>\n<\/ul>\n<p>Te\u017eina: 1.82 kg<br \/>\nMarka: Black &amp; Decker<br \/>\nMaterijal: Metal, Plastika<br \/>\nNamjena: Za dom<br \/>\nVeli\u010dina pakiranja: 25 x 16 x 24 cm<br \/>\nGarancija: 24 mjeseca\/mjeseci<\/p>\n","protected":false},"excerpt":{"rendered":"<h4>Black&amp;Decker ASI400 AUTO KOMPRESOR 12V MAX. 11bar<\/h4>\n<p>Kompresor s\u00a0funkcijom automatskog isklju\u010divanja, koji daje to\u010dne rezultate svaki put, \u0161to osigurava da\u00a0nema rizika od prekomjerne ili nedovoljne napuhanosti.<br \/>\nSna\u017eni zra\u010dni kompresor od 160\u00a0PSI \/ 11\u00a0Bar rje\u0161ava mnoge zadatke.<br \/>\nKompaktan dizajn\u00a0omogu\u0107uje jednostavno skladi\u0161tenje u\u00a0prtlja\u017eniku \/ polici \/ ormari\u0107u itd.<br \/>\nTako\u0111er je opremljen digitalnim mjera\u010dem za prikaz trenutnog tlaka i\u00a0zadanog ciljnog\u00a0tlaka.<\/p>\n","protected":false},"featured_media":25821,"comment_status":"open","ping_status":"closed","template":"","meta":[],"product_brand":[354],"product_cat":[440],"product_tag":[],"class_list":{"0":"post-25819","1":"product","2":"type-product","3":"status-publish","4":"has-post-thumbnail","6":"product_brand-blackdecker","7":"product_cat-oprema-za-bicikle","9":"first","10":"instock","11":"sale","12":"shipping-taxable","13":"purchasable","14":"product-type-simple"},"yoast_head":"<!-- This site is optimized with the Yoast SEO plugin v27.2 - https:\/\/yoast.com\/product\/yoast-seo-wordpress\/ -->\n<title>Black&amp;Decker ASI400 AUTO KOMPRESOR 12V MAX. 11bar - BauWeb<\/title>\n<meta name=\"description\" content=\"Potra\u017eite \u0161iroki izbor alata i materijala za profesionalne gra\u0111evinske radove. Istra\u017ei Bauweb ponudu i kupuj uz odli\u010dne popuste.\" \/>\n<meta name=\"robots\" content=\"index, follow, max-snippet:-1, max-image-preview:large, max-video-preview:-1\" \/>\n<link rel=\"canonical\" href=\"https:\/\/bauweb.hr\/index.php\/product\/blackdecker-asi400-auto-kompresor-max-11bar\/\" \/>\n<meta property=\"og:locale\" content=\"hr_HR\" \/>\n<meta property=\"og:type\" content=\"article\" \/>\n<meta property=\"og:title\" content=\"Black&amp;Decker ASI400 AUTO KOMPRESOR 12V MAX. 11bar - BauWeb\" \/>\n<meta property=\"og:description\" content=\"Potra\u017eite \u0161iroki izbor alata i materijala za profesionalne gra\u0111evinske radove. Istra\u017ei Bauweb ponudu i kupuj uz odli\u010dne popuste.\" \/>\n<meta property=\"og:url\" content=\"https:\/\/bauweb.hr\/index.php\/product\/blackdecker-asi400-auto-kompresor-max-11bar\/\" \/>\n<meta property=\"og:site_name\" content=\"BauWeb\" \/>\n<meta property=\"article:publisher\" content=\"https:\/\/facebook.com\/bauweb00\" \/>\n<meta property=\"article:modified_time\" content=\"2025-04-04T10:43:12+00:00\" \/>\n<meta property=\"og:image\" content=\"https:\/\/bauweb.hr\/wp-content\/uploads\/2025\/04\/ASI400_2-Copy.jpg\" \/>\n\t<meta property=\"og:image:width\" content=\"690\" \/>\n\t<meta property=\"og:image:height\" content=\"690\" \/>\n\t<meta property=\"og:image:type\" content=\"image\/jpeg\" \/>\n<meta name=\"twitter:card\" content=\"summary_large_image\" \/>\n<meta name=\"twitter:label1\" content=\"Procijenjeno vrijeme \u010ditanja\" \/>\n\t<meta name=\"twitter:data1\" content=\"2 minute\" \/>\n<script type=\"application\/ld+json\" class=\"yoast-schema-graph\">{\"@context\":\"https:\/\/schema.org\",\"@graph\":[{\"@type\":\"WebPage\",\"@id\":\"https:\/\/bauweb.hr\/index.php\/product\/blackdecker-asi400-auto-kompresor-max-11bar\/\",\"url\":\"https:\/\/bauweb.hr\/index.php\/product\/blackdecker-asi400-auto-kompresor-max-11bar\/\",\"name\":\"Black&Decker ASI400 AUTO KOMPRESOR 12V MAX. 11bar - BauWeb\",\"isPartOf\":{\"@id\":\"https:\/\/bauweb.hr\/#website\"},\"primaryImageOfPage\":{\"@id\":\"https:\/\/bauweb.hr\/index.php\/product\/blackdecker-asi400-auto-kompresor-max-11bar\/#primaryimage\"},\"image\":{\"@id\":\"https:\/\/bauweb.hr\/index.php\/product\/blackdecker-asi400-auto-kompresor-max-11bar\/#primaryimage\"},\"thumbnailUrl\":\"https:\/\/bauweb.hr\/wp-content\/uploads\/2025\/04\/ASI400_2-Copy.jpg\",\"datePublished\":\"2025-04-04T10:41:45+00:00\",\"dateModified\":\"2025-04-04T10:43:12+00:00\",\"description\":\"Potra\u017eite \u0161iroki izbor alata i materijala za profesionalne gra\u0111evinske radove. Istra\u017ei Bauweb ponudu i kupuj uz odli\u010dne popuste.\",\"breadcrumb\":{\"@id\":\"https:\/\/bauweb.hr\/index.php\/product\/blackdecker-asi400-auto-kompresor-max-11bar\/#breadcrumb\"},\"inLanguage\":\"hr\",\"potentialAction\":[{\"@type\":\"ReadAction\",\"target\":[\"https:\/\/bauweb.hr\/index.php\/product\/blackdecker-asi400-auto-kompresor-max-11bar\/\"]}]},{\"@type\":\"ImageObject\",\"inLanguage\":\"hr\",\"@id\":\"https:\/\/bauweb.hr\/index.php\/product\/blackdecker-asi400-auto-kompresor-max-11bar\/#primaryimage\",\"url\":\"https:\/\/bauweb.hr\/wp-content\/uploads\/2025\/04\/ASI400_2-Copy.jpg\",\"contentUrl\":\"https:\/\/bauweb.hr\/wp-content\/uploads\/2025\/04\/ASI400_2-Copy.jpg\",\"width\":690,\"height\":690},{\"@type\":\"BreadcrumbList\",\"@id\":\"https:\/\/bauweb.hr\/index.php\/product\/blackdecker-asi400-auto-kompresor-max-11bar\/#breadcrumb\",\"itemListElement\":[{\"@type\":\"ListItem\",\"position\":1,\"name\":\"Po\u010detna stranica\",\"item\":\"https:\/\/bauweb.hr\/\"},{\"@type\":\"ListItem\",\"position\":2,\"name\":\"Shop\",\"item\":\"https:\/\/bauweb.hr\/index.php\/shop-wooshop-v1\/\"},{\"@type\":\"ListItem\",\"position\":3,\"name\":\"Black&#038;Decker ASI400 AUTO KOMPRESOR 12V MAX. 11bar\"}]},{\"@type\":\"WebSite\",\"@id\":\"https:\/\/bauweb.hr\/#website\",\"url\":\"https:\/\/bauweb.hr\/\",\"name\":\"BauWeb\",\"description\":\"Za prave majstore\",\"publisher\":{\"@id\":\"https:\/\/bauweb.hr\/#organization\"},\"alternateName\":\"BauWeb\",\"potentialAction\":[{\"@type\":\"SearchAction\",\"target\":{\"@type\":\"EntryPoint\",\"urlTemplate\":\"https:\/\/bauweb.hr\/?s={search_term_string}\"},\"query-input\":{\"@type\":\"PropertyValueSpecification\",\"valueRequired\":true,\"valueName\":\"search_term_string\"}}],\"inLanguage\":\"hr\"},{\"@type\":\"Organization\",\"@id\":\"https:\/\/bauweb.hr\/#organization\",\"name\":\"Hobi dom d.o.o.\",\"url\":\"https:\/\/bauweb.hr\/\",\"logo\":{\"@type\":\"ImageObject\",\"inLanguage\":\"hr\",\"@id\":\"https:\/\/bauweb.hr\/#\/schema\/logo\/image\/\",\"url\":\"https:\/\/bauweb.hr\/wp-content\/uploads\/2023\/01\/Bauweb_logo-01.png\",\"contentUrl\":\"https:\/\/bauweb.hr\/wp-content\/uploads\/2023\/01\/Bauweb_logo-01.png\",\"width\":842,\"height\":596,\"caption\":\"Hobi dom d.o.o.\"},\"image\":{\"@id\":\"https:\/\/bauweb.hr\/#\/schema\/logo\/image\/\"},\"sameAs\":[\"https:\/\/facebook.com\/bauweb00\",\"https:\/\/instagram.com\/bauweb_shop\"]}]}<\/script>\n<!-- \/ Yoast SEO plugin. -->","yoast_head_json":{"title":"Black&Decker ASI400 AUTO KOMPRESOR 12V MAX. 11bar - BauWeb","description":"Potra\u017eite \u0161iroki izbor alata i materijala za profesionalne gra\u0111evinske radove. Istra\u017ei Bauweb ponudu i kupuj uz odli\u010dne popuste.","robots":{"index":"index","follow":"follow","max-snippet":"max-snippet:-1","max-image-preview":"max-image-preview:large","max-video-preview":"max-video-preview:-1"},"canonical":"https:\/\/bauweb.hr\/index.php\/product\/blackdecker-asi400-auto-kompresor-max-11bar\/","og_locale":"hr_HR","og_type":"article","og_title":"Black&Decker ASI400 AUTO KOMPRESOR 12V MAX. 11bar - BauWeb","og_description":"Potra\u017eite \u0161iroki izbor alata i materijala za profesionalne gra\u0111evinske radove. Istra\u017ei Bauweb ponudu i kupuj uz odli\u010dne popuste.","og_url":"https:\/\/bauweb.hr\/index.php\/product\/blackdecker-asi400-auto-kompresor-max-11bar\/","og_site_name":"BauWeb","article_publisher":"https:\/\/facebook.com\/bauweb00","article_modified_time":"2025-04-04T10:43:12+00:00","og_image":[{"width":690,"height":690,"url":"https:\/\/bauweb.hr\/wp-content\/uploads\/2025\/04\/ASI400_2-Copy.jpg","type":"image\/jpeg"}],"twitter_card":"summary_large_image","twitter_misc":{"Procijenjeno vrijeme \u010ditanja":"2 minute"},"schema":{"@context":"https:\/\/schema.org","@graph":[{"@type":"WebPage","@id":"https:\/\/bauweb.hr\/index.php\/product\/blackdecker-asi400-auto-kompresor-max-11bar\/","url":"https:\/\/bauweb.hr\/index.php\/product\/blackdecker-asi400-auto-kompresor-max-11bar\/","name":"Black&Decker ASI400 AUTO KOMPRESOR 12V MAX. 11bar - BauWeb","isPartOf":{"@id":"https:\/\/bauweb.hr\/#website"},"primaryImageOfPage":{"@id":"https:\/\/bauweb.hr\/index.php\/product\/blackdecker-asi400-auto-kompresor-max-11bar\/#primaryimage"},"image":{"@id":"https:\/\/bauweb.hr\/index.php\/product\/blackdecker-asi400-auto-kompresor-max-11bar\/#primaryimage"},"thumbnailUrl":"https:\/\/bauweb.hr\/wp-content\/uploads\/2025\/04\/ASI400_2-Copy.jpg","datePublished":"2025-04-04T10:41:45+00:00","dateModified":"2025-04-04T10:43:12+00:00","description":"Potra\u017eite \u0161iroki izbor alata i materijala za profesionalne gra\u0111evinske radove. Istra\u017ei Bauweb ponudu i kupuj uz odli\u010dne popuste.","breadcrumb":{"@id":"https:\/\/bauweb.hr\/index.php\/product\/blackdecker-asi400-auto-kompresor-max-11bar\/#breadcrumb"},"inLanguage":"hr","potentialAction":[{"@type":"ReadAction","target":["https:\/\/bauweb.hr\/index.php\/product\/blackdecker-asi400-auto-kompresor-max-11bar\/"]}]},{"@type":"ImageObject","inLanguage":"hr","@id":"https:\/\/bauweb.hr\/index.php\/product\/blackdecker-asi400-auto-kompresor-max-11bar\/#primaryimage","url":"https:\/\/bauweb.hr\/wp-content\/uploads\/2025\/04\/ASI400_2-Copy.jpg","contentUrl":"https:\/\/bauweb.hr\/wp-content\/uploads\/2025\/04\/ASI400_2-Copy.jpg","width":690,"height":690},{"@type":"BreadcrumbList","@id":"https:\/\/bauweb.hr\/index.php\/product\/blackdecker-asi400-auto-kompresor-max-11bar\/#breadcrumb","itemListElement":[{"@type":"ListItem","position":1,"name":"Po\u010detna stranica","item":"https:\/\/bauweb.hr\/"},{"@type":"ListItem","position":2,"name":"Shop","item":"https:\/\/bauweb.hr\/index.php\/shop-wooshop-v1\/"},{"@type":"ListItem","position":3,"name":"Black&#038;Decker ASI400 AUTO KOMPRESOR 12V MAX. 11bar"}]},{"@type":"WebSite","@id":"https:\/\/bauweb.hr\/#website","url":"https:\/\/bauweb.hr\/","name":"BauWeb","description":"Za prave majstore","publisher":{"@id":"https:\/\/bauweb.hr\/#organization"},"alternateName":"BauWeb","potentialAction":[{"@type":"SearchAction","target":{"@type":"EntryPoint","urlTemplate":"https:\/\/bauweb.hr\/?s={search_term_string}"},"query-input":{"@type":"PropertyValueSpecification","valueRequired":true,"valueName":"search_term_string"}}],"inLanguage":"hr"},{"@type":"Organization","@id":"https:\/\/bauweb.hr\/#organization","name":"Hobi dom d.o.o.","url":"https:\/\/bauweb.hr\/","logo":{"@type":"ImageObject","inLanguage":"hr","@id":"https:\/\/bauweb.hr\/#\/schema\/logo\/image\/","url":"https:\/\/bauweb.hr\/wp-content\/uploads\/2023\/01\/Bauweb_logo-01.png","contentUrl":"https:\/\/bauweb.hr\/wp-content\/uploads\/2023\/01\/Bauweb_logo-01.png","width":842,"height":596,"caption":"Hobi dom d.o.o."},"image":{"@id":"https:\/\/bauweb.hr\/#\/schema\/logo\/image\/"},"sameAs":["https:\/\/facebook.com\/bauweb00","https:\/\/instagram.com\/bauweb_shop"]}]}},"_links":{"self":[{"href":"https:\/\/bauweb.hr\/index.php\/wp-json\/wp\/v2\/product\/25819","targetHints":{"allow":["GET"]}}],"collection":[{"href":"https:\/\/bauweb.hr\/index.php\/wp-json\/wp\/v2\/product"}],"about":[{"href":"https:\/\/bauweb.hr\/index.php\/wp-json\/wp\/v2\/types\/product"}],"replies":[{"embeddable":true,"href":"https:\/\/bauweb.hr\/index.php\/wp-json\/wp\/v2\/comments?post=25819"}],"wp:featuredmedia":[{"embeddable":true,"href":"https:\/\/bauweb.hr\/index.php\/wp-json\/wp\/v2\/media\/25821"}],"wp:attachment":[{"href":"https:\/\/bauweb.hr\/index.php\/wp-json\/wp\/v2\/media?parent=25819"}],"wp:term":[{"taxonomy":"product_brand","embeddable":true,"href":"https:\/\/bauweb.hr\/index.php\/wp-json\/wp\/v2\/product_brand?post=25819"},{"taxonomy":"product_cat","embeddable":true,"href":"https:\/\/bauweb.hr\/index.php\/wp-json\/wp\/v2\/product_cat?post=25819"},{"taxonomy":"product_tag","embeddable":true,"href":"https:\/\/bauweb.hr\/index.php\/wp-json\/wp\/v2\/product_tag?post=25819"}],"curies":[{"name":"wp","href":"https:\/\/api.w.org\/{rel}","templated":true}]}}