{"id":25879,"date":"2025-04-07T13:18:09","date_gmt":"2025-04-07T11:18:09","guid":{"rendered":"https:\/\/bauweb.hr\/?post_type=product&#038;p=25879"},"modified":"2025-04-07T13:18:11","modified_gmt":"2025-04-07T11:18:11","slug":"cx80fc-sredstvo-za-ciscenje-bicikla-500ml","status":"publish","type":"product","link":"https:\/\/bauweb.hr\/index.php\/product\/cx80fc-sredstvo-za-ciscenje-bicikla-500ml\/","title":{"rendered":"CX80FC Sredstvo za \u010di\u0161\u0107enje bicikla 500ml"},"content":{"rendered":"<h4>CX80FC Sredstvo za \u010di\u0161\u0107enje bicikla<\/h4>\n<p>CX80 FRAME CLEANER je preparat kreiran posebno za \u010di\u0161\u0107enje okvira bicikla.<br \/>\nZahvaljuju\u0107i svojoj jedinstvenoj formuli koja sadr\u017ei tvari za \u010di\u0161\u0107enje, antikorozivne i antistati\u010dke tvari, pripravak brzo i u\u010dinkovito uklanja one\u010di\u0161\u0107enja.<br \/>\nIdealno je rje\u0161enje za bicikliste koji svoju opremu \u017eele odr\u017eati u izvrsnom stanju, bez obzira na materijal od kojeg je izra\u0111ena.<br \/>\nProizvod je dostupan u spreju od 500 ml, \u0161to olak\u0161ava njegovu primjenu i dugotrajnost.<\/p>\n<p>Dimenzije:<br \/>\n&#8211; Pakiranje: 500 ml sprej<br \/>\n&#8211; Te\u017eina: 0,417 kg<\/p>\n<p>Karakteristike:<br \/>\n&#8211; Sadr\u017ei sredstva za \u010di\u0161\u0107enje, antikorozivne i antistati\u010dke tvari<br \/>\n&#8211; Brzo i u\u010dinkovito \u010di\u0161\u0107enje<br \/>\n&#8211; Sigurno za razne materijale kao \u0161to su titan, aluminij, stakloplastika, krom, guma, ko\u017ea, plastika<\/p>\n<p>Parametri:<br \/>\n&#8211; Marka: CX80<br \/>\n&#8211; Jedinica mjere: kom<br \/>\n&#8211; Proizvod te\u017eina: 0,417 kg<\/p>\n<p>Primjena:<br \/>\nCX80 FRAME CLEANER namijenjen je \u010di\u0161\u0107enju svih vrsta povr\u0161ina koje se koriste na biciklima. Bez obzira na to je li va\u0161 bicikl izra\u0111en od titana, aluminija ili stakloplastike, ovaj \u0107e pripravak u\u010dinkovito ukloniti prljav\u0161tinu i istovremeno za\u0161tititi povr\u0161inu od korozije. Savr\u0161eno za bicikliste koji brinu o izgledu i trajnosti svoje opreme.<\/p>\n","protected":false},"excerpt":{"rendered":"<h4>CX80FC Sredstvo za \u010di\u0161\u0107enje bicikla<\/h4>\n<p>CX80 FRAME CLEANER je preparat kreiran posebno za \u010di\u0161\u0107enje okvira bicikla.<br \/>\nZahvaljuju\u0107i svojoj jedinstvenoj formuli koja sadr\u017ei tvari za \u010di\u0161\u0107enje, antikorozivne i antistati\u010dke tvari, pripravak brzo i u\u010dinkovito uklanja one\u010di\u0161\u0107enja.<br \/>\nIdealno je rje\u0161enje za bicikliste koji svoju opremu \u017eele odr\u017eati u izvrsnom stanju, bez obzira na materijal od kojeg je izra\u0111ena.<br \/>\nProizvod je dostupan u spreju od 500 ml, \u0161to olak\u0161ava njegovu primjenu i dugotrajnost.<\/p>\n","protected":false},"featured_media":25880,"comment_status":"open","ping_status":"closed","template":"","meta":[],"product_brand":[443],"product_cat":[440],"product_tag":[],"class_list":{"0":"post-25879","1":"product","2":"type-product","3":"status-publish","4":"has-post-thumbnail","6":"product_brand-cx80","7":"product_cat-oprema-za-bicikle","9":"first","10":"instock","11":"shipping-taxable","12":"purchasable","13":"product-type-simple"},"yoast_head":"<!-- This site is optimized with the Yoast SEO plugin v27.2 - https:\/\/yoast.com\/product\/yoast-seo-wordpress\/ -->\n<title>CX80FC Sredstvo za \u010di\u0161\u0107enje bicikla 500ml - BauWeb<\/title>\n<meta name=\"description\" content=\"Potra\u017eite \u0161iroki izbor alata i materijala za profesionalne gra\u0111evinske radove. Istra\u017ei Bauweb ponudu i kupuj uz odli\u010dne popuste.\" \/>\n<meta name=\"robots\" content=\"index, follow, max-snippet:-1, max-image-preview:large, max-video-preview:-1\" \/>\n<link rel=\"canonical\" href=\"https:\/\/bauweb.hr\/index.php\/product\/cx80fc-sredstvo-za-ciscenje-bicikla-500ml\/\" \/>\n<meta property=\"og:locale\" content=\"hr_HR\" \/>\n<meta property=\"og:type\" content=\"article\" \/>\n<meta property=\"og:title\" content=\"CX80FC Sredstvo za \u010di\u0161\u0107enje bicikla 500ml - BauWeb\" \/>\n<meta property=\"og:description\" content=\"Potra\u017eite \u0161iroki izbor alata i materijala za profesionalne gra\u0111evinske radove. Istra\u017ei Bauweb ponudu i kupuj uz odli\u010dne popuste.\" \/>\n<meta property=\"og:url\" content=\"https:\/\/bauweb.hr\/index.php\/product\/cx80fc-sredstvo-za-ciscenje-bicikla-500ml\/\" \/>\n<meta property=\"og:site_name\" content=\"BauWeb\" \/>\n<meta property=\"article:publisher\" content=\"https:\/\/facebook.com\/bauweb00\" \/>\n<meta property=\"article:modified_time\" content=\"2025-04-07T11:18:11+00:00\" \/>\n<meta property=\"og:image\" content=\"https:\/\/bauweb.hr\/wp-content\/uploads\/2025\/04\/cx80fc.jpg\" \/>\n\t<meta property=\"og:image:width\" content=\"690\" \/>\n\t<meta property=\"og:image:height\" content=\"690\" \/>\n\t<meta property=\"og:image:type\" content=\"image\/jpeg\" \/>\n<meta name=\"twitter:card\" content=\"summary_large_image\" \/>\n<meta name=\"twitter:label1\" content=\"Procijenjeno vrijeme \u010ditanja\" \/>\n\t<meta name=\"twitter:data1\" content=\"2 minute\" \/>\n<script type=\"application\/ld+json\" class=\"yoast-schema-graph\">{\"@context\":\"https:\/\/schema.org\",\"@graph\":[{\"@type\":\"WebPage\",\"@id\":\"https:\/\/bauweb.hr\/index.php\/product\/cx80fc-sredstvo-za-ciscenje-bicikla-500ml\/\",\"url\":\"https:\/\/bauweb.hr\/index.php\/product\/cx80fc-sredstvo-za-ciscenje-bicikla-500ml\/\",\"name\":\"CX80FC Sredstvo za \u010di\u0161\u0107enje bicikla 500ml - BauWeb\",\"isPartOf\":{\"@id\":\"https:\/\/bauweb.hr\/#website\"},\"primaryImageOfPage\":{\"@id\":\"https:\/\/bauweb.hr\/index.php\/product\/cx80fc-sredstvo-za-ciscenje-bicikla-500ml\/#primaryimage\"},\"image\":{\"@id\":\"https:\/\/bauweb.hr\/index.php\/product\/cx80fc-sredstvo-za-ciscenje-bicikla-500ml\/#primaryimage\"},\"thumbnailUrl\":\"https:\/\/bauweb.hr\/wp-content\/uploads\/2025\/04\/cx80fc.jpg\",\"datePublished\":\"2025-04-07T11:18:09+00:00\",\"dateModified\":\"2025-04-07T11:18:11+00:00\",\"description\":\"Potra\u017eite \u0161iroki izbor alata i materijala za profesionalne gra\u0111evinske radove. Istra\u017ei Bauweb ponudu i kupuj uz odli\u010dne popuste.\",\"breadcrumb\":{\"@id\":\"https:\/\/bauweb.hr\/index.php\/product\/cx80fc-sredstvo-za-ciscenje-bicikla-500ml\/#breadcrumb\"},\"inLanguage\":\"hr\",\"potentialAction\":[{\"@type\":\"ReadAction\",\"target\":[\"https:\/\/bauweb.hr\/index.php\/product\/cx80fc-sredstvo-za-ciscenje-bicikla-500ml\/\"]}]},{\"@type\":\"ImageObject\",\"inLanguage\":\"hr\",\"@id\":\"https:\/\/bauweb.hr\/index.php\/product\/cx80fc-sredstvo-za-ciscenje-bicikla-500ml\/#primaryimage\",\"url\":\"https:\/\/bauweb.hr\/wp-content\/uploads\/2025\/04\/cx80fc.jpg\",\"contentUrl\":\"https:\/\/bauweb.hr\/wp-content\/uploads\/2025\/04\/cx80fc.jpg\",\"width\":690,\"height\":690},{\"@type\":\"BreadcrumbList\",\"@id\":\"https:\/\/bauweb.hr\/index.php\/product\/cx80fc-sredstvo-za-ciscenje-bicikla-500ml\/#breadcrumb\",\"itemListElement\":[{\"@type\":\"ListItem\",\"position\":1,\"name\":\"Po\u010detna stranica\",\"item\":\"https:\/\/bauweb.hr\/\"},{\"@type\":\"ListItem\",\"position\":2,\"name\":\"Shop\",\"item\":\"https:\/\/bauweb.hr\/index.php\/shop-wooshop-v1\/\"},{\"@type\":\"ListItem\",\"position\":3,\"name\":\"CX80FC Sredstvo za \u010di\u0161\u0107enje bicikla 500ml\"}]},{\"@type\":\"WebSite\",\"@id\":\"https:\/\/bauweb.hr\/#website\",\"url\":\"https:\/\/bauweb.hr\/\",\"name\":\"BauWeb\",\"description\":\"Za prave majstore\",\"publisher\":{\"@id\":\"https:\/\/bauweb.hr\/#organization\"},\"alternateName\":\"BauWeb\",\"potentialAction\":[{\"@type\":\"SearchAction\",\"target\":{\"@type\":\"EntryPoint\",\"urlTemplate\":\"https:\/\/bauweb.hr\/?s={search_term_string}\"},\"query-input\":{\"@type\":\"PropertyValueSpecification\",\"valueRequired\":true,\"valueName\":\"search_term_string\"}}],\"inLanguage\":\"hr\"},{\"@type\":\"Organization\",\"@id\":\"https:\/\/bauweb.hr\/#organization\",\"name\":\"Hobi dom d.o.o.\",\"url\":\"https:\/\/bauweb.hr\/\",\"logo\":{\"@type\":\"ImageObject\",\"inLanguage\":\"hr\",\"@id\":\"https:\/\/bauweb.hr\/#\/schema\/logo\/image\/\",\"url\":\"https:\/\/bauweb.hr\/wp-content\/uploads\/2023\/01\/Bauweb_logo-01.png\",\"contentUrl\":\"https:\/\/bauweb.hr\/wp-content\/uploads\/2023\/01\/Bauweb_logo-01.png\",\"width\":842,\"height\":596,\"caption\":\"Hobi dom d.o.o.\"},\"image\":{\"@id\":\"https:\/\/bauweb.hr\/#\/schema\/logo\/image\/\"},\"sameAs\":[\"https:\/\/facebook.com\/bauweb00\",\"https:\/\/instagram.com\/bauweb_shop\"]}]}<\/script>\n<!-- \/ Yoast SEO plugin. -->","yoast_head_json":{"title":"CX80FC Sredstvo za \u010di\u0161\u0107enje bicikla 500ml - BauWeb","description":"Potra\u017eite \u0161iroki izbor alata i materijala za profesionalne gra\u0111evinske radove. Istra\u017ei Bauweb ponudu i kupuj uz odli\u010dne popuste.","robots":{"index":"index","follow":"follow","max-snippet":"max-snippet:-1","max-image-preview":"max-image-preview:large","max-video-preview":"max-video-preview:-1"},"canonical":"https:\/\/bauweb.hr\/index.php\/product\/cx80fc-sredstvo-za-ciscenje-bicikla-500ml\/","og_locale":"hr_HR","og_type":"article","og_title":"CX80FC Sredstvo za \u010di\u0161\u0107enje bicikla 500ml - BauWeb","og_description":"Potra\u017eite \u0161iroki izbor alata i materijala za profesionalne gra\u0111evinske radove. Istra\u017ei Bauweb ponudu i kupuj uz odli\u010dne popuste.","og_url":"https:\/\/bauweb.hr\/index.php\/product\/cx80fc-sredstvo-za-ciscenje-bicikla-500ml\/","og_site_name":"BauWeb","article_publisher":"https:\/\/facebook.com\/bauweb00","article_modified_time":"2025-04-07T11:18:11+00:00","og_image":[{"width":690,"height":690,"url":"https:\/\/bauweb.hr\/wp-content\/uploads\/2025\/04\/cx80fc.jpg","type":"image\/jpeg"}],"twitter_card":"summary_large_image","twitter_misc":{"Procijenjeno vrijeme \u010ditanja":"2 minute"},"schema":{"@context":"https:\/\/schema.org","@graph":[{"@type":"WebPage","@id":"https:\/\/bauweb.hr\/index.php\/product\/cx80fc-sredstvo-za-ciscenje-bicikla-500ml\/","url":"https:\/\/bauweb.hr\/index.php\/product\/cx80fc-sredstvo-za-ciscenje-bicikla-500ml\/","name":"CX80FC Sredstvo za \u010di\u0161\u0107enje bicikla 500ml - BauWeb","isPartOf":{"@id":"https:\/\/bauweb.hr\/#website"},"primaryImageOfPage":{"@id":"https:\/\/bauweb.hr\/index.php\/product\/cx80fc-sredstvo-za-ciscenje-bicikla-500ml\/#primaryimage"},"image":{"@id":"https:\/\/bauweb.hr\/index.php\/product\/cx80fc-sredstvo-za-ciscenje-bicikla-500ml\/#primaryimage"},"thumbnailUrl":"https:\/\/bauweb.hr\/wp-content\/uploads\/2025\/04\/cx80fc.jpg","datePublished":"2025-04-07T11:18:09+00:00","dateModified":"2025-04-07T11:18:11+00:00","description":"Potra\u017eite \u0161iroki izbor alata i materijala za profesionalne gra\u0111evinske radove. Istra\u017ei Bauweb ponudu i kupuj uz odli\u010dne popuste.","breadcrumb":{"@id":"https:\/\/bauweb.hr\/index.php\/product\/cx80fc-sredstvo-za-ciscenje-bicikla-500ml\/#breadcrumb"},"inLanguage":"hr","potentialAction":[{"@type":"ReadAction","target":["https:\/\/bauweb.hr\/index.php\/product\/cx80fc-sredstvo-za-ciscenje-bicikla-500ml\/"]}]},{"@type":"ImageObject","inLanguage":"hr","@id":"https:\/\/bauweb.hr\/index.php\/product\/cx80fc-sredstvo-za-ciscenje-bicikla-500ml\/#primaryimage","url":"https:\/\/bauweb.hr\/wp-content\/uploads\/2025\/04\/cx80fc.jpg","contentUrl":"https:\/\/bauweb.hr\/wp-content\/uploads\/2025\/04\/cx80fc.jpg","width":690,"height":690},{"@type":"BreadcrumbList","@id":"https:\/\/bauweb.hr\/index.php\/product\/cx80fc-sredstvo-za-ciscenje-bicikla-500ml\/#breadcrumb","itemListElement":[{"@type":"ListItem","position":1,"name":"Po\u010detna stranica","item":"https:\/\/bauweb.hr\/"},{"@type":"ListItem","position":2,"name":"Shop","item":"https:\/\/bauweb.hr\/index.php\/shop-wooshop-v1\/"},{"@type":"ListItem","position":3,"name":"CX80FC Sredstvo za \u010di\u0161\u0107enje bicikla 500ml"}]},{"@type":"WebSite","@id":"https:\/\/bauweb.hr\/#website","url":"https:\/\/bauweb.hr\/","name":"BauWeb","description":"Za prave majstore","publisher":{"@id":"https:\/\/bauweb.hr\/#organization"},"alternateName":"BauWeb","potentialAction":[{"@type":"SearchAction","target":{"@type":"EntryPoint","urlTemplate":"https:\/\/bauweb.hr\/?s={search_term_string}"},"query-input":{"@type":"PropertyValueSpecification","valueRequired":true,"valueName":"search_term_string"}}],"inLanguage":"hr"},{"@type":"Organization","@id":"https:\/\/bauweb.hr\/#organization","name":"Hobi dom d.o.o.","url":"https:\/\/bauweb.hr\/","logo":{"@type":"ImageObject","inLanguage":"hr","@id":"https:\/\/bauweb.hr\/#\/schema\/logo\/image\/","url":"https:\/\/bauweb.hr\/wp-content\/uploads\/2023\/01\/Bauweb_logo-01.png","contentUrl":"https:\/\/bauweb.hr\/wp-content\/uploads\/2023\/01\/Bauweb_logo-01.png","width":842,"height":596,"caption":"Hobi dom d.o.o."},"image":{"@id":"https:\/\/bauweb.hr\/#\/schema\/logo\/image\/"},"sameAs":["https:\/\/facebook.com\/bauweb00","https:\/\/instagram.com\/bauweb_shop"]}]}},"_links":{"self":[{"href":"https:\/\/bauweb.hr\/index.php\/wp-json\/wp\/v2\/product\/25879","targetHints":{"allow":["GET"]}}],"collection":[{"href":"https:\/\/bauweb.hr\/index.php\/wp-json\/wp\/v2\/product"}],"about":[{"href":"https:\/\/bauweb.hr\/index.php\/wp-json\/wp\/v2\/types\/product"}],"replies":[{"embeddable":true,"href":"https:\/\/bauweb.hr\/index.php\/wp-json\/wp\/v2\/comments?post=25879"}],"wp:featuredmedia":[{"embeddable":true,"href":"https:\/\/bauweb.hr\/index.php\/wp-json\/wp\/v2\/media\/25880"}],"wp:attachment":[{"href":"https:\/\/bauweb.hr\/index.php\/wp-json\/wp\/v2\/media?parent=25879"}],"wp:term":[{"taxonomy":"product_brand","embeddable":true,"href":"https:\/\/bauweb.hr\/index.php\/wp-json\/wp\/v2\/product_brand?post=25879"},{"taxonomy":"product_cat","embeddable":true,"href":"https:\/\/bauweb.hr\/index.php\/wp-json\/wp\/v2\/product_cat?post=25879"},{"taxonomy":"product_tag","embeddable":true,"href":"https:\/\/bauweb.hr\/index.php\/wp-json\/wp\/v2\/product_tag?post=25879"}],"curies":[{"name":"wp","href":"https:\/\/api.w.org\/{rel}","templated":true}]}}