{"id":25882,"date":"2025-04-07T13:31:55","date_gmt":"2025-04-07T11:31:55","guid":{"rendered":"https:\/\/bauweb.hr\/?post_type=product&#038;p=25882"},"modified":"2025-04-07T13:31:56","modified_gmt":"2025-04-07T11:31:56","slug":"drzac-pametnog-telefona-za-bicikl","status":"publish","type":"product","link":"https:\/\/bauweb.hr\/index.php\/product\/drzac-pametnog-telefona-za-bicikl\/","title":{"rendered":"Dr\u017ea\u010d pametnog telefona za bicikl"},"content":{"rendered":"<h4>Dr\u017ea\u010d pametnog telefona za bicikl #2<\/h4>\n<p><span>XL-TOOLS dr\u017ea\u010d pametnog telefona univerzalno je rje\u0161enje za svakog biciklista koji \u017eeli imati svoj telefon ili navigacijski ure\u0111aj uvijek nadohvat ruke.<br \/>\nSavr\u0161eno za le\u017eerna putovanja i zahtjevnu vo\u017enju po te\u0161kom terenu.<br \/>\nZahvaljuju\u0107i \u010dvrstoj konstrukciji i monta\u017ei u \u010detiri to\u010dke, osigurava sigurno i stabilno postavljanje ure\u0111aja.<br \/>\nDuboki uglovi dr\u017ea\u010da primaju pametne telefone debljine do 16 mm, \u0161to zna\u010di da \u0107e i telefon u debelom ku\u0107i\u0161tu biti siguran.<br \/>\nProtuklizna pjena dodatno \u0161titi stra\u017enju stranu ure\u0111aja od ogrebotina.<\/span><\/p>\n<p><span>Dimenzije:<\/span><br \/>\n<span>&#8211; Prikladno za ure\u0111aje: od 5,7&#215;11,5cm do 9x18cm<\/span><\/p>\n<p><span>Zna\u010dajke:<\/span><br \/>\n<span>&#8211; Univerzalni dr\u017ea\u010d za pametni telefon ili navigaciju<\/span><br \/>\n<span>&#8211; Sigurno pri\u010dvr\u0161\u0107ivanje u \u010detiri to\u010dke<\/span><br \/>\n<span>&#8211; Protuklizna povr\u0161ina<\/span><br \/>\n<span>&#8211; 360\u00b0 rotiraju\u0107a glava za bilo koje pozicioniranje telefona<\/span><br \/>\n<span>&#8211; Instalacija bez alata<\/span><\/p>\n<p><span>Primjena:<\/span><br \/>\n<span>Dr\u017ea\u010d za pametni telefon tvrtke XL-TOOLS savr\u0161en je za svakodnevno putovanje na posao i du\u017ea putovanja biciklom. Poma\u017ee u jednostavnom pristupu GPS navigaciji, \u0161to je iznimno korisno na nepoznatom terenu. Zahvaljuju\u0107i rotiraju\u0107oj glavi, korisnik mo\u017ee prilagoditi polo\u017eaj telefona svojim individualnim potrebama, \u0161to pove\u0107ava udobnost i sigurnost vo\u017enje. Savr\u0161eno za ljude koji \u017eele imati slobodne ruke, a istovremeno imati jednostavan pristup svom ure\u0111aju tijekom vo\u017enje.<\/span><\/p>\n","protected":false},"excerpt":{"rendered":"<h4>Dr\u017ea\u010d pametnog telefona za bicikl<\/h4>\n<p>XL-TOOLS dr\u017ea\u010d pametnog telefona univerzalno je rje\u0161enje za svakog biciklista koji \u017eeli imati svoj telefon ili navigacijski ure\u0111aj uvijek nadohvat ruke.<br \/>\nSavr\u0161eno za le\u017eerna putovanja i zahtjevnu vo\u017enju po te\u0161kom terenu.<br \/>\nZahvaljuju\u0107i \u010dvrstoj konstrukciji i monta\u017ei u \u010detiri to\u010dke, osigurava sigurno i stabilno postavljanje ure\u0111aja.<br \/>\nDuboki uglovi dr\u017ea\u010da primaju pametne telefone debljine do 16 mm, \u0161to zna\u010di da \u0107e i telefon u debelom ku\u0107i\u0161tu biti siguran.<br \/>\nProtuklizna pjena dodatno \u0161titi stra\u017enju stranu ure\u0111aja od ogrebotina.<\/p>\n","protected":false},"featured_media":25883,"comment_status":"open","ping_status":"closed","template":"","meta":[],"product_brand":[441],"product_cat":[440],"product_tag":[],"class_list":{"0":"post-25882","1":"product","2":"type-product","3":"status-publish","4":"has-post-thumbnail","6":"product_brand-xl-tools","7":"product_cat-oprema-za-bicikle","9":"first","10":"instock","11":"shipping-taxable","12":"purchasable","13":"product-type-simple"},"yoast_head":"<!-- This site is optimized with the Yoast SEO plugin v27.2 - https:\/\/yoast.com\/product\/yoast-seo-wordpress\/ -->\n<title>Dr\u017ea\u010d pametnog telefona za bicikl - BauWeb<\/title>\n<meta name=\"description\" content=\"Potra\u017eite \u0161iroki izbor alata i materijala za profesionalne gra\u0111evinske radove. Istra\u017ei Bauweb ponudu i kupuj uz odli\u010dne popuste.\" \/>\n<meta name=\"robots\" content=\"index, follow, max-snippet:-1, max-image-preview:large, max-video-preview:-1\" \/>\n<link rel=\"canonical\" href=\"https:\/\/bauweb.hr\/index.php\/product\/drzac-pametnog-telefona-za-bicikl\/\" \/>\n<meta property=\"og:locale\" content=\"hr_HR\" \/>\n<meta property=\"og:type\" content=\"article\" \/>\n<meta property=\"og:title\" content=\"Dr\u017ea\u010d pametnog telefona za bicikl - BauWeb\" \/>\n<meta property=\"og:description\" content=\"Potra\u017eite \u0161iroki izbor alata i materijala za profesionalne gra\u0111evinske radove. Istra\u017ei Bauweb ponudu i kupuj uz odli\u010dne popuste.\" \/>\n<meta property=\"og:url\" content=\"https:\/\/bauweb.hr\/index.php\/product\/drzac-pametnog-telefona-za-bicikl\/\" \/>\n<meta property=\"og:site_name\" content=\"BauWeb\" \/>\n<meta property=\"article:publisher\" content=\"https:\/\/facebook.com\/bauweb00\" \/>\n<meta property=\"article:modified_time\" content=\"2025-04-07T11:31:56+00:00\" \/>\n<meta property=\"og:image\" content=\"https:\/\/bauweb.hr\/wp-content\/uploads\/2025\/04\/LRW1.jpg\" \/>\n\t<meta property=\"og:image:width\" content=\"690\" \/>\n\t<meta property=\"og:image:height\" content=\"690\" \/>\n\t<meta property=\"og:image:type\" content=\"image\/jpeg\" \/>\n<meta name=\"twitter:card\" content=\"summary_large_image\" \/>\n<meta name=\"twitter:label1\" content=\"Procijenjeno vrijeme \u010ditanja\" \/>\n\t<meta name=\"twitter:data1\" content=\"2 minute\" \/>\n<script type=\"application\/ld+json\" class=\"yoast-schema-graph\">{\"@context\":\"https:\/\/schema.org\",\"@graph\":[{\"@type\":\"WebPage\",\"@id\":\"https:\/\/bauweb.hr\/index.php\/product\/drzac-pametnog-telefona-za-bicikl\/\",\"url\":\"https:\/\/bauweb.hr\/index.php\/product\/drzac-pametnog-telefona-za-bicikl\/\",\"name\":\"Dr\u017ea\u010d pametnog telefona za bicikl - BauWeb\",\"isPartOf\":{\"@id\":\"https:\/\/bauweb.hr\/#website\"},\"primaryImageOfPage\":{\"@id\":\"https:\/\/bauweb.hr\/index.php\/product\/drzac-pametnog-telefona-za-bicikl\/#primaryimage\"},\"image\":{\"@id\":\"https:\/\/bauweb.hr\/index.php\/product\/drzac-pametnog-telefona-za-bicikl\/#primaryimage\"},\"thumbnailUrl\":\"https:\/\/bauweb.hr\/wp-content\/uploads\/2025\/04\/LRW1.jpg\",\"datePublished\":\"2025-04-07T11:31:55+00:00\",\"dateModified\":\"2025-04-07T11:31:56+00:00\",\"description\":\"Potra\u017eite \u0161iroki izbor alata i materijala za profesionalne gra\u0111evinske radove. Istra\u017ei Bauweb ponudu i kupuj uz odli\u010dne popuste.\",\"breadcrumb\":{\"@id\":\"https:\/\/bauweb.hr\/index.php\/product\/drzac-pametnog-telefona-za-bicikl\/#breadcrumb\"},\"inLanguage\":\"hr\",\"potentialAction\":[{\"@type\":\"ReadAction\",\"target\":[\"https:\/\/bauweb.hr\/index.php\/product\/drzac-pametnog-telefona-za-bicikl\/\"]}]},{\"@type\":\"ImageObject\",\"inLanguage\":\"hr\",\"@id\":\"https:\/\/bauweb.hr\/index.php\/product\/drzac-pametnog-telefona-za-bicikl\/#primaryimage\",\"url\":\"https:\/\/bauweb.hr\/wp-content\/uploads\/2025\/04\/LRW1.jpg\",\"contentUrl\":\"https:\/\/bauweb.hr\/wp-content\/uploads\/2025\/04\/LRW1.jpg\",\"width\":690,\"height\":690},{\"@type\":\"BreadcrumbList\",\"@id\":\"https:\/\/bauweb.hr\/index.php\/product\/drzac-pametnog-telefona-za-bicikl\/#breadcrumb\",\"itemListElement\":[{\"@type\":\"ListItem\",\"position\":1,\"name\":\"Po\u010detna stranica\",\"item\":\"https:\/\/bauweb.hr\/\"},{\"@type\":\"ListItem\",\"position\":2,\"name\":\"Shop\",\"item\":\"https:\/\/bauweb.hr\/index.php\/shop-wooshop-v1\/\"},{\"@type\":\"ListItem\",\"position\":3,\"name\":\"Dr\u017ea\u010d pametnog telefona za bicikl\"}]},{\"@type\":\"WebSite\",\"@id\":\"https:\/\/bauweb.hr\/#website\",\"url\":\"https:\/\/bauweb.hr\/\",\"name\":\"BauWeb\",\"description\":\"Za prave majstore\",\"publisher\":{\"@id\":\"https:\/\/bauweb.hr\/#organization\"},\"alternateName\":\"BauWeb\",\"potentialAction\":[{\"@type\":\"SearchAction\",\"target\":{\"@type\":\"EntryPoint\",\"urlTemplate\":\"https:\/\/bauweb.hr\/?s={search_term_string}\"},\"query-input\":{\"@type\":\"PropertyValueSpecification\",\"valueRequired\":true,\"valueName\":\"search_term_string\"}}],\"inLanguage\":\"hr\"},{\"@type\":\"Organization\",\"@id\":\"https:\/\/bauweb.hr\/#organization\",\"name\":\"Hobi dom d.o.o.\",\"url\":\"https:\/\/bauweb.hr\/\",\"logo\":{\"@type\":\"ImageObject\",\"inLanguage\":\"hr\",\"@id\":\"https:\/\/bauweb.hr\/#\/schema\/logo\/image\/\",\"url\":\"https:\/\/bauweb.hr\/wp-content\/uploads\/2023\/01\/Bauweb_logo-01.png\",\"contentUrl\":\"https:\/\/bauweb.hr\/wp-content\/uploads\/2023\/01\/Bauweb_logo-01.png\",\"width\":842,\"height\":596,\"caption\":\"Hobi dom d.o.o.\"},\"image\":{\"@id\":\"https:\/\/bauweb.hr\/#\/schema\/logo\/image\/\"},\"sameAs\":[\"https:\/\/facebook.com\/bauweb00\",\"https:\/\/instagram.com\/bauweb_shop\"]}]}<\/script>\n<!-- \/ Yoast SEO plugin. -->","yoast_head_json":{"title":"Dr\u017ea\u010d pametnog telefona za bicikl - BauWeb","description":"Potra\u017eite \u0161iroki izbor alata i materijala za profesionalne gra\u0111evinske radove. Istra\u017ei Bauweb ponudu i kupuj uz odli\u010dne popuste.","robots":{"index":"index","follow":"follow","max-snippet":"max-snippet:-1","max-image-preview":"max-image-preview:large","max-video-preview":"max-video-preview:-1"},"canonical":"https:\/\/bauweb.hr\/index.php\/product\/drzac-pametnog-telefona-za-bicikl\/","og_locale":"hr_HR","og_type":"article","og_title":"Dr\u017ea\u010d pametnog telefona za bicikl - BauWeb","og_description":"Potra\u017eite \u0161iroki izbor alata i materijala za profesionalne gra\u0111evinske radove. Istra\u017ei Bauweb ponudu i kupuj uz odli\u010dne popuste.","og_url":"https:\/\/bauweb.hr\/index.php\/product\/drzac-pametnog-telefona-za-bicikl\/","og_site_name":"BauWeb","article_publisher":"https:\/\/facebook.com\/bauweb00","article_modified_time":"2025-04-07T11:31:56+00:00","og_image":[{"width":690,"height":690,"url":"https:\/\/bauweb.hr\/wp-content\/uploads\/2025\/04\/LRW1.jpg","type":"image\/jpeg"}],"twitter_card":"summary_large_image","twitter_misc":{"Procijenjeno vrijeme \u010ditanja":"2 minute"},"schema":{"@context":"https:\/\/schema.org","@graph":[{"@type":"WebPage","@id":"https:\/\/bauweb.hr\/index.php\/product\/drzac-pametnog-telefona-za-bicikl\/","url":"https:\/\/bauweb.hr\/index.php\/product\/drzac-pametnog-telefona-za-bicikl\/","name":"Dr\u017ea\u010d pametnog telefona za bicikl - BauWeb","isPartOf":{"@id":"https:\/\/bauweb.hr\/#website"},"primaryImageOfPage":{"@id":"https:\/\/bauweb.hr\/index.php\/product\/drzac-pametnog-telefona-za-bicikl\/#primaryimage"},"image":{"@id":"https:\/\/bauweb.hr\/index.php\/product\/drzac-pametnog-telefona-za-bicikl\/#primaryimage"},"thumbnailUrl":"https:\/\/bauweb.hr\/wp-content\/uploads\/2025\/04\/LRW1.jpg","datePublished":"2025-04-07T11:31:55+00:00","dateModified":"2025-04-07T11:31:56+00:00","description":"Potra\u017eite \u0161iroki izbor alata i materijala za profesionalne gra\u0111evinske radove. Istra\u017ei Bauweb ponudu i kupuj uz odli\u010dne popuste.","breadcrumb":{"@id":"https:\/\/bauweb.hr\/index.php\/product\/drzac-pametnog-telefona-za-bicikl\/#breadcrumb"},"inLanguage":"hr","potentialAction":[{"@type":"ReadAction","target":["https:\/\/bauweb.hr\/index.php\/product\/drzac-pametnog-telefona-za-bicikl\/"]}]},{"@type":"ImageObject","inLanguage":"hr","@id":"https:\/\/bauweb.hr\/index.php\/product\/drzac-pametnog-telefona-za-bicikl\/#primaryimage","url":"https:\/\/bauweb.hr\/wp-content\/uploads\/2025\/04\/LRW1.jpg","contentUrl":"https:\/\/bauweb.hr\/wp-content\/uploads\/2025\/04\/LRW1.jpg","width":690,"height":690},{"@type":"BreadcrumbList","@id":"https:\/\/bauweb.hr\/index.php\/product\/drzac-pametnog-telefona-za-bicikl\/#breadcrumb","itemListElement":[{"@type":"ListItem","position":1,"name":"Po\u010detna stranica","item":"https:\/\/bauweb.hr\/"},{"@type":"ListItem","position":2,"name":"Shop","item":"https:\/\/bauweb.hr\/index.php\/shop-wooshop-v1\/"},{"@type":"ListItem","position":3,"name":"Dr\u017ea\u010d pametnog telefona za bicikl"}]},{"@type":"WebSite","@id":"https:\/\/bauweb.hr\/#website","url":"https:\/\/bauweb.hr\/","name":"BauWeb","description":"Za prave majstore","publisher":{"@id":"https:\/\/bauweb.hr\/#organization"},"alternateName":"BauWeb","potentialAction":[{"@type":"SearchAction","target":{"@type":"EntryPoint","urlTemplate":"https:\/\/bauweb.hr\/?s={search_term_string}"},"query-input":{"@type":"PropertyValueSpecification","valueRequired":true,"valueName":"search_term_string"}}],"inLanguage":"hr"},{"@type":"Organization","@id":"https:\/\/bauweb.hr\/#organization","name":"Hobi dom d.o.o.","url":"https:\/\/bauweb.hr\/","logo":{"@type":"ImageObject","inLanguage":"hr","@id":"https:\/\/bauweb.hr\/#\/schema\/logo\/image\/","url":"https:\/\/bauweb.hr\/wp-content\/uploads\/2023\/01\/Bauweb_logo-01.png","contentUrl":"https:\/\/bauweb.hr\/wp-content\/uploads\/2023\/01\/Bauweb_logo-01.png","width":842,"height":596,"caption":"Hobi dom d.o.o."},"image":{"@id":"https:\/\/bauweb.hr\/#\/schema\/logo\/image\/"},"sameAs":["https:\/\/facebook.com\/bauweb00","https:\/\/instagram.com\/bauweb_shop"]}]}},"_links":{"self":[{"href":"https:\/\/bauweb.hr\/index.php\/wp-json\/wp\/v2\/product\/25882","targetHints":{"allow":["GET"]}}],"collection":[{"href":"https:\/\/bauweb.hr\/index.php\/wp-json\/wp\/v2\/product"}],"about":[{"href":"https:\/\/bauweb.hr\/index.php\/wp-json\/wp\/v2\/types\/product"}],"replies":[{"embeddable":true,"href":"https:\/\/bauweb.hr\/index.php\/wp-json\/wp\/v2\/comments?post=25882"}],"wp:featuredmedia":[{"embeddable":true,"href":"https:\/\/bauweb.hr\/index.php\/wp-json\/wp\/v2\/media\/25883"}],"wp:attachment":[{"href":"https:\/\/bauweb.hr\/index.php\/wp-json\/wp\/v2\/media?parent=25882"}],"wp:term":[{"taxonomy":"product_brand","embeddable":true,"href":"https:\/\/bauweb.hr\/index.php\/wp-json\/wp\/v2\/product_brand?post=25882"},{"taxonomy":"product_cat","embeddable":true,"href":"https:\/\/bauweb.hr\/index.php\/wp-json\/wp\/v2\/product_cat?post=25882"},{"taxonomy":"product_tag","embeddable":true,"href":"https:\/\/bauweb.hr\/index.php\/wp-json\/wp\/v2\/product_tag?post=25882"}],"curies":[{"name":"wp","href":"https:\/\/api.w.org\/{rel}","templated":true}]}}