{"id":27673,"date":"2025-09-21T13:52:38","date_gmt":"2025-09-21T11:52:38","guid":{"rendered":"https:\/\/bauweb.hr\/?post_type=product&#038;p=27673"},"modified":"2025-11-01T10:23:33","modified_gmt":"2025-11-01T09:23:33","slug":"vakuumska-vodilica-za-busenje-rupa","status":"publish","type":"product","link":"https:\/\/bauweb.hr\/index.php\/product\/vakuumska-vodilica-za-busenje-rupa\/","title":{"rendered":"VAKUUMSKA VODILICA ZA BU\u0160ENJE RUPA"},"content":{"rendered":"<p>Ovaj vi\u0161enamjenski dr\u017ea\u010d s vakuumskom \u010da\u0161icom olak\u0161ava bu\u0161enje rupa pomo\u0107u kru\u017enih pila, kruna i svrdla u kerami\u010dkim plo\u010dicama, kamenini, plo\u010dicama, staklu i drugim materijalima. Plasti\u010dno tijelo i gumena vakuumska \u010da\u0161ica osiguravaju sigurno i pouzdano rukovanje. \u0160irok raspon primjene olak\u0161at \u0107e rad i profesionalcima i amaterima.<br \/>\nOpremljen s \u010detiri potpuno podesiva, neovisna le\u017eaja, ovaj ure\u0111aj dizajniran je za rukovanje kru\u017enim pilama u rasponu od 4 mm do 83 mm. Mjera\u010d je pri\u010dvr\u0161\u0107en izdr\u017eljivom vakuumskom \u010da\u0161icom, \u0161to vam omogu\u0107uje bu\u0161enje rupa \u010dak i na zidu koji je ve\u0107 zalijepljen.<\/p>\n<p>TEHNI\u010cKI PARAMETRI:<br \/>\nMaterijal: plastika, guma<br \/>\nVrsta stezanja: ekscentri\u010dna<br \/>\nBroj le\u017eajeva: 4<br \/>\nZa bu\u0161ilice i krune veli\u010dine od 4 do 83 mm<\/p>\n<p>KAKO KORISTITI VODILICU:<\/p>\n<p>1. POSTAVITE PILU ZA RUPE NA MJESTO BU\u0160ENJA<br \/>\n2. DODAJTE VODILICU KLIZANJEM VALJKI NA PILU ZA RUPE<br \/>\n3. ZATEGNITE VIJKE I SPOJITE BU\u0160ILICU ILI ODVIJA\u010c<br \/>\n4. POMO\u0106U RU\u010cICE PRITISNITE MJEROVATELJ NA PLO\u010cICU KAKO SE NE BI POMICAO<\/p>\n","protected":false},"excerpt":{"rendered":"<p>Ovaj vi\u0161enamjenski dr\u017ea\u010d s vakuumskom \u010da\u0161icom olak\u0161ava bu\u0161enje rupa pomo\u0107u kru\u017enih pila, kruna i svrdla u kerami\u010dkim plo\u010dicama, kamenini, plo\u010dicama, staklu i drugim materijalima. Plasti\u010dno tijelo i gumena vakuumska \u010da\u0161ica osiguravaju sigurno i pouzdano rukovanje.<\/p>\n<p>\u2714\ufe0f Platite gotovinom pri preuzimanju, Internet bankarstvom, karticama<\/p>\n<p>\u2714\ufe0f Povrat robe mogu\u0107 unutar 14 dana<\/p>\n<p>\u2714\ufe0f 100% sigurna kupovina<\/p>\n","protected":false},"featured_media":27680,"comment_status":"open","ping_status":"closed","template":"","meta":[],"product_brand":[445],"product_cat":[102,449],"product_tag":[],"class_list":{"0":"post-27673","1":"product","2":"type-product","3":"status-publish","4":"has-post-thumbnail","6":"product_brand-kraft-dele","7":"product_cat-keramicari","8":"product_cat-vakumi","10":"first","11":"instock","12":"shipping-taxable","13":"purchasable","14":"product-type-simple"},"yoast_head":"<!-- This site is optimized with the Yoast SEO plugin v27.2 - https:\/\/yoast.com\/product\/yoast-seo-wordpress\/ -->\n<title>VAKUUMSKA VODILICA ZA BU\u0160ENJE RUPA - BauWeb<\/title>\n<meta name=\"description\" content=\"Potra\u017eite \u0161iroki izbor alata i materijala za profesionalne gra\u0111evinske radove. Istra\u017ei Bauweb ponudu i kupuj uz odli\u010dne popuste.\" \/>\n<meta name=\"robots\" content=\"index, follow, max-snippet:-1, max-image-preview:large, max-video-preview:-1\" \/>\n<link rel=\"canonical\" href=\"https:\/\/bauweb.hr\/index.php\/product\/vakuumska-vodilica-za-busenje-rupa\/\" \/>\n<meta property=\"og:locale\" content=\"hr_HR\" \/>\n<meta property=\"og:type\" content=\"article\" \/>\n<meta property=\"og:title\" content=\"VAKUUMSKA VODILICA ZA BU\u0160ENJE RUPA - BauWeb\" \/>\n<meta property=\"og:description\" content=\"Potra\u017eite \u0161iroki izbor alata i materijala za profesionalne gra\u0111evinske radove. Istra\u017ei Bauweb ponudu i kupuj uz odli\u010dne popuste.\" \/>\n<meta property=\"og:url\" content=\"https:\/\/bauweb.hr\/index.php\/product\/vakuumska-vodilica-za-busenje-rupa\/\" \/>\n<meta property=\"og:site_name\" content=\"BauWeb\" \/>\n<meta property=\"article:publisher\" content=\"https:\/\/facebook.com\/bauweb00\" \/>\n<meta property=\"article:modified_time\" content=\"2025-11-01T09:23:33+00:00\" \/>\n<meta property=\"og:image\" content=\"https:\/\/bauweb.hr\/wp-content\/uploads\/2025\/09\/Dizajn-bez-naslova-26.png\" \/>\n\t<meta property=\"og:image:width\" content=\"690\" \/>\n\t<meta property=\"og:image:height\" content=\"690\" \/>\n\t<meta property=\"og:image:type\" content=\"image\/png\" \/>\n<meta name=\"twitter:card\" content=\"summary_large_image\" \/>\n<meta name=\"twitter:label1\" content=\"Procijenjeno vrijeme \u010ditanja\" \/>\n\t<meta name=\"twitter:data1\" content=\"2 minute\" \/>\n<script type=\"application\/ld+json\" class=\"yoast-schema-graph\">{\"@context\":\"https:\/\/schema.org\",\"@graph\":[{\"@type\":\"WebPage\",\"@id\":\"https:\/\/bauweb.hr\/index.php\/product\/vakuumska-vodilica-za-busenje-rupa\/\",\"url\":\"https:\/\/bauweb.hr\/index.php\/product\/vakuumska-vodilica-za-busenje-rupa\/\",\"name\":\"VAKUUMSKA VODILICA ZA BU\u0160ENJE RUPA - BauWeb\",\"isPartOf\":{\"@id\":\"https:\/\/bauweb.hr\/#website\"},\"primaryImageOfPage\":{\"@id\":\"https:\/\/bauweb.hr\/index.php\/product\/vakuumska-vodilica-za-busenje-rupa\/#primaryimage\"},\"image\":{\"@id\":\"https:\/\/bauweb.hr\/index.php\/product\/vakuumska-vodilica-za-busenje-rupa\/#primaryimage\"},\"thumbnailUrl\":\"https:\/\/bauweb.hr\/wp-content\/uploads\/2025\/09\/Dizajn-bez-naslova-26.png\",\"datePublished\":\"2025-09-21T11:52:38+00:00\",\"dateModified\":\"2025-11-01T09:23:33+00:00\",\"description\":\"Potra\u017eite \u0161iroki izbor alata i materijala za profesionalne gra\u0111evinske radove. Istra\u017ei Bauweb ponudu i kupuj uz odli\u010dne popuste.\",\"breadcrumb\":{\"@id\":\"https:\/\/bauweb.hr\/index.php\/product\/vakuumska-vodilica-za-busenje-rupa\/#breadcrumb\"},\"inLanguage\":\"hr\",\"potentialAction\":[{\"@type\":\"ReadAction\",\"target\":[\"https:\/\/bauweb.hr\/index.php\/product\/vakuumska-vodilica-za-busenje-rupa\/\"]}]},{\"@type\":\"ImageObject\",\"inLanguage\":\"hr\",\"@id\":\"https:\/\/bauweb.hr\/index.php\/product\/vakuumska-vodilica-za-busenje-rupa\/#primaryimage\",\"url\":\"https:\/\/bauweb.hr\/wp-content\/uploads\/2025\/09\/Dizajn-bez-naslova-26.png\",\"contentUrl\":\"https:\/\/bauweb.hr\/wp-content\/uploads\/2025\/09\/Dizajn-bez-naslova-26.png\",\"width\":690,\"height\":690},{\"@type\":\"BreadcrumbList\",\"@id\":\"https:\/\/bauweb.hr\/index.php\/product\/vakuumska-vodilica-za-busenje-rupa\/#breadcrumb\",\"itemListElement\":[{\"@type\":\"ListItem\",\"position\":1,\"name\":\"Po\u010detna stranica\",\"item\":\"https:\/\/bauweb.hr\/\"},{\"@type\":\"ListItem\",\"position\":2,\"name\":\"Shop\",\"item\":\"https:\/\/bauweb.hr\/index.php\/shop-wooshop-v1\/\"},{\"@type\":\"ListItem\",\"position\":3,\"name\":\"VAKUUMSKA VODILICA ZA BU\u0160ENJE RUPA\"}]},{\"@type\":\"WebSite\",\"@id\":\"https:\/\/bauweb.hr\/#website\",\"url\":\"https:\/\/bauweb.hr\/\",\"name\":\"BauWeb\",\"description\":\"Za prave majstore\",\"publisher\":{\"@id\":\"https:\/\/bauweb.hr\/#organization\"},\"alternateName\":\"BauWeb\",\"potentialAction\":[{\"@type\":\"SearchAction\",\"target\":{\"@type\":\"EntryPoint\",\"urlTemplate\":\"https:\/\/bauweb.hr\/?s={search_term_string}\"},\"query-input\":{\"@type\":\"PropertyValueSpecification\",\"valueRequired\":true,\"valueName\":\"search_term_string\"}}],\"inLanguage\":\"hr\"},{\"@type\":\"Organization\",\"@id\":\"https:\/\/bauweb.hr\/#organization\",\"name\":\"Hobi dom d.o.o.\",\"url\":\"https:\/\/bauweb.hr\/\",\"logo\":{\"@type\":\"ImageObject\",\"inLanguage\":\"hr\",\"@id\":\"https:\/\/bauweb.hr\/#\/schema\/logo\/image\/\",\"url\":\"https:\/\/bauweb.hr\/wp-content\/uploads\/2023\/01\/Bauweb_logo-01.png\",\"contentUrl\":\"https:\/\/bauweb.hr\/wp-content\/uploads\/2023\/01\/Bauweb_logo-01.png\",\"width\":842,\"height\":596,\"caption\":\"Hobi dom d.o.o.\"},\"image\":{\"@id\":\"https:\/\/bauweb.hr\/#\/schema\/logo\/image\/\"},\"sameAs\":[\"https:\/\/facebook.com\/bauweb00\",\"https:\/\/instagram.com\/bauweb_shop\"]}]}<\/script>\n<!-- \/ Yoast SEO plugin. -->","yoast_head_json":{"title":"VAKUUMSKA VODILICA ZA BU\u0160ENJE RUPA - BauWeb","description":"Potra\u017eite \u0161iroki izbor alata i materijala za profesionalne gra\u0111evinske radove. Istra\u017ei Bauweb ponudu i kupuj uz odli\u010dne popuste.","robots":{"index":"index","follow":"follow","max-snippet":"max-snippet:-1","max-image-preview":"max-image-preview:large","max-video-preview":"max-video-preview:-1"},"canonical":"https:\/\/bauweb.hr\/index.php\/product\/vakuumska-vodilica-za-busenje-rupa\/","og_locale":"hr_HR","og_type":"article","og_title":"VAKUUMSKA VODILICA ZA BU\u0160ENJE RUPA - BauWeb","og_description":"Potra\u017eite \u0161iroki izbor alata i materijala za profesionalne gra\u0111evinske radove. Istra\u017ei Bauweb ponudu i kupuj uz odli\u010dne popuste.","og_url":"https:\/\/bauweb.hr\/index.php\/product\/vakuumska-vodilica-za-busenje-rupa\/","og_site_name":"BauWeb","article_publisher":"https:\/\/facebook.com\/bauweb00","article_modified_time":"2025-11-01T09:23:33+00:00","og_image":[{"width":690,"height":690,"url":"https:\/\/bauweb.hr\/wp-content\/uploads\/2025\/09\/Dizajn-bez-naslova-26.png","type":"image\/png"}],"twitter_card":"summary_large_image","twitter_misc":{"Procijenjeno vrijeme \u010ditanja":"2 minute"},"schema":{"@context":"https:\/\/schema.org","@graph":[{"@type":"WebPage","@id":"https:\/\/bauweb.hr\/index.php\/product\/vakuumska-vodilica-za-busenje-rupa\/","url":"https:\/\/bauweb.hr\/index.php\/product\/vakuumska-vodilica-za-busenje-rupa\/","name":"VAKUUMSKA VODILICA ZA BU\u0160ENJE RUPA - BauWeb","isPartOf":{"@id":"https:\/\/bauweb.hr\/#website"},"primaryImageOfPage":{"@id":"https:\/\/bauweb.hr\/index.php\/product\/vakuumska-vodilica-za-busenje-rupa\/#primaryimage"},"image":{"@id":"https:\/\/bauweb.hr\/index.php\/product\/vakuumska-vodilica-za-busenje-rupa\/#primaryimage"},"thumbnailUrl":"https:\/\/bauweb.hr\/wp-content\/uploads\/2025\/09\/Dizajn-bez-naslova-26.png","datePublished":"2025-09-21T11:52:38+00:00","dateModified":"2025-11-01T09:23:33+00:00","description":"Potra\u017eite \u0161iroki izbor alata i materijala za profesionalne gra\u0111evinske radove. Istra\u017ei Bauweb ponudu i kupuj uz odli\u010dne popuste.","breadcrumb":{"@id":"https:\/\/bauweb.hr\/index.php\/product\/vakuumska-vodilica-za-busenje-rupa\/#breadcrumb"},"inLanguage":"hr","potentialAction":[{"@type":"ReadAction","target":["https:\/\/bauweb.hr\/index.php\/product\/vakuumska-vodilica-za-busenje-rupa\/"]}]},{"@type":"ImageObject","inLanguage":"hr","@id":"https:\/\/bauweb.hr\/index.php\/product\/vakuumska-vodilica-za-busenje-rupa\/#primaryimage","url":"https:\/\/bauweb.hr\/wp-content\/uploads\/2025\/09\/Dizajn-bez-naslova-26.png","contentUrl":"https:\/\/bauweb.hr\/wp-content\/uploads\/2025\/09\/Dizajn-bez-naslova-26.png","width":690,"height":690},{"@type":"BreadcrumbList","@id":"https:\/\/bauweb.hr\/index.php\/product\/vakuumska-vodilica-za-busenje-rupa\/#breadcrumb","itemListElement":[{"@type":"ListItem","position":1,"name":"Po\u010detna stranica","item":"https:\/\/bauweb.hr\/"},{"@type":"ListItem","position":2,"name":"Shop","item":"https:\/\/bauweb.hr\/index.php\/shop-wooshop-v1\/"},{"@type":"ListItem","position":3,"name":"VAKUUMSKA VODILICA ZA BU\u0160ENJE RUPA"}]},{"@type":"WebSite","@id":"https:\/\/bauweb.hr\/#website","url":"https:\/\/bauweb.hr\/","name":"BauWeb","description":"Za prave majstore","publisher":{"@id":"https:\/\/bauweb.hr\/#organization"},"alternateName":"BauWeb","potentialAction":[{"@type":"SearchAction","target":{"@type":"EntryPoint","urlTemplate":"https:\/\/bauweb.hr\/?s={search_term_string}"},"query-input":{"@type":"PropertyValueSpecification","valueRequired":true,"valueName":"search_term_string"}}],"inLanguage":"hr"},{"@type":"Organization","@id":"https:\/\/bauweb.hr\/#organization","name":"Hobi dom d.o.o.","url":"https:\/\/bauweb.hr\/","logo":{"@type":"ImageObject","inLanguage":"hr","@id":"https:\/\/bauweb.hr\/#\/schema\/logo\/image\/","url":"https:\/\/bauweb.hr\/wp-content\/uploads\/2023\/01\/Bauweb_logo-01.png","contentUrl":"https:\/\/bauweb.hr\/wp-content\/uploads\/2023\/01\/Bauweb_logo-01.png","width":842,"height":596,"caption":"Hobi dom d.o.o."},"image":{"@id":"https:\/\/bauweb.hr\/#\/schema\/logo\/image\/"},"sameAs":["https:\/\/facebook.com\/bauweb00","https:\/\/instagram.com\/bauweb_shop"]}]}},"_links":{"self":[{"href":"https:\/\/bauweb.hr\/index.php\/wp-json\/wp\/v2\/product\/27673","targetHints":{"allow":["GET"]}}],"collection":[{"href":"https:\/\/bauweb.hr\/index.php\/wp-json\/wp\/v2\/product"}],"about":[{"href":"https:\/\/bauweb.hr\/index.php\/wp-json\/wp\/v2\/types\/product"}],"replies":[{"embeddable":true,"href":"https:\/\/bauweb.hr\/index.php\/wp-json\/wp\/v2\/comments?post=27673"}],"wp:featuredmedia":[{"embeddable":true,"href":"https:\/\/bauweb.hr\/index.php\/wp-json\/wp\/v2\/media\/27680"}],"wp:attachment":[{"href":"https:\/\/bauweb.hr\/index.php\/wp-json\/wp\/v2\/media?parent=27673"}],"wp:term":[{"taxonomy":"product_brand","embeddable":true,"href":"https:\/\/bauweb.hr\/index.php\/wp-json\/wp\/v2\/product_brand?post=27673"},{"taxonomy":"product_cat","embeddable":true,"href":"https:\/\/bauweb.hr\/index.php\/wp-json\/wp\/v2\/product_cat?post=27673"},{"taxonomy":"product_tag","embeddable":true,"href":"https:\/\/bauweb.hr\/index.php\/wp-json\/wp\/v2\/product_tag?post=27673"}],"curies":[{"name":"wp","href":"https:\/\/api.w.org\/{rel}","templated":true}]}}