{"id":29250,"date":"2026-04-22T10:56:11","date_gmt":"2026-04-22T08:56:11","guid":{"rendered":"https:\/\/bauweb.hr\/?post_type=product&#038;p=29250"},"modified":"2026-04-22T10:56:11","modified_gmt":"2026-04-22T08:56:11","slug":"traka-strend-pro-19-mm-d-5-mobostranoljepljiva-akrilna","status":"publish","type":"product","link":"https:\/\/bauweb.hr\/index.php\/product\/traka-strend-pro-19-mm-d-5-mobostranoljepljiva-akrilna\/","title":{"rendered":"Traka Strend Pro, 19 mm, D-5 m,obostranoljepljiva, akrilna"},"content":{"rendered":"<p><strong><span dir=\"auto\">Strend Pro dvostrana akrilna monta\u017ena traka<\/span><\/strong><\/p>\n<p><span dir=\"auto\">Strend Pro dvostrano ljepljiva traka idealno je rje\u0161enje za \u010dvrsto i pouzdano pri\u010dvr\u0161\u0107ivanje predmeta u domu, uredu ili radionici. Zahvaljuju\u0107i akrilnoj tehnologiji i prozirnom dizajnu, neupadljiva je i estetski prikladna za razne primjene.<\/span><\/p>\n<p><strong><span dir=\"auto\">Zna\u010dajke i upotreba:<\/span><\/strong><\/p>\n<ul>\n<li><strong><span dir=\"auto\">Dimenzije:<\/span><\/strong><span dir=\"auto\">\u00a0\u0160irina 19 mm, duljina 5 m.<\/span><\/li>\n<li><strong><span dir=\"auto\">Sna\u017eno lijepljenje:<\/span><\/strong><span dir=\"auto\">\u00a0Akrilno ljepilo osigurava iznimnu \u010dvrsto\u0107u i trajnost spoja.<\/span><\/li>\n<li><strong><span dir=\"auto\">Prozirni dizajn:<\/span><\/strong><span dir=\"auto\">\u00a0Nenametljiv izgled pogodan za razne povr\u0161ine i materijale.<\/span><\/li>\n<li><strong><span dir=\"auto\">Monta\u017ena traka:<\/span><\/strong><span dir=\"auto\">\u00a0Pogodna za pri\u010dvr\u0161\u0107ivanje ukrasa, kuka, znakova, ogledala i drugih predmeta.<\/span><\/li>\n<li><strong><span dir=\"auto\">Nosivost:<\/span><\/strong><span dir=\"auto\">\u00a015-20 kg<\/span><\/li>\n<li><strong><span dir=\"auto\">Univerzalna upotreba:<\/span><\/strong><span dir=\"auto\">\u00a0Pogodno za staklo, plastiku, metal, keramiku i druge glatke povr\u0161ine.<\/span><\/li>\n<\/ul>\n<p><strong><span dir=\"auto\">Strend Pro<\/span><\/strong><span dir=\"auto\">\u00a0traka\u00a0je jednostavno i u\u010dinkovito rje\u0161enje za brzu ugradnju i dekorativnu zavr\u0161nu obradu, osiguravaju\u0107i \u010dvrsto lijepljenje i \u010dist izgled.<\/span><\/p>\n","protected":false},"excerpt":{"rendered":"<p><span dir=\"auto\">Strend Pro dvostrano ljepljiva traka idealno je rje\u0161enje za \u010dvrsto i pouzdano pri\u010dvr\u0161\u0107ivanje predmeta u domu, uredu ili radionici.<\/span><\/p>\n","protected":false},"featured_media":29253,"comment_status":"open","ping_status":"closed","template":"","meta":[],"product_brand":[],"product_cat":[154,438,104],"product_tag":[],"class_list":{"0":"post-29250","1":"product","2":"type-product","3":"status-publish","4":"has-post-thumbnail","6":"product_cat-dekorativne-tehnike","7":"product_cat-dom-i-vrt","8":"product_cat-soboslikari","10":"first","11":"instock","12":"shipping-taxable","13":"purchasable","14":"product-type-simple"},"yoast_head":"<!-- This site is optimized with the Yoast SEO plugin v27.2 - https:\/\/yoast.com\/product\/yoast-seo-wordpress\/ -->\n<title>Traka Strend Pro, 19 mm, D-5 m,obostranoljepljiva, akrilna - BauWeb<\/title>\n<meta name=\"description\" content=\"Potra\u017eite \u0161iroki izbor alata i materijala za profesionalne gra\u0111evinske radove. Istra\u017ei Bauweb ponudu i kupuj uz odli\u010dne popuste.\" \/>\n<meta name=\"robots\" content=\"index, follow, max-snippet:-1, max-image-preview:large, max-video-preview:-1\" \/>\n<link rel=\"canonical\" href=\"https:\/\/bauweb.hr\/index.php\/product\/traka-strend-pro-19-mm-d-5-mobostranoljepljiva-akrilna\/\" \/>\n<meta property=\"og:locale\" content=\"hr_HR\" \/>\n<meta property=\"og:type\" content=\"article\" \/>\n<meta property=\"og:title\" content=\"Traka Strend Pro, 19 mm, D-5 m,obostranoljepljiva, akrilna - BauWeb\" \/>\n<meta property=\"og:description\" content=\"Potra\u017eite \u0161iroki izbor alata i materijala za profesionalne gra\u0111evinske radove. Istra\u017ei Bauweb ponudu i kupuj uz odli\u010dne popuste.\" \/>\n<meta property=\"og:url\" content=\"https:\/\/bauweb.hr\/index.php\/product\/traka-strend-pro-19-mm-d-5-mobostranoljepljiva-akrilna\/\" \/>\n<meta property=\"og:site_name\" content=\"BauWeb\" \/>\n<meta property=\"article:publisher\" content=\"https:\/\/facebook.com\/bauweb00\" \/>\n<meta property=\"og:image\" content=\"https:\/\/bauweb.hr\/wp-content\/uploads\/2026\/04\/Dizajn-bez-naslova-2026-04-22T104831.190.png\" \/>\n\t<meta property=\"og:image:width\" content=\"690\" \/>\n\t<meta property=\"og:image:height\" content=\"690\" \/>\n\t<meta property=\"og:image:type\" content=\"image\/png\" \/>\n<meta name=\"twitter:card\" content=\"summary_large_image\" \/>\n<meta name=\"twitter:label1\" content=\"Procijenjeno vrijeme \u010ditanja\" \/>\n\t<meta name=\"twitter:data1\" content=\"1 minuta\" \/>\n<script type=\"application\/ld+json\" class=\"yoast-schema-graph\">{\"@context\":\"https:\/\/schema.org\",\"@graph\":[{\"@type\":\"WebPage\",\"@id\":\"https:\/\/bauweb.hr\/index.php\/product\/traka-strend-pro-19-mm-d-5-mobostranoljepljiva-akrilna\/\",\"url\":\"https:\/\/bauweb.hr\/index.php\/product\/traka-strend-pro-19-mm-d-5-mobostranoljepljiva-akrilna\/\",\"name\":\"Traka Strend Pro, 19 mm, D-5 m,obostranoljepljiva, akrilna - BauWeb\",\"isPartOf\":{\"@id\":\"https:\/\/bauweb.hr\/#website\"},\"primaryImageOfPage\":{\"@id\":\"https:\/\/bauweb.hr\/index.php\/product\/traka-strend-pro-19-mm-d-5-mobostranoljepljiva-akrilna\/#primaryimage\"},\"image\":{\"@id\":\"https:\/\/bauweb.hr\/index.php\/product\/traka-strend-pro-19-mm-d-5-mobostranoljepljiva-akrilna\/#primaryimage\"},\"thumbnailUrl\":\"https:\/\/bauweb.hr\/wp-content\/uploads\/2026\/04\/Dizajn-bez-naslova-2026-04-22T104831.190.png\",\"datePublished\":\"2026-04-22T08:56:11+00:00\",\"description\":\"Potra\u017eite \u0161iroki izbor alata i materijala za profesionalne gra\u0111evinske radove. Istra\u017ei Bauweb ponudu i kupuj uz odli\u010dne popuste.\",\"breadcrumb\":{\"@id\":\"https:\/\/bauweb.hr\/index.php\/product\/traka-strend-pro-19-mm-d-5-mobostranoljepljiva-akrilna\/#breadcrumb\"},\"inLanguage\":\"hr\",\"potentialAction\":[{\"@type\":\"ReadAction\",\"target\":[\"https:\/\/bauweb.hr\/index.php\/product\/traka-strend-pro-19-mm-d-5-mobostranoljepljiva-akrilna\/\"]}]},{\"@type\":\"ImageObject\",\"inLanguage\":\"hr\",\"@id\":\"https:\/\/bauweb.hr\/index.php\/product\/traka-strend-pro-19-mm-d-5-mobostranoljepljiva-akrilna\/#primaryimage\",\"url\":\"https:\/\/bauweb.hr\/wp-content\/uploads\/2026\/04\/Dizajn-bez-naslova-2026-04-22T104831.190.png\",\"contentUrl\":\"https:\/\/bauweb.hr\/wp-content\/uploads\/2026\/04\/Dizajn-bez-naslova-2026-04-22T104831.190.png\",\"width\":690,\"height\":690},{\"@type\":\"BreadcrumbList\",\"@id\":\"https:\/\/bauweb.hr\/index.php\/product\/traka-strend-pro-19-mm-d-5-mobostranoljepljiva-akrilna\/#breadcrumb\",\"itemListElement\":[{\"@type\":\"ListItem\",\"position\":1,\"name\":\"Po\u010detna stranica\",\"item\":\"https:\/\/bauweb.hr\/\"},{\"@type\":\"ListItem\",\"position\":2,\"name\":\"Shop\",\"item\":\"https:\/\/bauweb.hr\/index.php\/shop-wooshop-v1\/\"},{\"@type\":\"ListItem\",\"position\":3,\"name\":\"Traka Strend Pro, 19 mm, D-5 m,obostranoljepljiva, akrilna\"}]},{\"@type\":\"WebSite\",\"@id\":\"https:\/\/bauweb.hr\/#website\",\"url\":\"https:\/\/bauweb.hr\/\",\"name\":\"BauWeb\",\"description\":\"Za prave majstore\",\"publisher\":{\"@id\":\"https:\/\/bauweb.hr\/#organization\"},\"alternateName\":\"BauWeb\",\"potentialAction\":[{\"@type\":\"SearchAction\",\"target\":{\"@type\":\"EntryPoint\",\"urlTemplate\":\"https:\/\/bauweb.hr\/?s={search_term_string}\"},\"query-input\":{\"@type\":\"PropertyValueSpecification\",\"valueRequired\":true,\"valueName\":\"search_term_string\"}}],\"inLanguage\":\"hr\"},{\"@type\":\"Organization\",\"@id\":\"https:\/\/bauweb.hr\/#organization\",\"name\":\"Hobi dom d.o.o.\",\"url\":\"https:\/\/bauweb.hr\/\",\"logo\":{\"@type\":\"ImageObject\",\"inLanguage\":\"hr\",\"@id\":\"https:\/\/bauweb.hr\/#\/schema\/logo\/image\/\",\"url\":\"https:\/\/bauweb.hr\/wp-content\/uploads\/2023\/01\/Bauweb_logo-01.png\",\"contentUrl\":\"https:\/\/bauweb.hr\/wp-content\/uploads\/2023\/01\/Bauweb_logo-01.png\",\"width\":842,\"height\":596,\"caption\":\"Hobi dom d.o.o.\"},\"image\":{\"@id\":\"https:\/\/bauweb.hr\/#\/schema\/logo\/image\/\"},\"sameAs\":[\"https:\/\/facebook.com\/bauweb00\",\"https:\/\/instagram.com\/bauweb_shop\"]}]}<\/script>\n<!-- \/ Yoast SEO plugin. -->","yoast_head_json":{"title":"Traka Strend Pro, 19 mm, D-5 m,obostranoljepljiva, akrilna - BauWeb","description":"Potra\u017eite \u0161iroki izbor alata i materijala za profesionalne gra\u0111evinske radove. Istra\u017ei Bauweb ponudu i kupuj uz odli\u010dne popuste.","robots":{"index":"index","follow":"follow","max-snippet":"max-snippet:-1","max-image-preview":"max-image-preview:large","max-video-preview":"max-video-preview:-1"},"canonical":"https:\/\/bauweb.hr\/index.php\/product\/traka-strend-pro-19-mm-d-5-mobostranoljepljiva-akrilna\/","og_locale":"hr_HR","og_type":"article","og_title":"Traka Strend Pro, 19 mm, D-5 m,obostranoljepljiva, akrilna - BauWeb","og_description":"Potra\u017eite \u0161iroki izbor alata i materijala za profesionalne gra\u0111evinske radove. Istra\u017ei Bauweb ponudu i kupuj uz odli\u010dne popuste.","og_url":"https:\/\/bauweb.hr\/index.php\/product\/traka-strend-pro-19-mm-d-5-mobostranoljepljiva-akrilna\/","og_site_name":"BauWeb","article_publisher":"https:\/\/facebook.com\/bauweb00","og_image":[{"width":690,"height":690,"url":"https:\/\/bauweb.hr\/wp-content\/uploads\/2026\/04\/Dizajn-bez-naslova-2026-04-22T104831.190.png","type":"image\/png"}],"twitter_card":"summary_large_image","twitter_misc":{"Procijenjeno vrijeme \u010ditanja":"1 minuta"},"schema":{"@context":"https:\/\/schema.org","@graph":[{"@type":"WebPage","@id":"https:\/\/bauweb.hr\/index.php\/product\/traka-strend-pro-19-mm-d-5-mobostranoljepljiva-akrilna\/","url":"https:\/\/bauweb.hr\/index.php\/product\/traka-strend-pro-19-mm-d-5-mobostranoljepljiva-akrilna\/","name":"Traka Strend Pro, 19 mm, D-5 m,obostranoljepljiva, akrilna - BauWeb","isPartOf":{"@id":"https:\/\/bauweb.hr\/#website"},"primaryImageOfPage":{"@id":"https:\/\/bauweb.hr\/index.php\/product\/traka-strend-pro-19-mm-d-5-mobostranoljepljiva-akrilna\/#primaryimage"},"image":{"@id":"https:\/\/bauweb.hr\/index.php\/product\/traka-strend-pro-19-mm-d-5-mobostranoljepljiva-akrilna\/#primaryimage"},"thumbnailUrl":"https:\/\/bauweb.hr\/wp-content\/uploads\/2026\/04\/Dizajn-bez-naslova-2026-04-22T104831.190.png","datePublished":"2026-04-22T08:56:11+00:00","description":"Potra\u017eite \u0161iroki izbor alata i materijala za profesionalne gra\u0111evinske radove. Istra\u017ei Bauweb ponudu i kupuj uz odli\u010dne popuste.","breadcrumb":{"@id":"https:\/\/bauweb.hr\/index.php\/product\/traka-strend-pro-19-mm-d-5-mobostranoljepljiva-akrilna\/#breadcrumb"},"inLanguage":"hr","potentialAction":[{"@type":"ReadAction","target":["https:\/\/bauweb.hr\/index.php\/product\/traka-strend-pro-19-mm-d-5-mobostranoljepljiva-akrilna\/"]}]},{"@type":"ImageObject","inLanguage":"hr","@id":"https:\/\/bauweb.hr\/index.php\/product\/traka-strend-pro-19-mm-d-5-mobostranoljepljiva-akrilna\/#primaryimage","url":"https:\/\/bauweb.hr\/wp-content\/uploads\/2026\/04\/Dizajn-bez-naslova-2026-04-22T104831.190.png","contentUrl":"https:\/\/bauweb.hr\/wp-content\/uploads\/2026\/04\/Dizajn-bez-naslova-2026-04-22T104831.190.png","width":690,"height":690},{"@type":"BreadcrumbList","@id":"https:\/\/bauweb.hr\/index.php\/product\/traka-strend-pro-19-mm-d-5-mobostranoljepljiva-akrilna\/#breadcrumb","itemListElement":[{"@type":"ListItem","position":1,"name":"Po\u010detna stranica","item":"https:\/\/bauweb.hr\/"},{"@type":"ListItem","position":2,"name":"Shop","item":"https:\/\/bauweb.hr\/index.php\/shop-wooshop-v1\/"},{"@type":"ListItem","position":3,"name":"Traka Strend Pro, 19 mm, D-5 m,obostranoljepljiva, akrilna"}]},{"@type":"WebSite","@id":"https:\/\/bauweb.hr\/#website","url":"https:\/\/bauweb.hr\/","name":"BauWeb","description":"Za prave majstore","publisher":{"@id":"https:\/\/bauweb.hr\/#organization"},"alternateName":"BauWeb","potentialAction":[{"@type":"SearchAction","target":{"@type":"EntryPoint","urlTemplate":"https:\/\/bauweb.hr\/?s={search_term_string}"},"query-input":{"@type":"PropertyValueSpecification","valueRequired":true,"valueName":"search_term_string"}}],"inLanguage":"hr"},{"@type":"Organization","@id":"https:\/\/bauweb.hr\/#organization","name":"Hobi dom d.o.o.","url":"https:\/\/bauweb.hr\/","logo":{"@type":"ImageObject","inLanguage":"hr","@id":"https:\/\/bauweb.hr\/#\/schema\/logo\/image\/","url":"https:\/\/bauweb.hr\/wp-content\/uploads\/2023\/01\/Bauweb_logo-01.png","contentUrl":"https:\/\/bauweb.hr\/wp-content\/uploads\/2023\/01\/Bauweb_logo-01.png","width":842,"height":596,"caption":"Hobi dom d.o.o."},"image":{"@id":"https:\/\/bauweb.hr\/#\/schema\/logo\/image\/"},"sameAs":["https:\/\/facebook.com\/bauweb00","https:\/\/instagram.com\/bauweb_shop"]}]}},"_links":{"self":[{"href":"https:\/\/bauweb.hr\/index.php\/wp-json\/wp\/v2\/product\/29250","targetHints":{"allow":["GET"]}}],"collection":[{"href":"https:\/\/bauweb.hr\/index.php\/wp-json\/wp\/v2\/product"}],"about":[{"href":"https:\/\/bauweb.hr\/index.php\/wp-json\/wp\/v2\/types\/product"}],"replies":[{"embeddable":true,"href":"https:\/\/bauweb.hr\/index.php\/wp-json\/wp\/v2\/comments?post=29250"}],"wp:featuredmedia":[{"embeddable":true,"href":"https:\/\/bauweb.hr\/index.php\/wp-json\/wp\/v2\/media\/29253"}],"wp:attachment":[{"href":"https:\/\/bauweb.hr\/index.php\/wp-json\/wp\/v2\/media?parent=29250"}],"wp:term":[{"taxonomy":"product_brand","embeddable":true,"href":"https:\/\/bauweb.hr\/index.php\/wp-json\/wp\/v2\/product_brand?post=29250"},{"taxonomy":"product_cat","embeddable":true,"href":"https:\/\/bauweb.hr\/index.php\/wp-json\/wp\/v2\/product_cat?post=29250"},{"taxonomy":"product_tag","embeddable":true,"href":"https:\/\/bauweb.hr\/index.php\/wp-json\/wp\/v2\/product_tag?post=29250"}],"curies":[{"name":"wp","href":"https:\/\/api.w.org\/{rel}","templated":true}]}}